{"id":14661,"date":"2025-07-15T13:09:13","date_gmt":"2025-07-15T11:09:13","guid":{"rendered":"https:\/\/uj.adatbank.ro\/lexikon\/termek\/marki-zoltan\/"},"modified":"2025-07-15T13:09:13","modified_gmt":"2025-07-15T11:09:13","slug":"marki-zoltan","status":"publish","type":"product","link":"https:\/\/uj.adatbank.ro\/lexikon\/termek\/marki-zoltan\/","title":{"rendered":"M\u00c1RKI Zolt\u00e1n"},"content":{"rendered":"<p>Temesv\u00e1r, 1828. m\u00e1j. 22., \u2020 ? : k\u00f6lt\u00f3, szerkeszt\u0151. \u2013 K\u00f6z\u00e9piskol\u00e1t a nagyenyedi Bethlen Koll\u00e9giumban v\u00e9gzett (1947), a Bolyai Tudom\u00e1nyegyetem filol\u00f3giai kar\u00e1n magyar-francia szakos tan\u00e1ri diplom\u00e1t szerzett (1951). Szerkeszt\u0151i p\u00e1ly\u00e1ra l\u00e9pett: az Igazs\u00e1g (1948), Utunk (1948\u201360), Igaz Sz\u00f3 (1960\u201362) bels\u0151 munkat\u00e1rsa, a vers-rovat szerkeszt\u0151je; a mv.-i Pedag\u00f3giai F\u0151iskola lektora (1962\u201366). \u00dajra az Utunkn\u00e1l dolgozik (1966\u201371), A H\u00e9t f\u0151szerkeszt\u0151-helyettese (1973\u201375), az \u00c1llami M. Opera igazgat\u00f3ja Kv.-on (1978\u201381), az El\u0151re szerkeszt\u0151je nyugalomba vonul\u00e1s\u00e1ig (1981\u201388). M\u00e1r k\u00f6z\u00e9piskol\u00e1s kor\u00e1ban jelentkezik els\u0151 \u00edr\u00e1saival a Gaudeamus di\u00e1klapban \u00e9s a temesv\u00e1ri Szabad Sz\u00f3ban (1946), majd egyetemi hallgat\u00f3k\u00e9nt az Utunkban (1948). \u2013 F.m. : H\u0171s\u00e9g (versek, Buk., 1954); A tenger\u00e9sz \u00e9s a hal\u00e1l (versek, Buk., 1960); A dobrudzsai dervis (versek, Buk., 1963); A tavasz nem hasonl\u00edt semmihez (reg\u00e9ny, Buk., 1965); Napszakok \u00e9hs\u00e9ge (versek, Buk., 1969); A l\u00e1thatatlan keszty\u0171 (versek, Kv. 1970); A megsebzett harangj\u00e1t\u00e9k (\u00f6tven vers, Buk., 1972); Minden egyszerre kezd\u0151d\u00f6tt (versek \u00e9s \u00e1tmenetek, Buk., 1976); A kertben szerda van (versek, Buk., 1981); <strong>antol\u00f3g.:<\/strong> \u00d6tven vers (Buk., 1950); <strong>ford.:<\/strong> Brad, Ion: Feh\u00e9r vad\u00e1szat (fod. Bodor P\u00e1l, Cs\u00edki L\u00e1szl\u00f3; Buk., 1971). <br \/><strong>Irod.:<\/strong> RMIL<\/br><\/p>\n","protected":false},"excerpt":{"rendered":"<p>Temesv\u00e1r, 1828. m\u00e1j. 22., \u2020 ? : k\u00f6lt\u00f3, szerkeszt\u0151. \u2013 K\u00f6z\u00e9piskol\u00e1t a nagyenyedi Bethlen Koll\u00e9giumban v\u00e9gzett (1947), a Bolyai Tudom\u00e1nyegyetem filol\u00f3giai kar\u00e1n magyar-francia szakos tan\u00e1ri diplom\u00e1t szerzett (1951). Szerkeszt\u0151i p\u00e1ly\u00e1ra l\u00e9pett: az Igazs\u00e1g (1948), Utunk (1948\u201360), Igaz Sz\u00f3 (1960\u201362) bels\u0151 munkat\u00e1rsa, a vers-rovat szerkeszt\u0151je; a mv.-i Pedag\u00f3giai F\u0151iskola lektora (1962\u201366). \u00dajra az Utunkn\u00e1l dolgozik (1966\u201371), [&hellip;]<\/p>\n","protected":false},"featured_media":0,"comment_status":"open","ping_status":"closed","template":"","meta":[],"product_brand":[],"product_cat":[137],"product_tag":[],"class_list":{"0":"post-14661","1":"product","2":"type-product","3":"status-publish","5":"product_cat-maros-megyei-eletrajzi-lexikon","7":"first","8":"instock","9":"shipping-taxable","10":"product-type-simple"},"_links":{"self":[{"href":"https:\/\/uj.adatbank.ro\/lexikon\/wp-json\/wp\/v2\/product\/14661","targetHints":{"allow":["GET"]}}],"collection":[{"href":"https:\/\/uj.adatbank.ro\/lexikon\/wp-json\/wp\/v2\/product"}],"about":[{"href":"https:\/\/uj.adatbank.ro\/lexikon\/wp-json\/wp\/v2\/types\/product"}],"replies":[{"embeddable":true,"href":"https:\/\/uj.adatbank.ro\/lexikon\/wp-json\/wp\/v2\/comments?post=14661"}],"wp:attachment":[{"href":"https:\/\/uj.adatbank.ro\/lexikon\/wp-json\/wp\/v2\/media?parent=14661"}],"wp:term":[{"taxonomy":"product_brand","embeddable":true,"href":"https:\/\/uj.adatbank.ro\/lexikon\/wp-json\/wp\/v2\/product_brand?post=14661"},{"taxonomy":"product_cat","embeddable":true,"href":"https:\/\/uj.adatbank.ro\/lexikon\/wp-json\/wp\/v2\/product_cat?post=14661"},{"taxonomy":"product_tag","embeddable":true,"href":"https:\/\/uj.adatbank.ro\/lexikon\/wp-json\/wp\/v2\/product_tag?post=14661"}],"curies":[{"name":"wp","href":"https:\/\/api.w.org\/{rel}","templated":true}]}}

MÁRKI Zoltán

<p>Temesvár, 1828. máj. 22., † ? : költó, szerkesztő. – Középiskolát a nagyenyedi Bethlen Kollégiumban végzett (1947), a Bolyai Tudományegyetem filológiai karán magyar-francia szakos tanári diplomát szerzett (1951). Szerkesztői pályára lépett: az Igazság (1948), Utunk (1948–60), Igaz Szó (1960–62) belső munkatársa, a vers-rovat szerkesztője; a mv.-i Pedagógiai Főiskola lektora (1962–66). Újra az Utunknál dolgozik (1966–71), A Hét főszerkesztő-helyettese (1973–75), az Állami M. Opera igazgatója Kv.-on (1978–81), az Előre szerkesztője nyugalomba vonulásáig (1981–88). Már középiskolás korában jelentkezik első írásaival a Gaudeamus diáklapban és a temesvári Szabad Szóban (1946), majd egyetemi hallgatóként az Utunkban (1948). – F.m. : Hűség (versek, Buk., 1954); A tengerész és a halál (versek, Buk., 1960); A dobrudzsai dervis (versek, Buk., 1963); A tavasz nem hasonlít semmihez (regény, Buk., 1965); Napszakok éhsége (versek, Buk., 1969); A láthatatlan kesztyű (versek, Kv. 1970); A megsebzett harangjáték (ötven vers, Buk., 1972); Minden egyszerre kezdődött (versek és átmenetek, Buk., 1976); A kertben szerda van (versek, Buk., 1981); <strong>antológ.:</strong> Ötven vers (Buk., 1950); <strong>ford.:</strong> Brad, Ion: Fehér vadászat (fod. Bodor Pál, Csíki László; Buk., 1971). <br /><strong>Irod.:</strong> RMIL</br></p>

<p>Temesvár, 1828. máj. 22., † ? : költó, szerkesztő. – Középiskolát a nagyenyedi Bethlen Kollégiumban végzett (1947), a Bolyai Tudományegyetem filológiai karán magyar-francia szakos tanári diplomát szerzett (1951). Szerkesztői pályára lépett: az Igazság (1948), Utunk (1948–60), Igaz Szó (1960–62) belső munkatársa, a vers-rovat szerkesztője; a mv.-i Pedagógiai Főiskola lektora (1962–66). Újra az Utunknál dolgozik (1966–71), [&hellip;]</p>
