{"id":14672,"date":"2025-07-15T13:09:33","date_gmt":"2025-07-15T11:09:33","guid":{"rendered":"https:\/\/uj.adatbank.ro\/lexikon\/termek\/markos-janos\/"},"modified":"2025-07-15T13:09:33","modified_gmt":"2025-07-15T11:09:33","slug":"markos-janos","status":"publish","type":"product","link":"https:\/\/uj.adatbank.ro\/lexikon\/termek\/markos-janos\/","title":{"rendered":"M\u00c1RKOS J\u00e1nos"},"content":{"rendered":"<p>? \u2020\u00a0?: r. k. pap. \u2013 Paptan\u00e1r volt Mv.-en. Az 1848\u201349-es forradalmi tev\u00e9kenys\u00e9ge miatt letart\u00f3ztatt\u00e1k, beb\u0151rt\u00f6n\u00f6zt\u00e9k (18952\u201354). <br \/><strong>Irod.:<\/strong> Tam\u00e1si Zsolt: A marosi r\u00f3mai katolikus esperesi ker\u00fclet helyzete 1848\/49-ben  =  P\u00e1l-Antal \u2013 Simon<\/br><\/p>\n","protected":false},"excerpt":{"rendered":"<p>? \u2020\u00a0?: r. k. pap. \u2013 Paptan\u00e1r volt Mv.-en. Az 1848\u201349-es forradalmi tev\u00e9kenys\u00e9ge miatt letart\u00f3ztatt\u00e1k, beb\u0151rt\u00f6n\u00f6zt\u00e9k (18952\u201354). Irod.: Tam\u00e1si Zsolt: A marosi r\u00f3mai katolikus esperesi ker\u00fclet helyzete 1848\/49-ben = P\u00e1l-Antal \u2013 Simon<\/p>\n","protected":false},"featured_media":0,"comment_status":"open","ping_status":"closed","template":"","meta":[],"product_brand":[],"product_cat":[137],"product_tag":[],"class_list":{"0":"post-14672","1":"product","2":"type-product","3":"status-publish","5":"product_cat-maros-megyei-eletrajzi-lexikon","7":"first","8":"instock","9":"shipping-taxable","10":"product-type-simple"},"_links":{"self":[{"href":"https:\/\/uj.adatbank.ro\/lexikon\/wp-json\/wp\/v2\/product\/14672","targetHints":{"allow":["GET"]}}],"collection":[{"href":"https:\/\/uj.adatbank.ro\/lexikon\/wp-json\/wp\/v2\/product"}],"about":[{"href":"https:\/\/uj.adatbank.ro\/lexikon\/wp-json\/wp\/v2\/types\/product"}],"replies":[{"embeddable":true,"href":"https:\/\/uj.adatbank.ro\/lexikon\/wp-json\/wp\/v2\/comments?post=14672"}],"wp:attachment":[{"href":"https:\/\/uj.adatbank.ro\/lexikon\/wp-json\/wp\/v2\/media?parent=14672"}],"wp:term":[{"taxonomy":"product_brand","embeddable":true,"href":"https:\/\/uj.adatbank.ro\/lexikon\/wp-json\/wp\/v2\/product_brand?post=14672"},{"taxonomy":"product_cat","embeddable":true,"href":"https:\/\/uj.adatbank.ro\/lexikon\/wp-json\/wp\/v2\/product_cat?post=14672"},{"taxonomy":"product_tag","embeddable":true,"href":"https:\/\/uj.adatbank.ro\/lexikon\/wp-json\/wp\/v2\/product_tag?post=14672"}],"curies":[{"name":"wp","href":"https:\/\/api.w.org\/{rel}","templated":true}]}}