{"id":14675,"date":"2025-07-15T13:09:39","date_gmt":"2025-07-15T11:09:39","guid":{"rendered":"https:\/\/uj.adatbank.ro\/lexikon\/termek\/markos-lajos-2\/"},"modified":"2025-07-15T13:09:39","modified_gmt":"2025-07-15T11:09:39","slug":"markos-lajos-2","status":"publish","type":"product","link":"https:\/\/uj.adatbank.ro\/lexikon\/termek\/markos-lajos-2\/","title":{"rendered":"M\u00c1RKOS Lajos"},"content":{"rendered":"<p>Mv., 1917. szept. 28., \u2020 Houston, 1993. j\u00fan. 9.: fest\u0151m\u0171v\u00e9sz. \u2013 Bp.-en \u00e9lt gyermekkora \u00f3ta, ott tanult a Sz\u00e9pm\u00fav\u00e9szeti Akad\u00e9mi\u00e1n fest\u00e9szetet Rudnay Gyul\u00e1n\u00e1l, Olaszo.-ban telepedett le (1944), majd az USA-ba k\u00f6lt\u00f6z\u00f6tt (1952). Megfestette Robert Kennedy portr\u00e9j\u00e1t (1962). <br \/><strong>Irod.:<\/strong> Moln\u00e1r; [Nekrol\u00f3g] (N\u00fa., 1993. j\u00fan. 11.); N\u00fa. (2004. j\u00fan. 26)<\/br><\/p>\n","protected":false},"excerpt":{"rendered":"<p>Mv., 1917. szept. 28., \u2020 Houston, 1993. j\u00fan. 9.: fest\u0151m\u0171v\u00e9sz. \u2013 Bp.-en \u00e9lt gyermekkora \u00f3ta, ott tanult a Sz\u00e9pm\u00fav\u00e9szeti Akad\u00e9mi\u00e1n fest\u00e9szetet Rudnay Gyul\u00e1n\u00e1l, Olaszo.-ban telepedett le (1944), majd az USA-ba k\u00f6lt\u00f6z\u00f6tt (1952). Megfestette Robert Kennedy portr\u00e9j\u00e1t (1962). Irod.: Moln\u00e1r; [Nekrol\u00f3g] (N\u00fa., 1993. j\u00fan. 11.); N\u00fa. (2004. j\u00fan. 26)<\/p>\n","protected":false},"featured_media":0,"comment_status":"open","ping_status":"closed","template":"","meta":[],"product_brand":[],"product_cat":[137],"product_tag":[],"class_list":{"0":"post-14675","1":"product","2":"type-product","3":"status-publish","5":"product_cat-maros-megyei-eletrajzi-lexikon","7":"first","8":"instock","9":"shipping-taxable","10":"product-type-simple"},"_links":{"self":[{"href":"https:\/\/uj.adatbank.ro\/lexikon\/wp-json\/wp\/v2\/product\/14675","targetHints":{"allow":["GET"]}}],"collection":[{"href":"https:\/\/uj.adatbank.ro\/lexikon\/wp-json\/wp\/v2\/product"}],"about":[{"href":"https:\/\/uj.adatbank.ro\/lexikon\/wp-json\/wp\/v2\/types\/product"}],"replies":[{"embeddable":true,"href":"https:\/\/uj.adatbank.ro\/lexikon\/wp-json\/wp\/v2\/comments?post=14675"}],"wp:attachment":[{"href":"https:\/\/uj.adatbank.ro\/lexikon\/wp-json\/wp\/v2\/media?parent=14675"}],"wp:term":[{"taxonomy":"product_brand","embeddable":true,"href":"https:\/\/uj.adatbank.ro\/lexikon\/wp-json\/wp\/v2\/product_brand?post=14675"},{"taxonomy":"product_cat","embeddable":true,"href":"https:\/\/uj.adatbank.ro\/lexikon\/wp-json\/wp\/v2\/product_cat?post=14675"},{"taxonomy":"product_tag","embeddable":true,"href":"https:\/\/uj.adatbank.ro\/lexikon\/wp-json\/wp\/v2\/product_tag?post=14675"}],"curies":[{"name":"wp","href":"https:\/\/api.w.org\/{rel}","templated":true}]}}