{"id":14685,"date":"2025-07-15T13:09:58","date_gmt":"2025-07-15T11:09:58","guid":{"rendered":"https:\/\/uj.adatbank.ro\/lexikon\/termek\/markovith-jakab-markovics-jakab-markovics-jakab\/"},"modified":"2025-07-15T13:09:58","modified_gmt":"2025-07-15T11:09:58","slug":"markovith-jakab-markovics-jakab-markovics-jakab","status":"publish","type":"product","link":"https:\/\/uj.adatbank.ro\/lexikon\/termek\/markovith-jakab-markovics-jakab-markovics-jakab\/","title":{"rendered":"MARKOVITH Jakab, M\u00e1rkovics Jakab, M\u00e1rkovics Jakab"},"content":{"rendered":"<p>Erzs\u00e9betv\u00e1ros, 1820. okt. 30., \u2020 Kv., 1891. nov. 28.: pe\u00addag\u00f3gus, armenol\u00f3gus, c. kanonok. \u2013 Sz\u00fcl\u0151v\u00e1ros\u00e1ban, Sz\u00e9kelyudvarhelyen (1834\u2013), majd Zalatn\u00e1n tanult (1835\u201337), a gyulafeh\u00e9rv\u00e1ri papnevel\u0151 int.-ben teol\u00f3gi\u00e1t hallgatott (1837\u2013),. papp\u00e1 szentelt\u00e9k (1844. szept. 22.). A mv.-i kat. gimn. tan\u00e1ra (1843\u2013), \u00e9s a grammatikai fels\u0151 oszt\u00e1ly tan\u00e1ra lett (1844\u2013).\u00c1thelyezt\u00e9k Sz\u00e9kelyudvarhelyre (1850). Az erzs\u00e9betv\u00e1rosi gimn. ig. (1853\u2013), egy\u00fattal a r. k. lelk\u00e9sz (1856\u201391). Alesperes (1878\u2013), ker. f\u0151esperes (1882\u2013), majd t. ka\u00adnonok, nyugd\u00edjazt\u00e1k (1887), ezut\u00e1n a tudom\u00e1nynak szentelte idej\u00e9t. M. nyelven el\u00ads\u0151k\u00e9nt \u00edrta meg \u00d6rm\u00e9nyo. t\u00f6rt\u00e9net\u00e9t. \u2013 <strong>F. m.:<\/strong> M\u00e9rtani f\u00f6ldrajz elemei isk.-i haszn\u00e1latra (Mv., 1848); \u00d6rm\u00e9nyorsz\u00e1g t\u00f6rt\u00e9\u00adnete (Armenia, 1887\u201391). <br \/><strong>Irod.:<\/strong> Ferenczi S\u00e1ndor 2009; Maros megyei m. t\u00f6rt.5.; \u00daM\u00c9L<\/br><\/p>\n","protected":false},"excerpt":{"rendered":"<p>Erzs\u00e9betv\u00e1ros, 1820. okt. 30., \u2020 Kv., 1891. nov. 28.: pe\u00addag\u00f3gus, armenol\u00f3gus, c. kanonok. \u2013 Sz\u00fcl\u0151v\u00e1ros\u00e1ban, Sz\u00e9kelyudvarhelyen (1834\u2013), majd Zalatn\u00e1n tanult (1835\u201337), a gyulafeh\u00e9rv\u00e1ri papnevel\u0151 int.-ben teol\u00f3gi\u00e1t hallgatott (1837\u2013),. papp\u00e1 szentelt\u00e9k (1844. szept. 22.). A mv.-i kat. gimn. tan\u00e1ra (1843\u2013), \u00e9s a grammatikai fels\u0151 oszt\u00e1ly tan\u00e1ra lett (1844\u2013).\u00c1thelyezt\u00e9k Sz\u00e9kelyudvarhelyre (1850). Az erzs\u00e9betv\u00e1rosi gimn. ig. (1853\u2013), egy\u00fattal [&hellip;]<\/p>\n","protected":false},"featured_media":0,"comment_status":"open","ping_status":"closed","template":"","meta":[],"product_brand":[],"product_cat":[137],"product_tag":[],"class_list":{"0":"post-14685","1":"product","2":"type-product","3":"status-publish","5":"product_cat-maros-megyei-eletrajzi-lexikon","7":"first","8":"instock","9":"shipping-taxable","10":"product-type-simple"},"_links":{"self":[{"href":"https:\/\/uj.adatbank.ro\/lexikon\/wp-json\/wp\/v2\/product\/14685","targetHints":{"allow":["GET"]}}],"collection":[{"href":"https:\/\/uj.adatbank.ro\/lexikon\/wp-json\/wp\/v2\/product"}],"about":[{"href":"https:\/\/uj.adatbank.ro\/lexikon\/wp-json\/wp\/v2\/types\/product"}],"replies":[{"embeddable":true,"href":"https:\/\/uj.adatbank.ro\/lexikon\/wp-json\/wp\/v2\/comments?post=14685"}],"wp:attachment":[{"href":"https:\/\/uj.adatbank.ro\/lexikon\/wp-json\/wp\/v2\/media?parent=14685"}],"wp:term":[{"taxonomy":"product_brand","embeddable":true,"href":"https:\/\/uj.adatbank.ro\/lexikon\/wp-json\/wp\/v2\/product_brand?post=14685"},{"taxonomy":"product_cat","embeddable":true,"href":"https:\/\/uj.adatbank.ro\/lexikon\/wp-json\/wp\/v2\/product_cat?post=14685"},{"taxonomy":"product_tag","embeddable":true,"href":"https:\/\/uj.adatbank.ro\/lexikon\/wp-json\/wp\/v2\/product_tag?post=14685"}],"curies":[{"name":"wp","href":"https:\/\/api.w.org\/{rel}","templated":true}]}}

MARKOVITH Jakab, Márkovics Jakab, Márkovics Jakab

<p>Erzsébetváros, 1820. okt. 30., † Kv., 1891. nov. 28.: pe­dagógus, armenológus, c. kanonok. – Szülővárosában, Székelyudvarhelyen (1834–), majd Zalatnán tanult (1835–37), a gyulafehérvári papnevelő int.-ben teológiát hallgatott (1837–),. pappá szentelték (1844. szept. 22.). A mv.-i kat. gimn. tanára (1843–), és a grammatikai felső osztály tanára lett (1844–).Áthelyezték Székelyudvarhelyre (1850). Az erzsébetvárosi gimn. ig. (1853–), egyúttal a r. k. lelkész (1856–91). Alesperes (1878–), ker. főesperes (1882–), majd t. ka­nonok, nyugdíjazták (1887), ezután a tudománynak szentelte idejét. M. nyelven el­sőként írta meg Örményo. történetét. – <strong>F. m.:</strong> Mértani földrajz elemei isk.-i használatra (Mv., 1848); Örményország törté­nete (Armenia, 1887–91). <br /><strong>Irod.:</strong> Ferenczi Sándor 2009; Maros megyei m. tört.5.; ÚMÉL</br></p>

<p>Erzsébetváros, 1820. okt. 30., † Kv., 1891. nov. 28.: pe­dagógus, armenológus, c. kanonok. – Szülővárosában, Székelyudvarhelyen (1834–), majd Zalatnán tanult (1835–37), a gyulafehérvári papnevelő int.-ben teológiát hallgatott (1837–),. pappá szentelték (1844. szept. 22.). A mv.-i kat. gimn. tanára (1843–), és a grammatikai felső osztály tanára lett (1844–).Áthelyezték Székelyudvarhelyre (1850). Az erzsébetvárosi gimn. ig. (1853–), egyúttal [&hellip;]</p>
