{"id":14695,"date":"2025-07-15T13:10:22","date_gmt":"2025-07-15T11:10:22","guid":{"rendered":"https:\/\/uj.adatbank.ro\/lexikon\/termek\/markus-hans-konrad\/"},"modified":"2025-07-15T13:10:22","modified_gmt":"2025-07-15T11:10:22","slug":"markus-hans-konrad","status":"publish","type":"product","link":"https:\/\/uj.adatbank.ro\/lexikon\/termek\/markus-hans-konrad\/","title":{"rendered":"MARKUS, Hans Konrad"},"content":{"rendered":"<p>Segesv\u00e1r, 1907. m\u00e1rc. 11., \u2020 D\u00fcsseldorf, 1993. febr. 23.: opera-, operett- \u00e9s koncert\u00e9nekes. A szebeni n\u00e9met sz\u00ednh\u00e1z intend\u00e1nsa fedezte fel tehets\u00e9g\u00e9t \u00e9s alkalmazta (1933\u201338). Partnern\u0151j\u00e9vel \u00e9s k\u00e9s\u0151bbi (1940) feles\u00e9g\u00e9vel Ella Nikolausszal n\u00e9meto.-i turn\u00e9 alkalm\u00e1val nagy sikert aratott (1939). Sz\u00ednpadi karrierj\u00e9t Regensburgban a Stadttheaterben kezdte (1938), a Bayerische Staatsoperette M\u00fcnchenben folytatta (1939\u201345), majd a k\u00f6lni (1947\u2013), a d\u00fcsseldorfi (1951\u2013) \u00e9s a krefeldi sz\u00ednpadon dolgozott. Vend\u00e9gszerepl\u0151k\u00e9nt l\u00e9pett fel (1962-t\u0151l). <br \/><strong>Irod.:<\/strong> LSS<\/br><\/p>\n","protected":false},"excerpt":{"rendered":"<p>Segesv\u00e1r, 1907. m\u00e1rc. 11., \u2020 D\u00fcsseldorf, 1993. febr. 23.: opera-, operett- \u00e9s koncert\u00e9nekes. A szebeni n\u00e9met sz\u00ednh\u00e1z intend\u00e1nsa fedezte fel tehets\u00e9g\u00e9t \u00e9s alkalmazta (1933\u201338). Partnern\u0151j\u00e9vel \u00e9s k\u00e9s\u0151bbi (1940) feles\u00e9g\u00e9vel Ella Nikolausszal n\u00e9meto.-i turn\u00e9 alkalm\u00e1val nagy sikert aratott (1939). Sz\u00ednpadi karrierj\u00e9t Regensburgban a Stadttheaterben kezdte (1938), a Bayerische Staatsoperette M\u00fcnchenben folytatta (1939\u201345), majd a k\u00f6lni (1947\u2013), [&hellip;]<\/p>\n","protected":false},"featured_media":0,"comment_status":"open","ping_status":"closed","template":"","meta":[],"product_brand":[],"product_cat":[137],"product_tag":[],"class_list":{"0":"post-14695","1":"product","2":"type-product","3":"status-publish","5":"product_cat-maros-megyei-eletrajzi-lexikon","7":"first","8":"instock","9":"shipping-taxable","10":"product-type-simple"},"_links":{"self":[{"href":"https:\/\/uj.adatbank.ro\/lexikon\/wp-json\/wp\/v2\/product\/14695","targetHints":{"allow":["GET"]}}],"collection":[{"href":"https:\/\/uj.adatbank.ro\/lexikon\/wp-json\/wp\/v2\/product"}],"about":[{"href":"https:\/\/uj.adatbank.ro\/lexikon\/wp-json\/wp\/v2\/types\/product"}],"replies":[{"embeddable":true,"href":"https:\/\/uj.adatbank.ro\/lexikon\/wp-json\/wp\/v2\/comments?post=14695"}],"wp:attachment":[{"href":"https:\/\/uj.adatbank.ro\/lexikon\/wp-json\/wp\/v2\/media?parent=14695"}],"wp:term":[{"taxonomy":"product_brand","embeddable":true,"href":"https:\/\/uj.adatbank.ro\/lexikon\/wp-json\/wp\/v2\/product_brand?post=14695"},{"taxonomy":"product_cat","embeddable":true,"href":"https:\/\/uj.adatbank.ro\/lexikon\/wp-json\/wp\/v2\/product_cat?post=14695"},{"taxonomy":"product_tag","embeddable":true,"href":"https:\/\/uj.adatbank.ro\/lexikon\/wp-json\/wp\/v2\/product_tag?post=14695"}],"curies":[{"name":"wp","href":"https:\/\/api.w.org\/{rel}","templated":true}]}}

<p>Segesvár, 1907. márc. 11., † Düsseldorf, 1993. febr. 23.: opera-, operett- és koncerténekes. A szebeni német színház intendánsa fedezte fel tehetségét és alkalmazta (1933–38). Partnernőjével és későbbi (1940) feleségével Ella Nikolausszal németo.-i turné alkalmával nagy sikert aratott (1939). Színpadi karrierjét Regensburgban a Stadttheaterben kezdte (1938), a Bayerische Staatsoperette Münchenben folytatta (1939–45), majd a kölni (1947–), a düsseldorfi (1951–) és a krefeldi színpadon dolgozott. Vendégszereplőként lépett fel (1962-től). <br /><strong>Irod.:</strong> LSS</br></p>

<p>Segesvár, 1907. márc. 11., † Düsseldorf, 1993. febr. 23.: opera-, operett- és koncerténekes. A szebeni német színház intendánsa fedezte fel tehetségét és alkalmazta (1933–38). Partnernőjével és későbbi (1940) feleségével Ella Nikolausszal németo.-i turné alkalmával nagy sikert aratott (1939). Színpadi karrierjét Regensburgban a Stadttheaterben kezdte (1938), a Bayerische Staatsoperette Münchenben folytatta (1939–45), majd a kölni (1947–), [&hellip;]</p>
