{"id":14696,"date":"2025-07-15T13:10:24","date_gmt":"2025-07-15T11:10:24","guid":{"rendered":"https:\/\/uj.adatbank.ro\/lexikon\/termek\/markus-istvan-%c2%a7\/"},"modified":"2025-07-15T13:10:24","modified_gmt":"2025-07-15T11:10:24","slug":"markus-istvan-%c2%a7","status":"publish","type":"product","link":"https:\/\/uj.adatbank.ro\/lexikon\/termek\/markus-istvan-%c2%a7\/","title":{"rendered":"M\u00c1RKUS Istv\u00e1n, \u00a7"},"content":{"rendered":"<p>Aninoszab\u00e1nyatelep, 1929. szept. 2., \u2020 ?: dr., agr\u00e1rm\u00e9rn\u00f6k, kutat\u00f3. \u2013 Az agr\u00e1rtudom\u00e1nyi egyetemet Kv.-on v\u00e9gezte (1953). A marosszentgy\u00f6rgyi Mez\u0151gazdas\u00e1gi Kutat\u00f3 Int\u00e9zet munkat\u00e1rsa (1954\u201393), a cukorr\u00e9pa termeszt\u00e9s szak\u00e9rt\u0151je; k\u00f6z\u00e9piskolai tan\u00e1r Mv. \u2013n (1962\u201365); a Szent Istv\u00e1n Egyetem Ny\u00e1r\u00e1dszeredai Levelez\u0151 Tagozat\u00e1n a f\u00f6ldm\u0171vel\u00e9stan konzulens tan\u00e1ra (1994\u20132003). 55 tanulm\u00e1nya szaklapokban. <br \/><strong>Irod.:<\/strong> RMKK; Bartis Ferenc: Kit\u00fcntetett \u00e1llatteny\u00e9szt\u0151k \u00e9s mez\u0151gazd\u00e1szok (\u00daj \u00c9let, 16. sz., 1978); T\u00edz \u00e9ves a ny\u00e1r\u00e1dszeredai kert\u00e9szm\u00e9rn\u00f6ki oktat\u00e1s (2003)<\/br><\/p>\n","protected":false},"excerpt":{"rendered":"<p>Aninoszab\u00e1nyatelep, 1929. szept. 2., \u2020 ?: dr., agr\u00e1rm\u00e9rn\u00f6k, kutat\u00f3. \u2013 Az agr\u00e1rtudom\u00e1nyi egyetemet Kv.-on v\u00e9gezte (1953). A marosszentgy\u00f6rgyi Mez\u0151gazdas\u00e1gi Kutat\u00f3 Int\u00e9zet munkat\u00e1rsa (1954\u201393), a cukorr\u00e9pa termeszt\u00e9s szak\u00e9rt\u0151je; k\u00f6z\u00e9piskolai tan\u00e1r Mv. \u2013n (1962\u201365); a Szent Istv\u00e1n Egyetem Ny\u00e1r\u00e1dszeredai Levelez\u0151 Tagozat\u00e1n a f\u00f6ldm\u0171vel\u00e9stan konzulens tan\u00e1ra (1994\u20132003). 55 tanulm\u00e1nya szaklapokban. Irod.: RMKK; Bartis Ferenc: Kit\u00fcntetett \u00e1llatteny\u00e9szt\u0151k \u00e9s mez\u0151gazd\u00e1szok [&hellip;]<\/p>\n","protected":false},"featured_media":0,"comment_status":"open","ping_status":"closed","template":"","meta":[],"product_brand":[],"product_cat":[137],"product_tag":[],"class_list":{"0":"post-14696","1":"product","2":"type-product","3":"status-publish","5":"product_cat-maros-megyei-eletrajzi-lexikon","7":"first","8":"instock","9":"shipping-taxable","10":"product-type-simple"},"_links":{"self":[{"href":"https:\/\/uj.adatbank.ro\/lexikon\/wp-json\/wp\/v2\/product\/14696","targetHints":{"allow":["GET"]}}],"collection":[{"href":"https:\/\/uj.adatbank.ro\/lexikon\/wp-json\/wp\/v2\/product"}],"about":[{"href":"https:\/\/uj.adatbank.ro\/lexikon\/wp-json\/wp\/v2\/types\/product"}],"replies":[{"embeddable":true,"href":"https:\/\/uj.adatbank.ro\/lexikon\/wp-json\/wp\/v2\/comments?post=14696"}],"wp:attachment":[{"href":"https:\/\/uj.adatbank.ro\/lexikon\/wp-json\/wp\/v2\/media?parent=14696"}],"wp:term":[{"taxonomy":"product_brand","embeddable":true,"href":"https:\/\/uj.adatbank.ro\/lexikon\/wp-json\/wp\/v2\/product_brand?post=14696"},{"taxonomy":"product_cat","embeddable":true,"href":"https:\/\/uj.adatbank.ro\/lexikon\/wp-json\/wp\/v2\/product_cat?post=14696"},{"taxonomy":"product_tag","embeddable":true,"href":"https:\/\/uj.adatbank.ro\/lexikon\/wp-json\/wp\/v2\/product_tag?post=14696"}],"curies":[{"name":"wp","href":"https:\/\/api.w.org\/{rel}","templated":true}]}}

MÁRKUS István, §

<p>Aninoszabányatelep, 1929. szept. 2., † ?: dr., agrármérnök, kutató. – Az agrártudományi egyetemet Kv.-on végezte (1953). A marosszentgyörgyi Mezőgazdasági Kutató Intézet munkatársa (1954–93), a cukorrépa termesztés szakértője; középiskolai tanár Mv. –n (1962–65); a Szent István Egyetem Nyárádszeredai Levelező Tagozatán a földműveléstan konzulens tanára (1994–2003). 55 tanulmánya szaklapokban. <br /><strong>Irod.:</strong> RMKK; Bartis Ferenc: Kitüntetett állattenyésztők és mezőgazdászok (Új Élet, 16. sz., 1978); Tíz éves a nyárádszeredai kertészmérnöki oktatás (2003)</br></p>

<p>Aninoszabányatelep, 1929. szept. 2., † ?: dr., agrármérnök, kutató. – Az agrártudományi egyetemet Kv.-on végezte (1953). A marosszentgyörgyi Mezőgazdasági Kutató Intézet munkatársa (1954–93), a cukorrépa termesztés szakértője; középiskolai tanár Mv. –n (1962–65); a Szent István Egyetem Nyárádszeredai Levelező Tagozatán a földműveléstan konzulens tanára (1994–2003). 55 tanulmánya szaklapokban. Irod.: RMKK; Bartis Ferenc: Kitüntetett állattenyésztők és mezőgazdászok [&hellip;]</p>
