{"id":14699,"date":"2025-07-15T13:10:30","date_gmt":"2025-07-15T11:10:30","guid":{"rendered":"https:\/\/uj.adatbank.ro\/lexikon\/termek\/markus-johann-markus-janos\/"},"modified":"2025-07-15T13:10:30","modified_gmt":"2025-07-15T11:10:30","slug":"markus-johann-markus-janos","status":"publish","type":"product","link":"https:\/\/uj.adatbank.ro\/lexikon\/termek\/markus-johann-markus-janos\/","title":{"rendered":"MARKUS Johann; M\u00e1rkus J\u00e1nos"},"content":{"rendered":"<p>Homor\u00f3d, 1888. m\u00e1j. 10., \u2020 Gundesheim, 1981. j\u00fal. 26.: dr. fil., ev. f\u0151gimn\u00e1ziumi tan\u00e1r. \u2013 Apja jegyz\u0151.- A gimn\u00e1ziumot Segesv\u00e1rt, az egyetemet Lipcs\u00e9ben a Hittud. \u00e9s B\u00f6lcs\u00e9sz Karon (1907\u2013), Berlinben a Hittud. Karon (1909\u201310), Z\u00fcrichben a B\u00f6lcs\u00e9sz Karon (1909\u201310), B\u00e9csben az Ec. Hittud, \u00e9s B\u00f6lcs\u00e9sz Karon (1910\u201312) v\u00e9gezte. Kv.-on b\u00f6lcs\u00e9szdoktorr\u00e1 avatt\u00e1k (1912) \u00e9s k\u00f6z\u00e9piskolai tan\u00e1ri oklevelet szerzett Kv. (1912) A segesv\u00e1ri Teutsch Gimn\u00e1zium helyettes (1912\u201313), rendes tan\u00e1ra (1913\u2013), igazgat\u00f3ja (1946\u2013), a segesv\u00e1ri n\u00e9met tannyelv\u0171 Pedag\u00f3giai Iskola igazgat\u00f3ja (1948), tan\u00e1r u.o. (1950\u201355), valamint a segesv\u00e1ri n\u00e9met tannyelv\u0171 elemi iskola tan\u00e1ra (1948\u201350). Gundelsheiba k\u00f6lt\u00f6z\u00f6tt (1973). <br \/><strong>Irod.:<\/strong> Guly\u00e1s; Szab\u00f3\u2013Simon\u2013Sz\u00f6gi<\/br><\/p>\n","protected":false},"excerpt":{"rendered":"<p>Homor\u00f3d, 1888. m\u00e1j. 10., \u2020 Gundesheim, 1981. j\u00fal. 26.: dr. fil., ev. f\u0151gimn\u00e1ziumi tan\u00e1r. \u2013 Apja jegyz\u0151.- A gimn\u00e1ziumot Segesv\u00e1rt, az egyetemet Lipcs\u00e9ben a Hittud. \u00e9s B\u00f6lcs\u00e9sz Karon (1907\u2013), Berlinben a Hittud. Karon (1909\u201310), Z\u00fcrichben a B\u00f6lcs\u00e9sz Karon (1909\u201310), B\u00e9csben az Ec. Hittud, \u00e9s B\u00f6lcs\u00e9sz Karon (1910\u201312) v\u00e9gezte. Kv.-on b\u00f6lcs\u00e9szdoktorr\u00e1 avatt\u00e1k (1912) \u00e9s k\u00f6z\u00e9piskolai tan\u00e1ri [&hellip;]<\/p>\n","protected":false},"featured_media":0,"comment_status":"open","ping_status":"closed","template":"","meta":[],"product_brand":[],"product_cat":[137],"product_tag":[],"class_list":{"0":"post-14699","1":"product","2":"type-product","3":"status-publish","5":"product_cat-maros-megyei-eletrajzi-lexikon","7":"first","8":"instock","9":"shipping-taxable","10":"product-type-simple"},"_links":{"self":[{"href":"https:\/\/uj.adatbank.ro\/lexikon\/wp-json\/wp\/v2\/product\/14699","targetHints":{"allow":["GET"]}}],"collection":[{"href":"https:\/\/uj.adatbank.ro\/lexikon\/wp-json\/wp\/v2\/product"}],"about":[{"href":"https:\/\/uj.adatbank.ro\/lexikon\/wp-json\/wp\/v2\/types\/product"}],"replies":[{"embeddable":true,"href":"https:\/\/uj.adatbank.ro\/lexikon\/wp-json\/wp\/v2\/comments?post=14699"}],"wp:attachment":[{"href":"https:\/\/uj.adatbank.ro\/lexikon\/wp-json\/wp\/v2\/media?parent=14699"}],"wp:term":[{"taxonomy":"product_brand","embeddable":true,"href":"https:\/\/uj.adatbank.ro\/lexikon\/wp-json\/wp\/v2\/product_brand?post=14699"},{"taxonomy":"product_cat","embeddable":true,"href":"https:\/\/uj.adatbank.ro\/lexikon\/wp-json\/wp\/v2\/product_cat?post=14699"},{"taxonomy":"product_tag","embeddable":true,"href":"https:\/\/uj.adatbank.ro\/lexikon\/wp-json\/wp\/v2\/product_tag?post=14699"}],"curies":[{"name":"wp","href":"https:\/\/api.w.org\/{rel}","templated":true}]}}