{"id":14708,"date":"2025-07-15T13:10:48","date_gmt":"2025-07-15T11:10:48","guid":{"rendered":"https:\/\/uj.adatbank.ro\/lexikon\/termek\/markusz\/"},"modified":"2025-07-15T13:10:48","modified_gmt":"2025-07-15T11:10:48","slug":"markusz","status":"publish","type":"product","link":"https:\/\/uj.adatbank.ro\/lexikon\/termek\/markusz\/","title":{"rendered":"M\u00c1RKUSZ"},"content":{"rendered":"<p>? \u2020\u00a0?\u00a0: rabbi. \u2013 Mv.-en kezdem\u00e9nyezte egy zsid\u00f3 elemi iskola fel\u00e1ll\u00edt\u00e1s\u00e1t (1879), amely m\u0171k\u00f6dni kezdett 1800. <br \/><strong>Irod.:<\/strong> Id\u0151t\u00e1r 2<\/br><\/p>\n","protected":false},"excerpt":{"rendered":"<p>? \u2020\u00a0?\u00a0: rabbi. \u2013 Mv.-en kezdem\u00e9nyezte egy zsid\u00f3 elemi iskola fel\u00e1ll\u00edt\u00e1s\u00e1t (1879), amely m\u0171k\u00f6dni kezdett 1800. Irod.: Id\u0151t\u00e1r 2<\/p>\n","protected":false},"featured_media":0,"comment_status":"open","ping_status":"closed","template":"","meta":[],"product_brand":[],"product_cat":[137],"product_tag":[],"class_list":{"0":"post-14708","1":"product","2":"type-product","3":"status-publish","5":"product_cat-maros-megyei-eletrajzi-lexikon","7":"first","8":"instock","9":"shipping-taxable","10":"product-type-simple"},"_links":{"self":[{"href":"https:\/\/uj.adatbank.ro\/lexikon\/wp-json\/wp\/v2\/product\/14708","targetHints":{"allow":["GET"]}}],"collection":[{"href":"https:\/\/uj.adatbank.ro\/lexikon\/wp-json\/wp\/v2\/product"}],"about":[{"href":"https:\/\/uj.adatbank.ro\/lexikon\/wp-json\/wp\/v2\/types\/product"}],"replies":[{"embeddable":true,"href":"https:\/\/uj.adatbank.ro\/lexikon\/wp-json\/wp\/v2\/comments?post=14708"}],"wp:attachment":[{"href":"https:\/\/uj.adatbank.ro\/lexikon\/wp-json\/wp\/v2\/media?parent=14708"}],"wp:term":[{"taxonomy":"product_brand","embeddable":true,"href":"https:\/\/uj.adatbank.ro\/lexikon\/wp-json\/wp\/v2\/product_brand?post=14708"},{"taxonomy":"product_cat","embeddable":true,"href":"https:\/\/uj.adatbank.ro\/lexikon\/wp-json\/wp\/v2\/product_cat?post=14708"},{"taxonomy":"product_tag","embeddable":true,"href":"https:\/\/uj.adatbank.ro\/lexikon\/wp-json\/wp\/v2\/product_tag?post=14708"}],"curies":[{"name":"wp","href":"https:\/\/api.w.org\/{rel}","templated":true}]}}