{"id":14713,"date":"2025-07-15T13:11:04","date_gmt":"2025-07-15T11:11:04","guid":{"rendered":"https:\/\/uj.adatbank.ro\/lexikon\/termek\/maros-tibor-%c2%a7-maros-tiberiu\/"},"modified":"2025-07-15T13:11:04","modified_gmt":"2025-07-15T11:11:04","slug":"maros-tibor-%c2%a7-maros-tiberiu","status":"publish","type":"product","link":"https:\/\/uj.adatbank.ro\/lexikon\/termek\/maros-tibor-%c2%a7-maros-tiberiu\/","title":{"rendered":"MAROS Tibor, \u00a7 Maros Tiberiu"},"content":{"rendered":"<p>H\u00e1tszeg, 1923. nov. 9., \u2020 Debrecen, 2002. m\u00e1rc. 24. Mv.-en temett\u00e9k el: orvos, egyetemi tan\u00e1r.\u2013 Feles\u00e9ge: Nagy Ilona (1923\u20131975), orvos.- K\u00f6z\u00e9piskol\u00e1t D\u00e9v\u00e1n \u00e9s Kv.-on v\u00e9gzett, egyetemi tanulm\u00e1nyait Kv. Bp. majd Mv.-en folytatta, ahol orvosi diplom\u00e1t szerzett (1946). P\u00e1ly\u00e1j\u00e1t Kv.-on az OGYI Anat\u00f3miai tansz\u00e9k\u00e9n kezdte mint gyakornok (1943), tan\u00e1rseg\u00e9d u.o. (1946\u2013), Mv.-en adjunktus (1948\u2013), egyetemi el\u0151ad\u00f3tan\u00e1r (1949); az 1. sz. Seb\u00e9szeti Klinika seb\u00e9sz szakorvosa (1951\u2013); az Orvosi Kar d\u00e9k\u00e1nja (1953.\u00e1pr.1.\u20131956.nov.1.; 1965.okt.26.\u20131968); tansz\u00e9kvezet\u0151 egyetemi tan\u00e1r (1960\u2013), dr. docens (1966), seb\u00e9sz f\u0151orvos (1969); prorektor (1968\u201373). A M. Orvostudom\u00e1nyi Akad\u00e9mia levelez\u0151 tagja, a Rom\u00e1n Orvosi Akad\u00e9mia rendes tagja, a Balk\u00e1ni orvostudom\u00e1nyi T\u00e1rsas\u00e1g, a N\u00e9met Anat\u00f3miai T\u00e1rsas\u00e1g, az Ausztriai \u00c1ltal\u00e1nos Orvosi T\u00e1rsas\u00e1g \u00e9s a Nemzetk\u0151zi Neuropatol\u00f3giai T\u00e1rsas\u00e1g tagja, szerkeszt\u0151bizotts\u00e1gi tagja a Revista Medical\u0103- Orvosi Szemle, Revue Roumaine de Morphologie, Morfologia normal\u0103 \u015fi patologic\u0103 c. foly\u00f3iratoknak. Az orvosk\u00e9pz\u00e9s mellett \u00e9rdeme az egyetemi \u00e9s kutat\u00f3 ut\u00e1np\u00f3tl\u00e1s nevel\u00e9se. Ismeretterjeszt\u0151 cikkeket \u00edrt a Korunk, A H\u00e9t, El\u0151re c. kiadv\u00e1nyokba. Magyaro.-ra k\u00f6lt\u00f6z\u00f6tt (1989\u2013). A Debreceni Orvostudom\u00e1nyi Egyetem II. sz. Seb\u00e9szeti Klinik\u00e1j\u00e1n docensi rangban dolgozott klinikusk\u00e9nt nyudd\u00edjaz\u00e1s\u00e1ig (1994). Seb\u00e9sz f\u00f4orvosk\u00e9nt igen \u00e9rt\u00e9kes gy\u00f3gy\u00edt\u00f3 tev\u00e9kenys\u00e9get fejtett ki a mv.-i seb\u00e9szeti klinik\u00e1kon. T\u00f6bb mint 50 \u00e9ven \u00e1t mint egyetemi tan\u00e1r kimagasl\u00f3 tudom\u00e1nyos, szakmai \u00e9s oktat\u00f3i tev\u00e9kenys\u00e9get fejtett ki. Tudom\u00e1nyos t\u00e9ren jelent\u0151sek a m\u00e1jsz\u00f6vet regener\u00e1ci\u00f3ja, a sz\u00edv \u00e9s vese anat\u00f3mi\u00e1ja, neuroanat\u00f3miai \u00e9s embriol\u00f3giai alapkutat\u00e1sok, az idegrendszer kis\u00e9rletes morfol\u00f3gi\u00e1j\u00e1ra, a bels\u0151 szervek \u00e9rstruktur\u00e1j\u00e1ra vonatkoz\u00f3 vizsg\u00e1latai, nemzetk\u00f6zileg ismertek a sclerosis multiplex k\u00f3reredet\u00e9t vizsg\u00e1l\u00f3 modell-kis\u00e9rletei \u00e9s eredm\u00e9nyei. T\u00f6bb mint 250 tudom\u00e1nyos dolgozat szerz\u0151je \u00e9s t\u00e1rsszerz\u0151je, 43 egyetemi jegyzet \u00e9s monogr\u00e1fia szerz\u00f3je, ill. t\u00e1rsszerz\u0151je. Kutat\u00e1si eredm\u00e9nyeit 72 orsz\u00e1gos \u00e9s nemzetk\u00f6zi rendezv\u00e9nyen ismertette. Kit\u0171ntet\u00e9sei : Babes-d\u00edj, Marinescu-d\u00edj, \u00e9rdemes egyetemi tan\u00e1r. A MOGYE a Doctor Honoris Causa c\u00edmet adom\u00e1nyozta eg\u00e9sz \u00e9lete munk\u00e1ss\u00e1g\u00e1nak elismer\u00e9sek\u00e9nt. \u2013 <strong>F. m.:<\/strong> T\u00e1janat\u00f3mia. 1\u20132. (Mv.1948); Seb\u00e9szeti m\u0171t\u00e9ttan: T\u00e1jbonctani vonatkoz\u00e1sokkal. (Mv., 1951); Az emberi test t\u00e1janat\u00f3mi\u00e1ja (Mv., 1955); Interrela\u0163iile viscero-viscerale \u015fi neuro-viscerale ale ficatului (Buc., 1964); t\u00e1rssz.; Az ember rendszeres anat\u00f3mi\u00e1ja (Mv., 1951); Embriol\u00f3gia. (1951); Az emberi test t\u00e1jbonctana ( Mv, 1952); Seb\u00e9szeti m\u0171t\u00e9ttan. ( Mv., 1958.); Anatomie. Angiologia, glandele endocrine, sistemul nervos, organe de sim\u0163 (Buc., 1966.); Cercet\u0103ri medicale. (Bucure\u015fti, 1968); Regenerarea ficatului (Seres-Sturm Lajossal; Buc., 1969); Az emberi test le\u00edr\u00f3 \u00e9s t\u00e1janat\u00f3mi\u00e1ja 1\u20134 (L\u00e1z\u00e1r L\u00e1szl\u00f3-, Seres-Sturm Lajossal; Mv., 1969\u201384); Anatomia descriptiv\u0103 \u015fi topografic\u0103 a omului 1\u20134. (L\u00e1z\u00e1r L\u00e1szl\u00f3-, Seres-Sturm Lajossal; TgM., 1969\u20131978); Atlas de anatomie uman\u0103 (Buc., 1983). <br \/><strong>Irod.:<\/strong> Aranykorszak; C.L. (2002. m\u00e1rc. 24); \u00c1br\u00e1m Zolt\u00e1n: Maros Tibor professzorra eml\u00e9kez\u00fcnk (N\u00fa., 2023.nov.10.); Dezs\u0151 Istv\u00e1n; Genersich; IMF; M\u0171vel\u0151d\u00e9s (1984); B\u00facs\u00fa prof. Dr. Doc M. T. \u00c9rdemes egyetemi tan\u00e1rt\u00f3l (N\u00fa (2002. m\u00e1rc. 28); Nagy L; [Nekrol\u00f3g] (N\u00fa., 2001 szept. 24.); [Nekrol\u00f3g] (N\u00fa., 2002. m\u00e1rc. 23.); P\u00e9ter; Polg\u00e1r Istv\u00e1n: Dr. Maros Tibor professzor (\u00daj \u00c9let, 15. sz. 1966 aug.); Pop Tofolean-F\u00fcl\u00f6p; RMIL; Sz\u00f6ll\u0151si 2009; TETT (1988\/ 3); Tizenk\u00e9t \u00e9v; Visszaj\u00e1tsz\u00e1s (1984).<\/br><\/p>\n","protected":false},"excerpt":{"rendered":"<p>H\u00e1tszeg, 1923. nov. 9., \u2020 Debrecen, 2002. m\u00e1rc. 24. Mv.-en temett\u00e9k el: orvos, egyetemi tan\u00e1r.\u2013 Feles\u00e9ge: Nagy Ilona (1923\u20131975), orvos.- K\u00f6z\u00e9piskol\u00e1t D\u00e9v\u00e1n \u00e9s Kv.-on v\u00e9gzett, egyetemi tanulm\u00e1nyait Kv. Bp. majd Mv.-en folytatta, ahol orvosi diplom\u00e1t szerzett (1946). P\u00e1ly\u00e1j\u00e1t Kv.-on az OGYI Anat\u00f3miai tansz\u00e9k\u00e9n kezdte mint gyakornok (1943), tan\u00e1rseg\u00e9d u.o. (1946\u2013), Mv.-en adjunktus (1948\u2013), egyetemi el\u0151ad\u00f3tan\u00e1r [&hellip;]<\/p>\n","protected":false},"featured_media":0,"comment_status":"open","ping_status":"closed","template":"","meta":[],"product_brand":[],"product_cat":[137],"product_tag":[],"class_list":{"0":"post-14713","1":"product","2":"type-product","3":"status-publish","5":"product_cat-maros-megyei-eletrajzi-lexikon","7":"first","8":"instock","9":"shipping-taxable","10":"product-type-simple"},"_links":{"self":[{"href":"https:\/\/uj.adatbank.ro\/lexikon\/wp-json\/wp\/v2\/product\/14713","targetHints":{"allow":["GET"]}}],"collection":[{"href":"https:\/\/uj.adatbank.ro\/lexikon\/wp-json\/wp\/v2\/product"}],"about":[{"href":"https:\/\/uj.adatbank.ro\/lexikon\/wp-json\/wp\/v2\/types\/product"}],"replies":[{"embeddable":true,"href":"https:\/\/uj.adatbank.ro\/lexikon\/wp-json\/wp\/v2\/comments?post=14713"}],"wp:attachment":[{"href":"https:\/\/uj.adatbank.ro\/lexikon\/wp-json\/wp\/v2\/media?parent=14713"}],"wp:term":[{"taxonomy":"product_brand","embeddable":true,"href":"https:\/\/uj.adatbank.ro\/lexikon\/wp-json\/wp\/v2\/product_brand?post=14713"},{"taxonomy":"product_cat","embeddable":true,"href":"https:\/\/uj.adatbank.ro\/lexikon\/wp-json\/wp\/v2\/product_cat?post=14713"},{"taxonomy":"product_tag","embeddable":true,"href":"https:\/\/uj.adatbank.ro\/lexikon\/wp-json\/wp\/v2\/product_tag?post=14713"}],"curies":[{"name":"wp","href":"https:\/\/api.w.org\/{rel}","templated":true}]}}

<p>Hátszeg, 1923. nov. 9., † Debrecen, 2002. márc. 24. Mv.-en temették el: orvos, egyetemi tanár.– Felesége: Nagy Ilona (1923–1975), orvos.- Középiskolát Déván és Kv.-on végzett, egyetemi tanulmányait Kv. Bp. majd Mv.-en folytatta, ahol orvosi diplomát szerzett (1946). Pályáját Kv.-on az OGYI Anatómiai tanszékén kezdte mint gyakornok (1943), tanársegéd u.o. (1946–), Mv.-en adjunktus (1948–), egyetemi előadótanár (1949); az 1. sz. Sebészeti Klinika sebész szakorvosa (1951–); az Orvosi Kar dékánja (1953.ápr.1.–1956.nov.1.; 1965.okt.26.–1968); tanszékvezető egyetemi tanár (1960–), dr. docens (1966), sebész főorvos (1969); prorektor (1968–73). A M. Orvostudományi Akadémia levelező tagja, a Román Orvosi Akadémia rendes tagja, a Balkáni orvostudományi Társaság, a Német Anatómiai Társaság, az Ausztriai Általános Orvosi Társaság és a Nemzetkőzi Neuropatológiai Társaság tagja, szerkesztőbizottsági tagja a Revista Medicală- Orvosi Szemle, Revue Roumaine de Morphologie, Morfologia normală şi patologică c. folyóiratoknak. Az orvosképzés mellett érdeme az egyetemi és kutató utánpótlás nevelése. Ismeretterjesztő cikkeket írt a Korunk, A Hét, Előre c. kiadványokba. Magyaro.-ra költözött (1989–). A Debreceni Orvostudományi Egyetem II. sz. Sebészeti Klinikáján docensi rangban dolgozott klinikusként nyuddíjazásáig (1994). Sebész fôorvosként igen értékes gyógyító tevékenységet fejtett ki a mv.-i sebészeti klinikákon. Több mint 50 éven át mint egyetemi tanár kimagasló tudományos, szakmai és oktatói tevékenységet fejtett ki. Tudományos téren jelentősek a májszövet regenerációja, a szív és vese anatómiája, neuroanatómiai és embriológiai alapkutatások, az idegrendszer kisérletes morfológiájára, a belső szervek érstrukturájára vonatkozó vizsgálatai, nemzetközileg ismertek a sclerosis multiplex kóreredetét vizsgáló modell-kisérletei és eredményei. Több mint 250 tudományos dolgozat szerzője és társszerzője, 43 egyetemi jegyzet és monográfia szerzóje, ill. társszerzője. Kutatási eredményeit 72 országos és nemzetközi rendezvényen ismertette. Kitűntetései : Babes-díj, Marinescu-díj, érdemes egyetemi tanár. A MOGYE a Doctor Honoris Causa címet adományozta egész élete munkásságának elismeréseként. – <strong>F. m.:</strong> Tájanatómia. 1–2. (Mv.1948); Sebészeti műtéttan: Tájbonctani vonatkozásokkal. (Mv., 1951); Az emberi test tájanatómiája (Mv., 1955); Interrelaţiile viscero-viscerale şi neuro-viscerale ale ficatului (Buc., 1964); társsz.; Az ember rendszeres anatómiája (Mv., 1951); Embriológia. (1951); Az emberi test tájbonctana ( Mv, 1952); Sebészeti műtéttan. ( Mv., 1958.); Anatomie. Angiologia, glandele endocrine, sistemul nervos, organe de simţ (Buc., 1966.); Cercetări medicale. (Bucureşti, 1968); Regenerarea ficatului (Seres-Sturm Lajossal; Buc., 1969); Az emberi test leíró és tájanatómiája 1–4 (Lázár László-, Seres-Sturm Lajossal; Mv., 1969–84); Anatomia descriptivă şi topografică a omului 1–4. (Lázár László-, Seres-Sturm Lajossal; TgM., 1969–1978); Atlas de anatomie umană (Buc., 1983). <br /><strong>Irod.:</strong> Aranykorszak; C.L. (2002. márc. 24); Ábrám Zoltán: Maros Tibor professzorra emlékezünk (Nú., 2023.nov.10.); Dezső István; Genersich; IMF; Művelődés (1984); Búcsú prof. Dr. Doc M. T. Érdemes egyetemi tanártól (Nú (2002. márc. 28); Nagy L; [Nekrológ] (Nú., 2001 szept. 24.); [Nekrológ] (Nú., 2002. márc. 23.); Péter; Polgár István: Dr. Maros Tibor professzor (Új Élet, 15. sz. 1966 aug.); Pop Tofolean-Fülöp; RMIL; Szöllősi 2009; TETT (1988/ 3); Tizenkét év; Visszajátszás (1984).</br></p>

<p>Hátszeg, 1923. nov. 9., † Debrecen, 2002. márc. 24. Mv.-en temették el: orvos, egyetemi tanár.– Felesége: Nagy Ilona (1923–1975), orvos.- Középiskolát Déván és Kv.-on végzett, egyetemi tanulmányait Kv. Bp. majd Mv.-en folytatta, ahol orvosi diplomát szerzett (1946). Pályáját Kv.-on az OGYI Anatómiai tanszékén kezdte mint gyakornok (1943), tanársegéd u.o. (1946–), Mv.-en adjunktus (1948–), egyetemi előadótanár [&hellip;]</p>
