{"id":14716,"date":"2025-07-15T13:11:09","date_gmt":"2025-07-15T11:11:09","guid":{"rendered":"https:\/\/uj.adatbank.ro\/lexikon\/termek\/marosi-barna\/"},"modified":"2025-07-15T13:11:09","modified_gmt":"2025-07-15T11:11:09","slug":"marosi-barna","status":"publish","type":"product","link":"https:\/\/uj.adatbank.ro\/lexikon\/termek\/marosi-barna\/","title":{"rendered":"MAROSI Barna"},"content":{"rendered":"<p>Mv., 1931 szept. 29., \u2020\u00a0Gyergy\u00f3, 2015, dec.11: vegy\u00e9szm\u00e9rn\u00f6k, \u00fajs\u00e1g\u00edr\u00f3, \u00edr\u00f3. \u2013 \u00c9retts\u00e9gizett a mv.-i Ref. Koll.-ban (1950.). A kv.-i BTE-en a k\u00e9mia szakon v\u00e9gzett (1954) \u00dajs\u00e1g\u00edr\u00f3i p\u00e1ly\u00e1ra l\u00e9pett a buk.-i El\u0151r\u00e9 munkat\u00e1rsa lett (1954\u201358), de az 1956-os magyar forradalom alatt tan\u00fas\u00edtott magatart\u00e1sa miatt fegyelmi \u00faton elt\u00e1vol\u00edtott\u00e1k a sajt\u00f3b\u00f3l. El\u0151bb a bukaresti Reactivul vegyi \u00fczem munk\u00e1sa (1958\u201359), a mv.-i cukorgy\u00e1rban k\u00e9mikus (1959\u201368), majd 1968-t\u00f3l az El\u0151re utaz\u00f3 riportere.1989 december\u00e9t\u0151l a Rom\u00e1niai Magyar Sz\u00f3 \u00faj folyam\u00e1nak szerkeszt\u0151-publicist\u00e1ja, majd a Duna televizi\u00f3 szerkeszt\u0151je lett. Els\u0151 \u00edr\u00e1s\u00e1t a mv.-i V\u00f6r\u00f6s Z\u00e1szl\u00f3 k\u00f6z\u00f6lte (1951). Mint riporter a Rom\u00e1nia minden t\u00e1jegys\u00e9g\u00e9re kiterjed\u0151 iparos\u00edt\u00e1s \u00e9s urbaniz\u00e1ci\u00f3 mindennapjait mutatta be k\u00f6zvetlen emberi sorsok k\u00e9p\u00e9ben a gyakorlatban szerzett szakmai beavatotts\u00e1ggal Az El\u0151re Kisk\u00f6nyvt\u00e1ra szerkeszt\u0151-bizotts\u00e1g\u00e1nak tagja s \u00fatirajz- vagy riportv\u00e1logat\u00e1sainak munkat\u00e1rsa.Hat riportreg\u00e9nye jelent meg, t\u00f6bb munk\u00e1j\u00e1t \u00f6sszegy\u0171jtve adt\u00e1k ki. \u2013 <strong>F. m.:<\/strong> Kapu utca 10 (kisreg\u00e9ny, 1965, 1969); Megbolygatott vil\u00e1g (riportok, 1974); S\u00fajt\u00f3l\u00e9gben \u2013 rezesband\u00e1val (Zsilv\u00f6lgyi napl\u00f3; Buk., 1979); <strong>t\u00e1rssz.:<\/strong> K\u00e9t h\u00e9t a Dun\u00e1n (D\u00e1nos Mikl\u00f3ssal, Buk., 1957), Cs\u0151posta (Beke Gy\u00f6rgy, Ken\u00e9z Ferenc; Buk., 1974); Emberarcok (Beke Gy\u00f6rgy, Cseke P\u00e9ter; Buk., 1976); V\u00e1s\u00e1rhelyi tal\u00e1lkoz\u00f3 = \u00c9l\u0151 l\u00e1nc \/<strong>szerk.:<\/strong> Gyarmath J\u00e1nos, Mih\u00e1lka Zolt\u00e1n, Sz\u0171cs Olga (Buk., 1990.); Feh\u00e9r k\u00f6nyv <strong>szerk.:<\/strong> Bern\u00e1dy Gy\u00f6rgy v\u00e1rosa (Mv., 1993); Feh\u00e9r k\u00f6nyv, az 1990. m\u00e1rcius 19 \u00e9s 20-i esem\u00e9nyek Mv.-en (Bp., 1991); <strong>antol\u00f3g.:<\/strong> Haz\u00e1nk \u00faj arca (Buk., 1986), Sok\u00e1g\u00fa term\u0151fa (Buk., 1986), Tenni \u00e9s teremteni (Buk., 1987), J\u00f6v\u0151\u00e9p\u00edt\u0151k (Buk., 1987); Marosv\u00e1s\u00e1rhely \u00e9s v\u00e1rtemploma (Mv., 1990); Feh\u00e9r k\u00f6nyv.Az 1990. m\u00e1rc. 19. \u00e9s 20-i esem\u00e9nyek Mv.-en (Bp., 1991); Er\u0151s v\u00e1runk: Koll\u00e9giumi eml\u00e9kk\u00f6nyv \/ szerk. Nagy P\u00e1l.(Mv., 1993); \u00c9p\u00fclt Dr. Bern\u00e1dy Gy\u00f6rgy polg\u00e1rmesters\u00e9ge idej\u00e9n Mv. a sz\u00e1zadfordul\u00f3n = Bern\u00e1dy Gy\u00f6rgy v\u00e1rosa (Mv., 1993); Bern\u00e1dy Gy\u00f6rgy eml\u00e9kezete \/Szerk..Nagy Mik\u00f3s Kund (Mv., 1999); <br \/><strong>Irod.:<\/strong> Elhunyt Marosi Barna (V\u00e1s\u00e1rhelyi H\u00edrlap, 2015.dec.23) EMKK 2010; N\u00fa., 2015.dec.23.; F\u00fcl\u00f6p; Kort\u00e1rs M\u00cdKL; Moln\u00e1r J\u00e1nos; RMIL; Simon Vir\u00e1g: Elhunyt M.B. (Kr\u00f3nika, 2015.dec.23.); Sipos<\/br><\/p>\n","protected":false},"excerpt":{"rendered":"<p>Mv., 1931 szept. 29., \u2020\u00a0Gyergy\u00f3, 2015, dec.11: vegy\u00e9szm\u00e9rn\u00f6k, \u00fajs\u00e1g\u00edr\u00f3, \u00edr\u00f3. \u2013 \u00c9retts\u00e9gizett a mv.-i Ref. Koll.-ban (1950.). A kv.-i BTE-en a k\u00e9mia szakon v\u00e9gzett (1954) \u00dajs\u00e1g\u00edr\u00f3i p\u00e1ly\u00e1ra l\u00e9pett a buk.-i El\u0151r\u00e9 munkat\u00e1rsa lett (1954\u201358), de az 1956-os magyar forradalom alatt tan\u00fas\u00edtott magatart\u00e1sa miatt fegyelmi \u00faton elt\u00e1vol\u00edtott\u00e1k a sajt\u00f3b\u00f3l. El\u0151bb a bukaresti Reactivul vegyi \u00fczem munk\u00e1sa [&hellip;]<\/p>\n","protected":false},"featured_media":0,"comment_status":"open","ping_status":"closed","template":"","meta":[],"product_brand":[],"product_cat":[137],"product_tag":[],"class_list":{"0":"post-14716","1":"product","2":"type-product","3":"status-publish","5":"product_cat-maros-megyei-eletrajzi-lexikon","7":"first","8":"instock","9":"shipping-taxable","10":"product-type-simple"},"_links":{"self":[{"href":"https:\/\/uj.adatbank.ro\/lexikon\/wp-json\/wp\/v2\/product\/14716","targetHints":{"allow":["GET"]}}],"collection":[{"href":"https:\/\/uj.adatbank.ro\/lexikon\/wp-json\/wp\/v2\/product"}],"about":[{"href":"https:\/\/uj.adatbank.ro\/lexikon\/wp-json\/wp\/v2\/types\/product"}],"replies":[{"embeddable":true,"href":"https:\/\/uj.adatbank.ro\/lexikon\/wp-json\/wp\/v2\/comments?post=14716"}],"wp:attachment":[{"href":"https:\/\/uj.adatbank.ro\/lexikon\/wp-json\/wp\/v2\/media?parent=14716"}],"wp:term":[{"taxonomy":"product_brand","embeddable":true,"href":"https:\/\/uj.adatbank.ro\/lexikon\/wp-json\/wp\/v2\/product_brand?post=14716"},{"taxonomy":"product_cat","embeddable":true,"href":"https:\/\/uj.adatbank.ro\/lexikon\/wp-json\/wp\/v2\/product_cat?post=14716"},{"taxonomy":"product_tag","embeddable":true,"href":"https:\/\/uj.adatbank.ro\/lexikon\/wp-json\/wp\/v2\/product_tag?post=14716"}],"curies":[{"name":"wp","href":"https:\/\/api.w.org\/{rel}","templated":true}]}}

<p>Mv., 1931 szept. 29., † Gyergyó, 2015, dec.11: vegyészmérnök, újságíró, író. – Érettségizett a mv.-i Ref. Koll.-ban (1950.). A kv.-i BTE-en a kémia szakon végzett (1954) Újságírói pályára lépett a buk.-i Előré munkatársa lett (1954–58), de az 1956-os magyar forradalom alatt tanúsított magatartása miatt fegyelmi úton eltávolították a sajtóból. Előbb a bukaresti Reactivul vegyi üzem munkása (1958–59), a mv.-i cukorgyárban kémikus (1959–68), majd 1968-tól az Előre utazó riportere.1989 decemberétől a Romániai Magyar Szó új folyamának szerkesztő-publicistája, majd a Duna televizió szerkesztője lett. Első írását a mv.-i Vörös Zászló közölte (1951). Mint riporter a Románia minden tájegységére kiterjedő iparosítás és urbanizáció mindennapjait mutatta be közvetlen emberi sorsok képében a gyakorlatban szerzett szakmai beavatottsággal Az Előre Kiskönyvtára szerkesztő-bizottságának tagja s útirajz- vagy riportválogatásainak munkatársa.Hat riportregénye jelent meg, több munkáját összegyűjtve adták ki. – <strong>F. m.:</strong> Kapu utca 10 (kisregény, 1965, 1969); Megbolygatott világ (riportok, 1974); Sújtólégben – rezesbandával (Zsilvölgyi napló; Buk., 1979); <strong>társsz.:</strong> Két hét a Dunán (Dános Miklóssal, Buk., 1957), Csőposta (Beke György, Kenéz Ferenc; Buk., 1974); Emberarcok (Beke György, Cseke Péter; Buk., 1976); Vásárhelyi találkozó = Élő lánc /<strong>szerk.:</strong> Gyarmath János, Mihálka Zoltán, Szűcs Olga (Buk., 1990.); Fehér könyv <strong>szerk.:</strong> Bernády György városa (Mv., 1993); Fehér könyv, az 1990. március 19 és 20-i események Mv.-en (Bp., 1991); <strong>antológ.:</strong> Hazánk új arca (Buk., 1986), Sokágú termőfa (Buk., 1986), Tenni és teremteni (Buk., 1987), Jövőépítők (Buk., 1987); Marosvásárhely és vártemploma (Mv., 1990); Fehér könyv.Az 1990. márc. 19. és 20-i események Mv.-en (Bp., 1991); Erős várunk: Kollégiumi emlékkönyv / szerk. Nagy Pál.(Mv., 1993); Épült Dr. Bernády György polgármestersége idején Mv. a századfordulón = Bernády György városa (Mv., 1993); Bernády György emlékezete /Szerk..Nagy Mikós Kund (Mv., 1999); <br /><strong>Irod.:</strong> Elhunyt Marosi Barna (Vásárhelyi Hírlap, 2015.dec.23) EMKK 2010; Nú., 2015.dec.23.; Fülöp; Kortárs MÍKL; Molnár János; RMIL; Simon Virág: Elhunyt M.B. (Krónika, 2015.dec.23.); Sipos</br></p>

<p>Mv., 1931 szept. 29., † Gyergyó, 2015, dec.11: vegyészmérnök, újságíró, író. – Érettségizett a mv.-i Ref. Koll.-ban (1950.). A kv.-i BTE-en a kémia szakon végzett (1954) Újságírói pályára lépett a buk.-i Előré munkatársa lett (1954–58), de az 1956-os magyar forradalom alatt tanúsított magatartása miatt fegyelmi úton eltávolították a sajtóból. Előbb a bukaresti Reactivul vegyi üzem munkása [&hellip;]</p>
