{"id":14730,"date":"2025-07-15T13:11:46","date_gmt":"2025-07-15T11:11:46","guid":{"rendered":"https:\/\/uj.adatbank.ro\/lexikon\/termek\/marosi-odonne-wagner-zsofia-hermina\/"},"modified":"2025-07-15T13:11:46","modified_gmt":"2025-07-15T11:11:46","slug":"marosi-odonne-wagner-zsofia-hermina","status":"publish","type":"product","link":"https:\/\/uj.adatbank.ro\/lexikon\/termek\/marosi-odonne-wagner-zsofia-hermina\/","title":{"rendered":"MAROSI \u00d6d\u00f6nn\u00e9, Wagner Zs\u00f3fia Hermina"},"content":{"rendered":"<p>1857. okt. 21., \u2020\u00a0?, 1951. szept. 8.: Molter K\u00e1roly any\u00f3sa. \u2013 Sz\u00e1szr\u00e9genbe \u00e9s Magyar\u00f3ra telepedett sz\u00e1sz \u0151sei jelent\u0151s erd\u0151ter\u00fcleteket birtokoltak, majd Mv.-re k\u00f6lt\u00f6ztek (19. sz. elej\u00e9n). Apja Wagner J\u00e1nos Frigyes, gazdag keresked\u0151. Els\u0151 f\u00e9rje Fekete K\u00e1roly \u00fcgyv\u00e9d, t\u00f6rv\u00e9nysz\u00e9ki b\u00edr\u00f3, k\u00e9t l\u00e1nyuk sz\u00fcletett: Margit (1881\u20131958) \u00e9s Hermin (1882\u20131967). M\u00e1sodik f\u00e9rje Marosi \u00d6d\u00f6n keresked\u0151 \u00e9s f\u00f6ldbirtokos. M\u00e9g h\u00e1rom gyermeke sz\u00fcletett, de csak Zs\u00f3fi\u00e1t (1898\u20131991) nevelhette fel. A csal\u00e1di vagyont kezelte, t\u00e1mogatta anyagilag a Molter csal\u00e1dot, az I. vh.-ban a vagyon egy r\u00e9sze elveszett a hadik\u00f6lcs\u00f6nnel, a vagyon t\u00f6bbi r\u00e9sz\u00e9t, a h\u00e1zakat, a f\u00f6ldet elvett\u00e9k (1948). <br \/><strong>Irod.:<\/strong> Molter 1.<\/br><\/p>\n","protected":false},"excerpt":{"rendered":"<p>1857. okt. 21., \u2020\u00a0?, 1951. szept. 8.: Molter K\u00e1roly any\u00f3sa. \u2013 Sz\u00e1szr\u00e9genbe \u00e9s Magyar\u00f3ra telepedett sz\u00e1sz \u0151sei jelent\u0151s erd\u0151ter\u00fcleteket birtokoltak, majd Mv.-re k\u00f6lt\u00f6ztek (19. sz. elej\u00e9n). Apja Wagner J\u00e1nos Frigyes, gazdag keresked\u0151. Els\u0151 f\u00e9rje Fekete K\u00e1roly \u00fcgyv\u00e9d, t\u00f6rv\u00e9nysz\u00e9ki b\u00edr\u00f3, k\u00e9t l\u00e1nyuk sz\u00fcletett: Margit (1881\u20131958) \u00e9s Hermin (1882\u20131967). M\u00e1sodik f\u00e9rje Marosi \u00d6d\u00f6n keresked\u0151 \u00e9s f\u00f6ldbirtokos. M\u00e9g [&hellip;]<\/p>\n","protected":false},"featured_media":0,"comment_status":"open","ping_status":"closed","template":"","meta":[],"product_brand":[],"product_cat":[137],"product_tag":[],"class_list":{"0":"post-14730","1":"product","2":"type-product","3":"status-publish","5":"product_cat-maros-megyei-eletrajzi-lexikon","7":"first","8":"instock","9":"shipping-taxable","10":"product-type-simple"},"_links":{"self":[{"href":"https:\/\/uj.adatbank.ro\/lexikon\/wp-json\/wp\/v2\/product\/14730","targetHints":{"allow":["GET"]}}],"collection":[{"href":"https:\/\/uj.adatbank.ro\/lexikon\/wp-json\/wp\/v2\/product"}],"about":[{"href":"https:\/\/uj.adatbank.ro\/lexikon\/wp-json\/wp\/v2\/types\/product"}],"replies":[{"embeddable":true,"href":"https:\/\/uj.adatbank.ro\/lexikon\/wp-json\/wp\/v2\/comments?post=14730"}],"wp:attachment":[{"href":"https:\/\/uj.adatbank.ro\/lexikon\/wp-json\/wp\/v2\/media?parent=14730"}],"wp:term":[{"taxonomy":"product_brand","embeddable":true,"href":"https:\/\/uj.adatbank.ro\/lexikon\/wp-json\/wp\/v2\/product_brand?post=14730"},{"taxonomy":"product_cat","embeddable":true,"href":"https:\/\/uj.adatbank.ro\/lexikon\/wp-json\/wp\/v2\/product_cat?post=14730"},{"taxonomy":"product_tag","embeddable":true,"href":"https:\/\/uj.adatbank.ro\/lexikon\/wp-json\/wp\/v2\/product_tag?post=14730"}],"curies":[{"name":"wp","href":"https:\/\/api.w.org\/{rel}","templated":true}]}}

MAROSI Ödönné, Wagner Zsófia Hermina

<p>1857. okt. 21., † ?, 1951. szept. 8.: Molter Károly anyósa. – Szászrégenbe és Magyaróra telepedett szász ősei jelentős erdőterületeket birtokoltak, majd Mv.-re költöztek (19. sz. elején). Apja Wagner János Frigyes, gazdag kereskedő. Első férje Fekete Károly ügyvéd, törvényszéki bíró, két lányuk született: Margit (1881–1958) és Hermin (1882–1967). Második férje Marosi Ödön kereskedő és földbirtokos. Még három gyermeke született, de csak Zsófiát (1898–1991) nevelhette fel. A családi vagyont kezelte, támogatta anyagilag a Molter családot, az I. vh.-ban a vagyon egy része elveszett a hadikölcsönnel, a vagyon többi részét, a házakat, a földet elvették (1948). <br /><strong>Irod.:</strong> Molter 1.</br></p>

<p>1857. okt. 21., † ?, 1951. szept. 8.: Molter Károly anyósa. – Szászrégenbe és Magyaróra telepedett szász ősei jelentős erdőterületeket birtokoltak, majd Mv.-re költöztek (19. sz. elején). Apja Wagner János Frigyes, gazdag kereskedő. Első férje Fekete Károly ügyvéd, törvényszéki bíró, két lányuk született: Margit (1881–1958) és Hermin (1882–1967). Második férje Marosi Ödön kereskedő és földbirtokos. Még [&hellip;]</p>
