{"id":14732,"date":"2025-07-15T13:11:49","date_gmt":"2025-07-15T11:11:49","guid":{"rendered":"https:\/\/uj.adatbank.ro\/lexikon\/termek\/marosi-peter-%c2%a7-molter-1943-ig\/"},"modified":"2025-07-15T13:11:49","modified_gmt":"2025-07-15T11:11:49","slug":"marosi-peter-%c2%a7-molter-1943-ig","status":"publish","type":"product","link":"https:\/\/uj.adatbank.ro\/lexikon\/termek\/marosi-peter-%c2%a7-molter-1943-ig\/","title":{"rendered":"MAROSI P\u00e9ter, \u00a7 Molter (1943-ig)"},"content":{"rendered":"<p>Mv., 1920. j\u00fan. 15., \u2020 Kv., 1998. szept.13., Mv.-i ref. temet\u0151ben nyugszik : szerkeszt\u0151, kritikus, irodalomt\u00f6rt\u00e9n\u00e9sz, sz\u00ednh\u00e1zigazgat\u00f3, tank\u00f6nyv\u00edr\u00f3. \u2013 Molter K\u00e1roly fia. Sz\u00fcl\u0151v\u00e1rosa Ref. Koll.-ban \u00e9retts\u00e9gizett (1939), majd elv\u00e9gezte a kv.-i Ref. Teol\u00f3gi\u00e1t (1943), ugyanakkor a FJTE-en filoz\u00f3fi\u00e1t hallgatott (1944), k\u00e9s\u0151bb a Bolyai TE-en m. nyelv \u00e9s irodalom szakos tan\u00e1ri diplom\u00e1t is szerzett (1952). R\u00f6vid ideig D\u00e9sen seg\u00e9dlelk\u00e9sz. R\u00e9szt vett a b\u00e1lv\u00e1nyosv\u00e1raljai falukutat\u00f3 munk\u00e1latokban (1940\u201344), valamint a Soli Deo Gloria s a Magyar \u00c9let rendez\u00e9s\u00e9ben lezajlott Balatonsz\u00e1rsz\u00f3i Konferenci\u00e1n (1943). A KZST tagja. Seg\u00e9dlelk\u00e9sz D\u00e9sen (1944), t\u00e1bori lelk\u00e9sz f\u0151hadnagy, Ausztri\u00e1ban \u00e9rte a h\u00e1bor\u00fa v\u00e9ge (1945. m\u00e1j.). N\u00e9gy \u00e9vig volt orosz fogs\u00e1gban, ahol megtanult j\u00f3l n\u00e9met\u00fcl mert n\u00e9met t\u00e1borban tartott\u00e1k, onnan j\u00f6tt haza (1947 \u0151sz\u00e9n). Mv.-en az Igaz Sz\u00f3 \u00e9s a Szabad Sz\u00f3 munkat\u00e1rsa; Kv.-on az Igazs\u00e1g szerkeszt\u0151je (1948\u201349), majd az Utunk munkat\u00e1rsa lett. A kv.-i \u00c1llami M. Sz\u00ednh\u00e1z ig.-ja (1949\u201352). Tev\u00e9kenys\u00e9g\u00e9t a korra jellemz\u0151 ellentmond\u00e1soss\u00e1g jellemzi. Mikor kider\u00fclt hogy nem minden \u00edr\u00e1sa felel meg a p\u00e1rt k\u00f6vetelm\u00e9nyeinek kitett\u00e9k a p\u00e1rtb\u00f3l. P\u00e1r \u00e9vig az \u00c1llami Irodalmi \u00e9s M\u0171v\u00e9szeti Kiad\u00f3 kv.-i szerkeszt\u0151je (1952\u201357), majd \u00fajra az Utunk bels\u0151 munkat\u00e1rsa (1957\u20131989), az irodalomkritikai rovat vezet\u0151je. Els\u0151 \u00edr\u00e1sai a Brass\u00f3i Lapokban jelentek meg, az Ifj\u00fa Erd\u00e9ly szerkeszt\u0151bizotts\u00e1gi tagja, k\u00f6z\u00f6lt a Hitel \u00e9s M\u00e1rcius, Igaz Sz\u00f3, Korunk, Igazs\u00e1g, Utunk-ban. A Rom\u00e1n \u00cdr\u00f3sz\u00f6vets\u00e9g D\u00edja (1980); a \u201eMeg\u00e9nekl\u00fcnk, Rom\u00e1nia\u201d Fesztiv\u00e1l D\u00edja (1981). \u2013 <strong>F. m.:<\/strong> F\u00e9nyesebb a l\u00e1ncn\u00e1l a kard : Pet\u0151fi harcos \u00f6r\u00f6ks\u00e9ge (Buk., 1949); Salamon Ern\u0151: A k\u00f6lt\u0151 \u00e9s a versek gy\u00f6ny\u00f6r\u0171 sorsa (Buk., 1969, 1972); Vil\u00e1g v\u00e9g\u00e9n virradat (Buk., 1980); t\u00e1rssz., <strong>antol\u00f3g.:<\/strong> Sz\u00e1rsz\u00f3 : Az 1943 \u00e9vi Balatonsz\u00e1rsz\u00f3i M. \u00c9let T\u00e1bor el\u0151ad\u00e1s- \u00e9s megbesz\u00e9l\u00e9s sorozata (Bp., 1943); Irodalmi sz\u00f6veggy\u0171jtem\u00e9ny. Tank\u00f6nyv a XII. oszt\u00e1ly sz\u00e1m\u00e1ra (Buk., 1969); A rom\u00e1niai m. irodalom t\u00f6rt\u00e9nete. tank\u00f6nyv a 12. oszt. sz. (D\u00e1vid Gyula- Sz\u00e1sz J\u00e1nossal, Buk, 1975, 1977, 1978, 1979); Humorunkn\u00e1l vagyunk \u2013 K\u00fcl\u00f6nf\u00e9le irodalmi vid\u00e1ms\u00e1gok (Mv., 2000); <strong>ford.:<\/strong> Dumitru Mircea: Feh\u00e9r keny\u00e9r (Buk., 1954); <strong>szerk.:<\/strong> Salamon Ern\u0151: Dal ut\u00f3doknak. (ut\u00f3sz\u00f3\u00a0; Buk., 1961); Kiss J\u00e1nos: Tegnapt\u00f3l holnapig (el\u0151sz\u00f3; Buk., 1966); Telegdi Magda: Nyugtalan sz\u00ednek. (el\u0151sz\u00f3; Buk., 1966); L\u00e9tay Lajos legszebb versei. (el\u0151sz\u00f3; Buk., 1967); Szab\u00f3 Gyula: Laczk\u00f3 R\u00f3zsa ballad\u00e1ja. (el\u0151sz\u00f3; Buk., 1968). <br \/><strong>Irod.:<\/strong> Berekm\u00e9ri; Clujeni ai sec. 20; K\u00e1ntor\u2013L\u00e1ng; KKACS; KM\u00cd; Kort\u00e1rs M\u00cdKL; Kusz\u00e1lik; M. irodalomt\u00f6rt\u00e9net bibliogr\u00e1fi\u00e1ja. 8. k\u00f6t., 1945\u20131970. Szem\u00e9lyi r\u00e9sz.(Bp., 1991); Marosi-KZST; M. P.-t\u0151l b\u00facs\u00fazik G\u00e1ll Ern\u0151, K\u00e1ntor Lajos, M\u00f3zes Attila, Szil\u00e1gyi Istv\u00e1n (Helikon, 18. sz., 1998. szept. 25.); Molter 1.; MSZL; Nagy P\u00e1l: Gond; Nagy P\u00e1l: M. P.-r\u0151l \u2013 m\u00falt id\u0151ben (N\u00fa., 1998. szept. 17.); [Nekrol\u00f3g] (N\u00fa., 1998. szept. 15.); Pomog\u00e1ts 1; R\u00e9thy\u2013V\u00e1czy; RMIL; RMKK; R\u00daL; Sipos; \u00daMIL<\/br><\/p>\n","protected":false},"excerpt":{"rendered":"<p>Mv., 1920. j\u00fan. 15., \u2020 Kv., 1998. szept.13., Mv.-i ref. temet\u0151ben nyugszik : szerkeszt\u0151, kritikus, irodalomt\u00f6rt\u00e9n\u00e9sz, sz\u00ednh\u00e1zigazgat\u00f3, tank\u00f6nyv\u00edr\u00f3. \u2013 Molter K\u00e1roly fia. Sz\u00fcl\u0151v\u00e1rosa Ref. Koll.-ban \u00e9retts\u00e9gizett (1939), majd elv\u00e9gezte a kv.-i Ref. Teol\u00f3gi\u00e1t (1943), ugyanakkor a FJTE-en filoz\u00f3fi\u00e1t hallgatott (1944), k\u00e9s\u0151bb a Bolyai TE-en m. nyelv \u00e9s irodalom szakos tan\u00e1ri diplom\u00e1t is szerzett (1952). R\u00f6vid [&hellip;]<\/p>\n","protected":false},"featured_media":0,"comment_status":"open","ping_status":"closed","template":"","meta":[],"product_brand":[],"product_cat":[137],"product_tag":[],"class_list":{"0":"post-14732","1":"product","2":"type-product","3":"status-publish","5":"product_cat-maros-megyei-eletrajzi-lexikon","7":"first","8":"instock","9":"shipping-taxable","10":"product-type-simple"},"_links":{"self":[{"href":"https:\/\/uj.adatbank.ro\/lexikon\/wp-json\/wp\/v2\/product\/14732","targetHints":{"allow":["GET"]}}],"collection":[{"href":"https:\/\/uj.adatbank.ro\/lexikon\/wp-json\/wp\/v2\/product"}],"about":[{"href":"https:\/\/uj.adatbank.ro\/lexikon\/wp-json\/wp\/v2\/types\/product"}],"replies":[{"embeddable":true,"href":"https:\/\/uj.adatbank.ro\/lexikon\/wp-json\/wp\/v2\/comments?post=14732"}],"wp:attachment":[{"href":"https:\/\/uj.adatbank.ro\/lexikon\/wp-json\/wp\/v2\/media?parent=14732"}],"wp:term":[{"taxonomy":"product_brand","embeddable":true,"href":"https:\/\/uj.adatbank.ro\/lexikon\/wp-json\/wp\/v2\/product_brand?post=14732"},{"taxonomy":"product_cat","embeddable":true,"href":"https:\/\/uj.adatbank.ro\/lexikon\/wp-json\/wp\/v2\/product_cat?post=14732"},{"taxonomy":"product_tag","embeddable":true,"href":"https:\/\/uj.adatbank.ro\/lexikon\/wp-json\/wp\/v2\/product_tag?post=14732"}],"curies":[{"name":"wp","href":"https:\/\/api.w.org\/{rel}","templated":true}]}}

MAROSI Péter, § Molter (1943-ig)

<p>Mv., 1920. jún. 15., † Kv., 1998. szept.13., Mv.-i ref. temetőben nyugszik : szerkesztő, kritikus, irodalomtörténész, színházigazgató, tankönyvíró. – Molter Károly fia. Szülővárosa Ref. Koll.-ban érettségizett (1939), majd elvégezte a kv.-i Ref. Teológiát (1943), ugyanakkor a FJTE-en filozófiát hallgatott (1944), később a Bolyai TE-en m. nyelv és irodalom szakos tanári diplomát is szerzett (1952). Rövid ideig Désen segédlelkész. Részt vett a bálványosváraljai falukutató munkálatokban (1940–44), valamint a Soli Deo Gloria s a Magyar Élet rendezésében lezajlott Balatonszárszói Konferencián (1943). A KZST tagja. Segédlelkész Désen (1944), tábori lelkész főhadnagy, Ausztriában érte a háború vége (1945. máj.). Négy évig volt orosz fogságban, ahol megtanult jól németül mert német táborban tartották, onnan jött haza (1947 őszén). Mv.-en az Igaz Szó és a Szabad Szó munkatársa; Kv.-on az Igazság szerkesztője (1948–49), majd az Utunk munkatársa lett. A kv.-i Állami M. Színház ig.-ja (1949–52). Tevékenységét a korra jellemző ellentmondásosság jellemzi. Mikor kiderült hogy nem minden írása felel meg a párt követelményeinek kitették a pártból. Pár évig az Állami Irodalmi és Művészeti Kiadó kv.-i szerkesztője (1952–57), majd újra az Utunk belső munkatársa (1957–1989), az irodalomkritikai rovat vezetője. Első írásai a Brassói Lapokban jelentek meg, az Ifjú Erdély szerkesztőbizottsági tagja, közölt a Hitel és Március, Igaz Szó, Korunk, Igazság, Utunk-ban. A Román Írószövetség Díja (1980); a „Megéneklünk, Románia” Fesztivál Díja (1981). – <strong>F. m.:</strong> Fényesebb a láncnál a kard : Petőfi harcos öröksége (Buk., 1949); Salamon Ernő: A költő és a versek gyönyörű sorsa (Buk., 1969, 1972); Világ végén virradat (Buk., 1980); társsz., <strong>antológ.:</strong> Szárszó : Az 1943 évi Balatonszárszói M. Élet Tábor előadás- és megbeszélés sorozata (Bp., 1943); Irodalmi szöveggyűjtemény. Tankönyv a XII. osztály számára (Buk., 1969); A romániai m. irodalom története. tankönyv a 12. oszt. sz. (Dávid Gyula- Szász Jánossal, Buk, 1975, 1977, 1978, 1979); Humorunknál vagyunk – Különféle irodalmi vidámságok (Mv., 2000); <strong>ford.:</strong> Dumitru Mircea: Fehér kenyér (Buk., 1954); <strong>szerk.:</strong> Salamon Ernő: Dal utódoknak. (utószó ; Buk., 1961); Kiss János: Tegnaptól holnapig (előszó; Buk., 1966); Telegdi Magda: Nyugtalan színek. (előszó; Buk., 1966); Létay Lajos legszebb versei. (előszó; Buk., 1967); Szabó Gyula: Laczkó Rózsa balladája. (előszó; Buk., 1968). <br /><strong>Irod.:</strong> Berekméri; Clujeni ai sec. 20; Kántor–Láng; KKACS; KMÍ; Kortárs MÍKL; Kuszálik; M. irodalomtörténet bibliográfiája. 8. köt., 1945–1970. Személyi rész.(Bp., 1991); Marosi-KZST; M. P.-től búcsúzik Gáll Ernő, Kántor Lajos, Mózes Attila, Szilágyi István (Helikon, 18. sz., 1998. szept. 25.); Molter 1.; MSZL; Nagy Pál: Gond; Nagy Pál: M. P.-ről – múlt időben (Nú., 1998. szept. 17.); [Nekrológ] (Nú., 1998. szept. 15.); Pomogáts 1; Réthy–Váczy; RMIL; RMKK; RÚL; Sipos; ÚMIL</br></p>

<p>Mv., 1920. jún. 15., † Kv., 1998. szept.13., Mv.-i ref. temetőben nyugszik : szerkesztő, kritikus, irodalomtörténész, színházigazgató, tankönyvíró. – Molter Károly fia. Szülővárosa Ref. Koll.-ban érettségizett (1939), majd elvégezte a kv.-i Ref. Teológiát (1943), ugyanakkor a FJTE-en filozófiát hallgatott (1944), később a Bolyai TE-en m. nyelv és irodalom szakos tanári diplomát is szerzett (1952). Rövid [&hellip;]</p>
