{"id":14733,"date":"2025-07-15T13:11:51","date_gmt":"2025-07-15T11:11:51","guid":{"rendered":"https:\/\/uj.adatbank.ro\/lexikon\/termek\/marosi-sara-hamorszki-samuelne\/"},"modified":"2025-07-15T13:11:51","modified_gmt":"2025-07-15T11:11:51","slug":"marosi-sara-hamorszki-samuelne","status":"publish","type":"product","link":"https:\/\/uj.adatbank.ro\/lexikon\/termek\/marosi-sara-hamorszki-samuelne\/","title":{"rendered":"MAROSI S\u00e1ra, Hamorszki S\u00e1mueln\u00e9"},"content":{"rendered":"<p>1803.? \u2020 Mv., 1878. m\u00e1j. 5.: ? F\u00e9rje: 1. Hamorszki S\u00e1muel, gyermekeik: H. Istv\u00e1n, H. Karolina, Kreszta K\u00e1rolyn\u00e9; H. Anna, , H. Lajos; H. Istv\u00e1n; 2. So\u00f3s Gy\u00f6rgy, v\u00e1rosi tan\u00e1csos. \u2013 M. kir. igazs\u00e1g\u00fcgyminiszteri sz\u00e1mtan\u00e1csos. <br \/><strong>Irod.:<\/strong> Gy\u00e1szjelent\u0151<\/br><\/p>\n","protected":false},"excerpt":{"rendered":"<p>1803.? \u2020 Mv., 1878. m\u00e1j. 5.: ? F\u00e9rje: 1. Hamorszki S\u00e1muel, gyermekeik: H. Istv\u00e1n, H. Karolina, Kreszta K\u00e1rolyn\u00e9; H. Anna, , H. Lajos; H. Istv\u00e1n; 2. So\u00f3s Gy\u00f6rgy, v\u00e1rosi tan\u00e1csos. \u2013 M. kir. igazs\u00e1g\u00fcgyminiszteri sz\u00e1mtan\u00e1csos. Irod.: Gy\u00e1szjelent\u0151<\/p>\n","protected":false},"featured_media":0,"comment_status":"open","ping_status":"closed","template":"","meta":[],"product_brand":[],"product_cat":[137],"product_tag":[],"class_list":{"0":"post-14733","1":"product","2":"type-product","3":"status-publish","5":"product_cat-maros-megyei-eletrajzi-lexikon","7":"first","8":"instock","9":"shipping-taxable","10":"product-type-simple"},"_links":{"self":[{"href":"https:\/\/uj.adatbank.ro\/lexikon\/wp-json\/wp\/v2\/product\/14733","targetHints":{"allow":["GET"]}}],"collection":[{"href":"https:\/\/uj.adatbank.ro\/lexikon\/wp-json\/wp\/v2\/product"}],"about":[{"href":"https:\/\/uj.adatbank.ro\/lexikon\/wp-json\/wp\/v2\/types\/product"}],"replies":[{"embeddable":true,"href":"https:\/\/uj.adatbank.ro\/lexikon\/wp-json\/wp\/v2\/comments?post=14733"}],"wp:attachment":[{"href":"https:\/\/uj.adatbank.ro\/lexikon\/wp-json\/wp\/v2\/media?parent=14733"}],"wp:term":[{"taxonomy":"product_brand","embeddable":true,"href":"https:\/\/uj.adatbank.ro\/lexikon\/wp-json\/wp\/v2\/product_brand?post=14733"},{"taxonomy":"product_cat","embeddable":true,"href":"https:\/\/uj.adatbank.ro\/lexikon\/wp-json\/wp\/v2\/product_cat?post=14733"},{"taxonomy":"product_tag","embeddable":true,"href":"https:\/\/uj.adatbank.ro\/lexikon\/wp-json\/wp\/v2\/product_tag?post=14733"}],"curies":[{"name":"wp","href":"https:\/\/api.w.org\/{rel}","templated":true}]}}