{"id":14757,"date":"2025-07-15T13:12:39","date_gmt":"2025-07-15T11:12:39","guid":{"rendered":"https:\/\/uj.adatbank.ro\/lexikon\/termek\/martha-ivor-dr\/"},"modified":"2025-07-15T13:12:39","modified_gmt":"2025-07-15T11:12:39","slug":"martha-ivor-dr","status":"publish","type":"product","link":"https:\/\/uj.adatbank.ro\/lexikon\/termek\/martha-ivor-dr\/","title":{"rendered":"M\u00c1RTHA Ivor, dr."},"content":{"rendered":"<p>Szatm\u00e1rn\u00e9meti, 1928. szept. 9., \u2020 Mv., 2007. aug. 17.: f\u0151orvos, urol\u00f3gus szakorvos. \u2013 Feles\u00e9ge: Papp Ilona (1935.szept.30.- szem\u00e9szorvos). \u2013 Szatm\u00e1ron a K\u00f6lcsey Ferenc Gimn.-ban \u00e9retts\u00e9gizett (1947), a MOGYI-n \u00e1ltal\u00e1nos orvosi \u00e9rdemdiplom\u00e1t szerzett (1953). Az Urol\u00f3gia Klinik\u00e1n gyakornok, alorvos (1953\u201359), szakorvos (1959\u201378), f\u0151orvos (1978\u2013), az orvostudom\u00e1nyok doktora (1978). A Rom\u00e1n Urol\u00f3giai T\u00e1rsas\u00e1g tagja. Kutat\u00e1si ter\u00fclete a vese TBC, a vese \u00e9s a prosztata daganatos megbeteged\u00e9sei \u00e9s azok seb\u00e9szi megold\u00e1sai. Az Erd\u00e9llyi Ref. Egyh\u00e1zker\u00fclet f\u0151gondnoka (1995\u20132000), majd tiszteletbeli f\u0151gondnok. \u2013 <strong>F. m.:<\/strong> Manual de urologie (1989); Manual de patologie urinar\u0103 (Buc., 1990); <strong>t\u00e1rssz.:<\/strong> Urol\u00f3gia jegyzet (Mv., 1981, 1990); Curs de urologie (1989); Urologie (Buc, 1990). <br \/><strong>Irod.:<\/strong> Gy\u00e1rf\u00e1s 2013; EMKK; Genersich; Gy\u00e1rf\u00e1s 2013; Gy\u00e1rf\u00e1s L. Mikl\u00f3s: Dr. Balogh Ern\u0151 \u00e9s Dr. M\u00e1rtha Ivor (V. Z., 1980. j\u00fan. 8.); Kiss\u2013P\u00e9terffy\u2013P\u00e9terffy; Kiss Cs. M 4.; Mezey Sarolta: K\u00f6nyv dr. M. I. eml\u00e9k\u00e9re [M\u00e1rtha Orsolya: Az \u00e9jszakai \u00e1gybav\u00edzel\u00e9s korszer\u0171 szeml\u00e9lete] (N\u00fa., 2009. febr. 14.); N\u00fa (2009. aug. 18); P\u00e9ter; RMIL<\/br><\/p>\n","protected":false},"excerpt":{"rendered":"<p>Szatm\u00e1rn\u00e9meti, 1928. szept. 9., \u2020 Mv., 2007. aug. 17.: f\u0151orvos, urol\u00f3gus szakorvos. \u2013 Feles\u00e9ge: Papp Ilona (1935.szept.30.- szem\u00e9szorvos). \u2013 Szatm\u00e1ron a K\u00f6lcsey Ferenc Gimn.-ban \u00e9retts\u00e9gizett (1947), a MOGYI-n \u00e1ltal\u00e1nos orvosi \u00e9rdemdiplom\u00e1t szerzett (1953). Az Urol\u00f3gia Klinik\u00e1n gyakornok, alorvos (1953\u201359), szakorvos (1959\u201378), f\u0151orvos (1978\u2013), az orvostudom\u00e1nyok doktora (1978). A Rom\u00e1n Urol\u00f3giai T\u00e1rsas\u00e1g tagja. Kutat\u00e1si ter\u00fclete a [&hellip;]<\/p>\n","protected":false},"featured_media":0,"comment_status":"open","ping_status":"closed","template":"","meta":[],"product_brand":[],"product_cat":[137],"product_tag":[],"class_list":{"0":"post-14757","1":"product","2":"type-product","3":"status-publish","5":"product_cat-maros-megyei-eletrajzi-lexikon","7":"first","8":"instock","9":"shipping-taxable","10":"product-type-simple"},"_links":{"self":[{"href":"https:\/\/uj.adatbank.ro\/lexikon\/wp-json\/wp\/v2\/product\/14757","targetHints":{"allow":["GET"]}}],"collection":[{"href":"https:\/\/uj.adatbank.ro\/lexikon\/wp-json\/wp\/v2\/product"}],"about":[{"href":"https:\/\/uj.adatbank.ro\/lexikon\/wp-json\/wp\/v2\/types\/product"}],"replies":[{"embeddable":true,"href":"https:\/\/uj.adatbank.ro\/lexikon\/wp-json\/wp\/v2\/comments?post=14757"}],"wp:attachment":[{"href":"https:\/\/uj.adatbank.ro\/lexikon\/wp-json\/wp\/v2\/media?parent=14757"}],"wp:term":[{"taxonomy":"product_brand","embeddable":true,"href":"https:\/\/uj.adatbank.ro\/lexikon\/wp-json\/wp\/v2\/product_brand?post=14757"},{"taxonomy":"product_cat","embeddable":true,"href":"https:\/\/uj.adatbank.ro\/lexikon\/wp-json\/wp\/v2\/product_cat?post=14757"},{"taxonomy":"product_tag","embeddable":true,"href":"https:\/\/uj.adatbank.ro\/lexikon\/wp-json\/wp\/v2\/product_tag?post=14757"}],"curies":[{"name":"wp","href":"https:\/\/api.w.org\/{rel}","templated":true}]}}

MÁRTHA Ivor, dr.

<p>Szatmárnémeti, 1928. szept. 9., † Mv., 2007. aug. 17.: főorvos, urológus szakorvos. – Felesége: Papp Ilona (1935.szept.30.- szemészorvos). – Szatmáron a Kölcsey Ferenc Gimn.-ban érettségizett (1947), a MOGYI-n általános orvosi érdemdiplomát szerzett (1953). Az Urológia Klinikán gyakornok, alorvos (1953–59), szakorvos (1959–78), főorvos (1978–), az orvostudományok doktora (1978). A Román Urológiai Társaság tagja. Kutatási területe a vese TBC, a vese és a prosztata daganatos megbetegedései és azok sebészi megoldásai. Az Erdéllyi Ref. Egyházkerület főgondnoka (1995–2000), majd tiszteletbeli főgondnok. – <strong>F. m.:</strong> Manual de urologie (1989); Manual de patologie urinară (Buc., 1990); <strong>társsz.:</strong> Urológia jegyzet (Mv., 1981, 1990); Curs de urologie (1989); Urologie (Buc, 1990). <br /><strong>Irod.:</strong> Gyárfás 2013; EMKK; Genersich; Gyárfás 2013; Gyárfás L. Miklós: Dr. Balogh Ernő és Dr. Mártha Ivor (V. Z., 1980. jún. 8.); Kiss–Péterffy–Péterffy; Kiss Cs. M 4.; Mezey Sarolta: Könyv dr. M. I. emlékére [Mártha Orsolya: Az éjszakai ágybavízelés korszerű szemlélete] (Nú., 2009. febr. 14.); Nú (2009. aug. 18); Péter; RMIL</br></p>

<p>Szatmárnémeti, 1928. szept. 9., † Mv., 2007. aug. 17.: főorvos, urológus szakorvos. – Felesége: Papp Ilona (1935.szept.30.- szemészorvos). – Szatmáron a Kölcsey Ferenc Gimn.-ban érettségizett (1947), a MOGYI-n általános orvosi érdemdiplomát szerzett (1953). Az Urológia Klinikán gyakornok, alorvos (1953–59), szakorvos (1959–78), főorvos (1978–), az orvostudományok doktora (1978). A Román Urológiai Társaság tagja. Kutatási területe a [&hellip;]</p>
