{"id":14764,"date":"2025-07-15T13:12:53","date_gmt":"2025-07-15T11:12:53","guid":{"rendered":"https:\/\/uj.adatbank.ro\/lexikon\/termek\/martin-emmrich\/"},"modified":"2025-07-15T13:12:53","modified_gmt":"2025-07-15T11:12:53","slug":"martin-emmrich","status":"publish","type":"product","link":"https:\/\/uj.adatbank.ro\/lexikon\/termek\/martin-emmrich\/","title":{"rendered":"MARTIN, Emmrich"},"content":{"rendered":"<p>Beszterce, 1812., \u2020 ? 1892. : gy\u00f3gyszer\u00e9sz, tud. kutat\u00f3. \u2013 Tanulm\u00e1nyai befejezt\u00e9vel R\u00e9henben m\u0171k\u00f6d\u00f6tt mint gy\u00f3gyszer\u00e9sz, a Stefan Czoppelt \u00e1ltal l\u00e9tes\u00edtett patik\u00e1ban. Szerepet j\u00e1tszott az 1848\u201349 es forradalomban, r\u00e9szt vett a v\u00e1ros vezet\u00e9s\u00e9ben, seg\u00edtette az evang. Gimn\u00e1ziumot. \u2013 <strong>F. m.:<\/strong> Geschichte S\u00e4chsisch \u2013 Regens in den Jahren 1848\u201349 (1862)\u2026 Istoria gl\u0103j\u0103riilorndin Transilvania. <br \/><strong>Irod.:<\/strong> Regh. Cult. (2)<\/br><\/p>\n","protected":false},"excerpt":{"rendered":"<p>Beszterce, 1812., \u2020 ? 1892. : gy\u00f3gyszer\u00e9sz, tud. kutat\u00f3. \u2013 Tanulm\u00e1nyai befejezt\u00e9vel R\u00e9henben m\u0171k\u00f6d\u00f6tt mint gy\u00f3gyszer\u00e9sz, a Stefan Czoppelt \u00e1ltal l\u00e9tes\u00edtett patik\u00e1ban. Szerepet j\u00e1tszott az 1848\u201349 es forradalomban, r\u00e9szt vett a v\u00e1ros vezet\u00e9s\u00e9ben, seg\u00edtette az evang. Gimn\u00e1ziumot. \u2013 F. m.: Geschichte S\u00e4chsisch \u2013 Regens in den Jahren 1848\u201349 (1862)\u2026 Istoria gl\u0103j\u0103riilorndin Transilvania. Irod.: Regh. Cult. [&hellip;]<\/p>\n","protected":false},"featured_media":0,"comment_status":"open","ping_status":"closed","template":"","meta":[],"product_brand":[],"product_cat":[137],"product_tag":[],"class_list":{"0":"post-14764","1":"product","2":"type-product","3":"status-publish","5":"product_cat-maros-megyei-eletrajzi-lexikon","7":"first","8":"instock","9":"shipping-taxable","10":"product-type-simple"},"_links":{"self":[{"href":"https:\/\/uj.adatbank.ro\/lexikon\/wp-json\/wp\/v2\/product\/14764","targetHints":{"allow":["GET"]}}],"collection":[{"href":"https:\/\/uj.adatbank.ro\/lexikon\/wp-json\/wp\/v2\/product"}],"about":[{"href":"https:\/\/uj.adatbank.ro\/lexikon\/wp-json\/wp\/v2\/types\/product"}],"replies":[{"embeddable":true,"href":"https:\/\/uj.adatbank.ro\/lexikon\/wp-json\/wp\/v2\/comments?post=14764"}],"wp:attachment":[{"href":"https:\/\/uj.adatbank.ro\/lexikon\/wp-json\/wp\/v2\/media?parent=14764"}],"wp:term":[{"taxonomy":"product_brand","embeddable":true,"href":"https:\/\/uj.adatbank.ro\/lexikon\/wp-json\/wp\/v2\/product_brand?post=14764"},{"taxonomy":"product_cat","embeddable":true,"href":"https:\/\/uj.adatbank.ro\/lexikon\/wp-json\/wp\/v2\/product_cat?post=14764"},{"taxonomy":"product_tag","embeddable":true,"href":"https:\/\/uj.adatbank.ro\/lexikon\/wp-json\/wp\/v2\/product_tag?post=14764"}],"curies":[{"name":"wp","href":"https:\/\/api.w.org\/{rel}","templated":true}]}}

<p>Beszterce, 1812., † ? 1892. : gyógyszerész, tud. kutató. – Tanulmányai befejeztével Réhenben működött mint gyógyszerész, a Stefan Czoppelt által létesített patikában. Szerepet játszott az 1848–49 es forradalomban, részt vett a város vezetésében, segítette az evang. Gimnáziumot. – <strong>F. m.:</strong> Geschichte Sächsisch – Regens in den Jahren 1848–49 (1862)… Istoria glăjăriilorndin Transilvania. <br /><strong>Irod.:</strong> Regh. Cult. (2)</br></p>

<p>Beszterce, 1812., † ? 1892. : gyógyszerész, tud. kutató. – Tanulmányai befejeztével Réhenben működött mint gyógyszerész, a Stefan Czoppelt által létesített patikában. Szerepet játszott az 1848–49 es forradalomban, részt vett a város vezetésében, segítette az evang. Gimnáziumot. – F. m.: Geschichte Sächsisch – Regens in den Jahren 1848–49 (1862)… Istoria glăjăriilorndin Transilvania. Irod.: Regh. Cult. [&hellip;]</p>
