{"id":14773,"date":"2025-07-15T13:13:09","date_gmt":"2025-07-15T11:13:09","guid":{"rendered":"https:\/\/uj.adatbank.ro\/lexikon\/termek\/marton-3\/"},"modified":"2025-07-15T13:13:09","modified_gmt":"2025-07-15T11:13:09","slug":"marton-3","status":"publish","type":"product","link":"https:\/\/uj.adatbank.ro\/lexikon\/termek\/marton-3\/","title":{"rendered":"M\u00c1RTON"},"content":{"rendered":"<p>? \u2020\u00a0?\u00a0: r. k. pap. \u2013 A nagy\u00f6lyvesi pl\u00e9b\u00e1niatemplom pl\u00e9b\u00e1nosa, a r\u00e9geni ker\u00fclet d\u00e9k\u00e1nja is (1444). <br \/><strong>Irod.:<\/strong> L\u00e9sty\u00e1n \u2013 templomok 1. ezt ellen\u0151riztem \u00edgy van L\u00e9sty\u00e1nn\u00e1l<\/br><\/p>\n","protected":false},"excerpt":{"rendered":"<p>? \u2020\u00a0?\u00a0: r. k. pap. \u2013 A nagy\u00f6lyvesi pl\u00e9b\u00e1niatemplom pl\u00e9b\u00e1nosa, a r\u00e9geni ker\u00fclet d\u00e9k\u00e1nja is (1444). Irod.: L\u00e9sty\u00e1n \u2013 templomok 1. ezt ellen\u0151riztem \u00edgy van L\u00e9sty\u00e1nn\u00e1l<\/p>\n","protected":false},"featured_media":0,"comment_status":"open","ping_status":"closed","template":"","meta":[],"product_brand":[],"product_cat":[137],"product_tag":[],"class_list":{"0":"post-14773","1":"product","2":"type-product","3":"status-publish","5":"product_cat-maros-megyei-eletrajzi-lexikon","7":"first","8":"instock","9":"shipping-taxable","10":"product-type-simple"},"_links":{"self":[{"href":"https:\/\/uj.adatbank.ro\/lexikon\/wp-json\/wp\/v2\/product\/14773","targetHints":{"allow":["GET"]}}],"collection":[{"href":"https:\/\/uj.adatbank.ro\/lexikon\/wp-json\/wp\/v2\/product"}],"about":[{"href":"https:\/\/uj.adatbank.ro\/lexikon\/wp-json\/wp\/v2\/types\/product"}],"replies":[{"embeddable":true,"href":"https:\/\/uj.adatbank.ro\/lexikon\/wp-json\/wp\/v2\/comments?post=14773"}],"wp:attachment":[{"href":"https:\/\/uj.adatbank.ro\/lexikon\/wp-json\/wp\/v2\/media?parent=14773"}],"wp:term":[{"taxonomy":"product_brand","embeddable":true,"href":"https:\/\/uj.adatbank.ro\/lexikon\/wp-json\/wp\/v2\/product_brand?post=14773"},{"taxonomy":"product_cat","embeddable":true,"href":"https:\/\/uj.adatbank.ro\/lexikon\/wp-json\/wp\/v2\/product_cat?post=14773"},{"taxonomy":"product_tag","embeddable":true,"href":"https:\/\/uj.adatbank.ro\/lexikon\/wp-json\/wp\/v2\/product_tag?post=14773"}],"curies":[{"name":"wp","href":"https:\/\/api.w.org\/{rel}","templated":true}]}}