{"id":14780,"date":"2025-07-15T13:13:22","date_gmt":"2025-07-15T11:13:22","guid":{"rendered":"https:\/\/uj.adatbank.ro\/lexikon\/termek\/marton-andras-marton-andor\/"},"modified":"2025-07-15T13:13:22","modified_gmt":"2025-07-15T11:13:22","slug":"marton-andras-marton-andor","status":"publish","type":"product","link":"https:\/\/uj.adatbank.ro\/lexikon\/termek\/marton-andras-marton-andor\/","title":{"rendered":"M\u00c1RTON Andr\u00e1s, M\u00e1rton Andor"},"content":{"rendered":"<p>Cs\u00edkszentm\u00e1rton, 1881.febr. 18., \u2020 Kv., 1947. nov. 26.: r. k. pap. \u2013 Tanulm\u00e1nyait Sz\u00e9kelyudvarhelyen, Temesv\u00e1ron \u00e9s Gyulafeh\u00e9rv\u00e1ron v\u00e9gezte. Papp\u00e1 szentelt\u00e9k (1903. j\u00fan. 26.). K\u00e1pl\u00e1n Gyulafeh\u00e9rv\u00e1ron \u00e9s p\u00fcsp\u00f6ki titk\u00e1r (1906), k\u00e1pl\u00e1n \u00e9s hittan\u00e1r Nagyszebenben (1908). Lelkip\u00e1sztor Sz\u00e1szr\u00e9genben (1914\u201316), Nagyszebenben (1916). Pl\u00e9b\u00e1nos Et\u00e9den (1923\u201328), S\u00e1rpatakon (1928\u201334). K\u00e1pl\u00e1n Vulk\u00e1nban (1934), kiseg\u00edt\u0151 lelkip\u00e1sztor Magyarl\u00e1poson, Kv.-on (1938), lelkip\u00e1sztor Piskitelepen. <br \/><strong>Irod.:<\/strong><\/br><\/p>\n","protected":false},"excerpt":{"rendered":"<p>Cs\u00edkszentm\u00e1rton, 1881.febr. 18., \u2020 Kv., 1947. nov. 26.: r. k. pap. \u2013 Tanulm\u00e1nyait Sz\u00e9kelyudvarhelyen, Temesv\u00e1ron \u00e9s Gyulafeh\u00e9rv\u00e1ron v\u00e9gezte. Papp\u00e1 szentelt\u00e9k (1903. j\u00fan. 26.). K\u00e1pl\u00e1n Gyulafeh\u00e9rv\u00e1ron \u00e9s p\u00fcsp\u00f6ki titk\u00e1r (1906), k\u00e1pl\u00e1n \u00e9s hittan\u00e1r Nagyszebenben (1908). Lelkip\u00e1sztor Sz\u00e1szr\u00e9genben (1914\u201316), Nagyszebenben (1916). Pl\u00e9b\u00e1nos Et\u00e9den (1923\u201328), S\u00e1rpatakon (1928\u201334). K\u00e1pl\u00e1n Vulk\u00e1nban (1934), kiseg\u00edt\u0151 lelkip\u00e1sztor Magyarl\u00e1poson, Kv.-on (1938), lelkip\u00e1sztor Piskitelepen. Irod.:<\/p>\n","protected":false},"featured_media":0,"comment_status":"open","ping_status":"closed","template":"","meta":[],"product_brand":[],"product_cat":[137],"product_tag":[],"class_list":{"0":"post-14780","1":"product","2":"type-product","3":"status-publish","5":"product_cat-maros-megyei-eletrajzi-lexikon","7":"first","8":"instock","9":"shipping-taxable","10":"product-type-simple"},"_links":{"self":[{"href":"https:\/\/uj.adatbank.ro\/lexikon\/wp-json\/wp\/v2\/product\/14780","targetHints":{"allow":["GET"]}}],"collection":[{"href":"https:\/\/uj.adatbank.ro\/lexikon\/wp-json\/wp\/v2\/product"}],"about":[{"href":"https:\/\/uj.adatbank.ro\/lexikon\/wp-json\/wp\/v2\/types\/product"}],"replies":[{"embeddable":true,"href":"https:\/\/uj.adatbank.ro\/lexikon\/wp-json\/wp\/v2\/comments?post=14780"}],"wp:attachment":[{"href":"https:\/\/uj.adatbank.ro\/lexikon\/wp-json\/wp\/v2\/media?parent=14780"}],"wp:term":[{"taxonomy":"product_brand","embeddable":true,"href":"https:\/\/uj.adatbank.ro\/lexikon\/wp-json\/wp\/v2\/product_brand?post=14780"},{"taxonomy":"product_cat","embeddable":true,"href":"https:\/\/uj.adatbank.ro\/lexikon\/wp-json\/wp\/v2\/product_cat?post=14780"},{"taxonomy":"product_tag","embeddable":true,"href":"https:\/\/uj.adatbank.ro\/lexikon\/wp-json\/wp\/v2\/product_tag?post=14780"}],"curies":[{"name":"wp","href":"https:\/\/api.w.org\/{rel}","templated":true}]}}

MÁRTON András, Márton Andor

<p>Csíkszentmárton, 1881.febr. 18., † Kv., 1947. nov. 26.: r. k. pap. – Tanulmányait Székelyudvarhelyen, Temesváron és Gyulafehérváron végezte. Pappá szentelték (1903. jún. 26.). Káplán Gyulafehérváron és püspöki titkár (1906), káplán és hittanár Nagyszebenben (1908). Lelkipásztor Szászrégenben (1914–16), Nagyszebenben (1916). Plébános Etéden (1923–28), Sárpatakon (1928–34). Káplán Vulkánban (1934), kisegítő lelkipásztor Magyarláposon, Kv.-on (1938), lelkipásztor Piskitelepen. <br /><strong>Irod.:</strong></br></p>

<p>Csíkszentmárton, 1881.febr. 18., † Kv., 1947. nov. 26.: r. k. pap. – Tanulmányait Székelyudvarhelyen, Temesváron és Gyulafehérváron végezte. Pappá szentelték (1903. jún. 26.). Káplán Gyulafehérváron és püspöki titkár (1906), káplán és hittanár Nagyszebenben (1908). Lelkipásztor Szászrégenben (1914–16), Nagyszebenben (1916). Plébános Etéden (1923–28), Sárpatakon (1928–34). Káplán Vulkánban (1934), kisegítő lelkipásztor Magyarláposon, Kv.-on (1938), lelkipásztor Piskitelepen. Irod.:</p>
