{"id":14782,"date":"2025-07-15T13:13:25","date_gmt":"2025-07-15T11:13:25","guid":{"rendered":"https:\/\/uj.adatbank.ro\/lexikon\/termek\/marton-aranka\/"},"modified":"2025-07-15T13:13:25","modified_gmt":"2025-07-15T11:13:25","slug":"marton-aranka","status":"publish","type":"product","link":"https:\/\/uj.adatbank.ro\/lexikon\/termek\/marton-aranka\/","title":{"rendered":"M\u00c1RTON Aranka"},"content":{"rendered":"<p>Cs\u00edksz\u00e9pv\u00edz, 1936., \u2020 Mv., 1985.dec. 21.: biol\u00f3gus. \u2013 Kv.-on a BTE Term\u00e9szettudom\u00e1nyi Kar\u00e1n v\u00e9gzett. Mv.-en az OGYI tan\u00e1rseg\u00e9de, laborat\u00f3riumi f\u0151n\u00f6k a Gy\u00f3gyszer\u00e9szeti Karon (1959\u201385). Kutat\u00e1si ter\u00fclete : gy\u00f3gyn\u00f6v\u00e9nyek. K\u00f6z\u00f6lt a : Farmacia, Revista Med. Note botanice-ben. \u2013 <strong>F. m.:<\/strong> <strong>t\u00e1rssz.:<\/strong> Recunoa\u015fterea plantelor medicale (Mv., 1965); Gy\u00f3gyszer\u00e9szeti n\u00f6v\u00e9nytan (Kisgy\u00f6rgy Zolt\u00e1nnal; 1. k\u00f6t.: Sejttan \u00e9s sz\u00f6vettan; Mv., 1979); Sejttan \u00e9s sz\u00f6vettan (Mv., 1979). <br \/><strong>Irod.:<\/strong> Facultatea de farmacie; Genersich; Mv.-i Gy\u00f3gyszer\u00e9szeti Kar; [Nekrol\u00f3g] (V. Z., 1985. dec.24.); P\u00e9ter; P\u00e9ter H. M.; Todea\u2013F\u00fcl\u00f6p\u2013Avram<\/br><\/p>\n","protected":false},"excerpt":{"rendered":"<p>Cs\u00edksz\u00e9pv\u00edz, 1936., \u2020 Mv., 1985.dec. 21.: biol\u00f3gus. \u2013 Kv.-on a BTE Term\u00e9szettudom\u00e1nyi Kar\u00e1n v\u00e9gzett. Mv.-en az OGYI tan\u00e1rseg\u00e9de, laborat\u00f3riumi f\u0151n\u00f6k a Gy\u00f3gyszer\u00e9szeti Karon (1959\u201385). Kutat\u00e1si ter\u00fclete : gy\u00f3gyn\u00f6v\u00e9nyek. K\u00f6z\u00f6lt a : Farmacia, Revista Med. Note botanice-ben. \u2013 F. m.: t\u00e1rssz.: Recunoa\u015fterea plantelor medicale (Mv., 1965); Gy\u00f3gyszer\u00e9szeti n\u00f6v\u00e9nytan (Kisgy\u00f6rgy Zolt\u00e1nnal; 1. k\u00f6t.: Sejttan \u00e9s sz\u00f6vettan; Mv., [&hellip;]<\/p>\n","protected":false},"featured_media":0,"comment_status":"open","ping_status":"closed","template":"","meta":[],"product_brand":[],"product_cat":[137],"product_tag":[],"class_list":{"0":"post-14782","1":"product","2":"type-product","3":"status-publish","5":"product_cat-maros-megyei-eletrajzi-lexikon","7":"first","8":"instock","9":"shipping-taxable","10":"product-type-simple"},"_links":{"self":[{"href":"https:\/\/uj.adatbank.ro\/lexikon\/wp-json\/wp\/v2\/product\/14782","targetHints":{"allow":["GET"]}}],"collection":[{"href":"https:\/\/uj.adatbank.ro\/lexikon\/wp-json\/wp\/v2\/product"}],"about":[{"href":"https:\/\/uj.adatbank.ro\/lexikon\/wp-json\/wp\/v2\/types\/product"}],"replies":[{"embeddable":true,"href":"https:\/\/uj.adatbank.ro\/lexikon\/wp-json\/wp\/v2\/comments?post=14782"}],"wp:attachment":[{"href":"https:\/\/uj.adatbank.ro\/lexikon\/wp-json\/wp\/v2\/media?parent=14782"}],"wp:term":[{"taxonomy":"product_brand","embeddable":true,"href":"https:\/\/uj.adatbank.ro\/lexikon\/wp-json\/wp\/v2\/product_brand?post=14782"},{"taxonomy":"product_cat","embeddable":true,"href":"https:\/\/uj.adatbank.ro\/lexikon\/wp-json\/wp\/v2\/product_cat?post=14782"},{"taxonomy":"product_tag","embeddable":true,"href":"https:\/\/uj.adatbank.ro\/lexikon\/wp-json\/wp\/v2\/product_tag?post=14782"}],"curies":[{"name":"wp","href":"https:\/\/api.w.org\/{rel}","templated":true}]}}