{"id":14803,"date":"2025-07-15T13:14:09","date_gmt":"2025-07-15T11:14:09","guid":{"rendered":"https:\/\/uj.adatbank.ro\/lexikon\/termek\/marton-janos-szentbenedeki\/"},"modified":"2025-07-15T13:14:09","modified_gmt":"2025-07-15T11:14:09","slug":"marton-janos-szentbenedeki","status":"publish","type":"product","link":"https:\/\/uj.adatbank.ro\/lexikon\/termek\/marton-janos-szentbenedeki\/","title":{"rendered":"M\u00c1RTON J\u00e1nos, szentbenedeki"},"content":{"rendered":"<p>? \u2020\u00a0?: marossz\u00e9ki f\u0151ember. \u2013 Felt\u00e9telezhet\u0151 hogy k\u00f6ze volt L\u0151rinc pl\u00e9b\u00e1nos meggyilkol\u00e1s\u00e1hoz, ez\u00e9rt Kissz\u0151l\u0151si, uralyi, petekei \u00e9s m\u00e9hesi birtokr\u00e9szeit , szentbenedeki, vajai l\u0151f\u0151s\u00e9geit \u00e9s szentmikl\u00f3si sz\u00e9kely \u00f6r\u00f6ks\u00e9geit Ger\u00e9b p\u00fcsp\u00f6knek adt\u00e1k (1497).Kor\u00e1bban a sz\u00e9kely nemzeti gy\u0171l\u00e9s sz\u00e1mkivet\u00e9sre \u00e9s h\u00e1zai feld\u00fal\u00e1s\u00e1ra \u00edt\u00e9lte, a kir\u00e1ly \u00e1ltal kirendelt b\u00edr\u00e1k megparancsolt\u00e1k hogy egyezzenek ki \u00e9s k\u00e9rjen bocs\u00e1natot a sz\u00e9kely nemzett\u0151l \u00e9s k\u00fcl\u00f6n\u00f6sen Marossz\u00e9k k\u00f6z\u00f6ns\u00e9g\u00e9t\u0151l (1498). Marossz\u00e9ki f\u0151hadnagy volt (1501), f\u0151b\u00edr\u00f3 (1508). <br \/><strong>Irod.:<\/strong> Aranka Gy\u00f6rgy; P\u00e1l-Antal 2009; SzOkl, 3<\/br><\/p>\n","protected":false},"excerpt":{"rendered":"<p>? \u2020\u00a0?: marossz\u00e9ki f\u0151ember. \u2013 Felt\u00e9telezhet\u0151 hogy k\u00f6ze volt L\u0151rinc pl\u00e9b\u00e1nos meggyilkol\u00e1s\u00e1hoz, ez\u00e9rt Kissz\u0151l\u0151si, uralyi, petekei \u00e9s m\u00e9hesi birtokr\u00e9szeit , szentbenedeki, vajai l\u0151f\u0151s\u00e9geit \u00e9s szentmikl\u00f3si sz\u00e9kely \u00f6r\u00f6ks\u00e9geit Ger\u00e9b p\u00fcsp\u00f6knek adt\u00e1k (1497).Kor\u00e1bban a sz\u00e9kely nemzeti gy\u0171l\u00e9s sz\u00e1mkivet\u00e9sre \u00e9s h\u00e1zai feld\u00fal\u00e1s\u00e1ra \u00edt\u00e9lte, a kir\u00e1ly \u00e1ltal kirendelt b\u00edr\u00e1k megparancsolt\u00e1k hogy egyezzenek ki \u00e9s k\u00e9rjen bocs\u00e1natot a sz\u00e9kely nemzett\u0151l [&hellip;]<\/p>\n","protected":false},"featured_media":0,"comment_status":"open","ping_status":"closed","template":"","meta":[],"product_brand":[],"product_cat":[137],"product_tag":[],"class_list":{"0":"post-14803","1":"product","2":"type-product","3":"status-publish","5":"product_cat-maros-megyei-eletrajzi-lexikon","7":"first","8":"instock","9":"shipping-taxable","10":"product-type-simple"},"_links":{"self":[{"href":"https:\/\/uj.adatbank.ro\/lexikon\/wp-json\/wp\/v2\/product\/14803","targetHints":{"allow":["GET"]}}],"collection":[{"href":"https:\/\/uj.adatbank.ro\/lexikon\/wp-json\/wp\/v2\/product"}],"about":[{"href":"https:\/\/uj.adatbank.ro\/lexikon\/wp-json\/wp\/v2\/types\/product"}],"replies":[{"embeddable":true,"href":"https:\/\/uj.adatbank.ro\/lexikon\/wp-json\/wp\/v2\/comments?post=14803"}],"wp:attachment":[{"href":"https:\/\/uj.adatbank.ro\/lexikon\/wp-json\/wp\/v2\/media?parent=14803"}],"wp:term":[{"taxonomy":"product_brand","embeddable":true,"href":"https:\/\/uj.adatbank.ro\/lexikon\/wp-json\/wp\/v2\/product_brand?post=14803"},{"taxonomy":"product_cat","embeddable":true,"href":"https:\/\/uj.adatbank.ro\/lexikon\/wp-json\/wp\/v2\/product_cat?post=14803"},{"taxonomy":"product_tag","embeddable":true,"href":"https:\/\/uj.adatbank.ro\/lexikon\/wp-json\/wp\/v2\/product_tag?post=14803"}],"curies":[{"name":"wp","href":"https:\/\/api.w.org\/{rel}","templated":true}]}}