{"id":14804,"date":"2025-07-15T13:14:12","date_gmt":"2025-07-15T11:14:12","guid":{"rendered":"https:\/\/uj.adatbank.ro\/lexikon\/termek\/marton-jeno\/"},"modified":"2025-07-15T13:14:12","modified_gmt":"2025-07-15T11:14:12","slug":"marton-jeno","status":"publish","type":"product","link":"https:\/\/uj.adatbank.ro\/lexikon\/termek\/marton-jeno\/","title":{"rendered":"M\u00c1RTON Jen\u0151"},"content":{"rendered":"<p>Marosv\u00e1s\u00e1rhely, 1925. szept. 23. \u2020\u00a0Nagysaj\u00f3, 1944. okt. 5.: honv\u00e9d. \u2013 Tam\u00e1si Zsuzsanna fia. A 27\/III: z\u00e1szl\u00f3aljban honv\u00e9d. T\u00fcd\u0151- \u00e9s hasi s\u00e9r\u00fcltk\u00e9nt halt meg a 67. hat\u00e1rvad\u00e1szcsoport eg\u00e9szs\u00e9g\u00fcgyi oszlopban.Nagysaj\u00f3n.). <br \/><strong>Irod.:<\/strong> Berekm\u00e9ri 2015<\/br><\/p>\n","protected":false},"excerpt":{"rendered":"<p>Marosv\u00e1s\u00e1rhely, 1925. szept. 23. \u2020\u00a0Nagysaj\u00f3, 1944. okt. 5.: honv\u00e9d. \u2013 Tam\u00e1si Zsuzsanna fia. A 27\/III: z\u00e1szl\u00f3aljban honv\u00e9d. T\u00fcd\u0151- \u00e9s hasi s\u00e9r\u00fcltk\u00e9nt halt meg a 67. hat\u00e1rvad\u00e1szcsoport eg\u00e9szs\u00e9g\u00fcgyi oszlopban.Nagysaj\u00f3n.). Irod.: Berekm\u00e9ri 2015<\/p>\n","protected":false},"featured_media":0,"comment_status":"open","ping_status":"closed","template":"","meta":[],"product_brand":[],"product_cat":[137],"product_tag":[],"class_list":{"0":"post-14804","1":"product","2":"type-product","3":"status-publish","5":"product_cat-maros-megyei-eletrajzi-lexikon","7":"first","8":"instock","9":"shipping-taxable","10":"product-type-simple"},"_links":{"self":[{"href":"https:\/\/uj.adatbank.ro\/lexikon\/wp-json\/wp\/v2\/product\/14804","targetHints":{"allow":["GET"]}}],"collection":[{"href":"https:\/\/uj.adatbank.ro\/lexikon\/wp-json\/wp\/v2\/product"}],"about":[{"href":"https:\/\/uj.adatbank.ro\/lexikon\/wp-json\/wp\/v2\/types\/product"}],"replies":[{"embeddable":true,"href":"https:\/\/uj.adatbank.ro\/lexikon\/wp-json\/wp\/v2\/comments?post=14804"}],"wp:attachment":[{"href":"https:\/\/uj.adatbank.ro\/lexikon\/wp-json\/wp\/v2\/media?parent=14804"}],"wp:term":[{"taxonomy":"product_brand","embeddable":true,"href":"https:\/\/uj.adatbank.ro\/lexikon\/wp-json\/wp\/v2\/product_brand?post=14804"},{"taxonomy":"product_cat","embeddable":true,"href":"https:\/\/uj.adatbank.ro\/lexikon\/wp-json\/wp\/v2\/product_cat?post=14804"},{"taxonomy":"product_tag","embeddable":true,"href":"https:\/\/uj.adatbank.ro\/lexikon\/wp-json\/wp\/v2\/product_tag?post=14804"}],"curies":[{"name":"wp","href":"https:\/\/api.w.org\/{rel}","templated":true}]}}