{"id":14818,"date":"2025-07-15T13:14:39","date_gmt":"2025-07-15T11:14:39","guid":{"rendered":"https:\/\/uj.adatbank.ro\/lexikon\/termek\/marton-piroska-futasfalvi\/"},"modified":"2025-07-15T13:14:39","modified_gmt":"2025-07-15T11:14:39","slug":"marton-piroska-futasfalvi","status":"publish","type":"product","link":"https:\/\/uj.adatbank.ro\/lexikon\/termek\/marton-piroska-futasfalvi\/","title":{"rendered":"M\u00c1RTON Piroska, fut\u00e1sfalvi"},"content":{"rendered":"<p>Ny\u00e1r\u00e1dszereda, 1899. jan. 22., \u2020\u00a0Bp., 1996. \u00e1pr. 26.: fest\u0151m\u0171v\u00e9sz. \u2013 A bp.-i M. K\u00e9pz\u0151m\u0171v\u00e9szeti F\u0151iskol\u00e1n tanult (1916\u20131924), mesterei: De\u00e1k-\u00c9bner Lajos \u00e9s Cs\u00f3k Istv\u00e1n. A p\u00e9csi m\u0171v\u00e9sztelepen alkotott (1922, 1923 \u00e9s 1924). Nagyb\u00e1ny\u00e1n a szabadiskol\u00e1ban dolgozott (1925), n\u00e9meto.-i (B\u00e9cs, Pr\u00e1ga, Berlin, Drezda, N\u00fcrnberg, 1928), t\u00f6bb \u00edzben erd\u00e9lyi (Ny\u00e1r\u00e1dszereda, Ny\u00e1r\u00e1dszentanna, Rigm\u00e1ny, 1928\u20131943 k\u00f6z\u00f6tt) tanulm\u00e1ny\u00faton vett r\u00e9szt, a Balatonfelvid\u00e9ken fordult meg rendszeresen (1929\u20131947-ig). R\u00f3m\u00e1ban is j\u00e1rt (1939). <strong>Kit\u00fcntet\u00e9sei:<\/strong> P\u00e9cs v\u00e1ros d\u00edja a p\u00e9csi m\u0171v\u00e9sztelep ki\u00e1ll\u00edt\u00e1s\u00e1n (1923); Magyar K\u00e9pz\u0151m\u0171v\u00e9szn\u0151k Egyes\u00fclet\u00e9nek I. d\u00edja (1946). A F\u00fcggetlen M\u0171v\u00e9szek T\u00e1rsas\u00e1g\u00e1nak (1926\u201327), a KUT (1926), a M. K\u00e9pz\u0151m\u0171v\u00e9szn\u0151k Egyes\u00fclet\u00e9nek tagja (1928\u2013), alap\u00edt\u00f3 tagja a K\u00e9pz\u0151m\u0171v\u00e9szn\u0151k \u00daj Csoportj\u00e1nak (1931), a M. K\u00e9p\u00edr\u00f3k Egyes\u00fclet\u00e9nek (1934\u2013). Az akt- \u00e9s portr\u00e9\u00e1br\u00e1zol\u00e1s mellett az \u00e9letk\u00e9p \u00e9s a csend\u00e9let legkedveltebb t\u00e9m\u00e1ja. Jellegzetes, sokf\u00e9le, kis\u00e9rletez\u0151 a m\u0171v\u00e9szete, dekorativit\u00e1s, naivit\u00e1s jellemezte, vonalvezet\u00e9se laz\u00e1bb, v\u00e1zlatszer\u0171 lett. Utols\u00f3 korszak\u00e1ban impresszionisztikus, dekorat\u00edv, figur\u00e1lis kompoz\u00edci\u00f3kat festett. Mv.-r\u0151l deport\u00e1lt\u00e1k (1944. m\u00e1j. 29.). \u2013 F.ki\u00e1ll.: Egy\u00e9ni : Endresz Al\u00edz \u00e9s M. P. gy\u0171jtem\u00e9nyes ki\u00e1ll\u00edt\u00e1sa, (Sz\u00e9pm\u0171v\u00e9szeti Ki\u00e1ll\u00edt\u00e1sok Szalonja, 1935); Anna Margit \u00e9s M. P. Ki\u00e1ll\u00edt\u00e1sa (J\u00f3kai Klub, Bp., 1958); M.P. \u00e9s Nagy N\u00e1ndor ki\u00e1ll\u00edt\u00e1sa (J\u00f3kai Klub, Bp., 1997); M.P. eml\u00e9kki\u00e1ll\u00edt\u00e1sa (M\u00f3ra Ferenc M\u00fazeum, Szeged, 1999); Erd\u00e9lyi akvarellek 1932\u20131944 (V\u00e1rmegye Gal\u00e9ria, Bp., 1999); M. P. eml\u00e9kki\u00e1ll\u00edt\u00e1sa (Szinyei Szalon, Bp., 2000); V\u00e1logatott csoportos ki\u00e1ll.: Szinyei T\u00e1rsas\u00e1g ki\u00e1ll\u00edt\u00e1sa (M\u0171csarnok, Bp., 1922); A K\u00e9pz\u0151m\u0171v\u00e9szeti F\u0151iskola n\u00f6vend\u00e9keinek ki\u00e1ll\u00edt\u00e1sa, (Ernst M\u00fazeum, Bp., 1923); Tavaszi ki\u00e1ll\u00edt\u00e1s (M\u0171csarnok, Bp. , 1924); KUT ki\u00e1ll\u00edt\u00e1sa (Ernst M\u00fazeum, Bp., 1926); M. K\u00e9pz\u0151m\u0171- v\u00e9sz-n\u0151k Egyes\u00fclet\u00e9nek ki\u00e1ll\u00edt\u00e1sa (M\u0171csarnok, Bp., 1928); K\u00e9pz\u0151m\u0171v\u00e9szn\u0151k \u00daj Csoportja ki\u00e1ll\u00edt\u00e1sa (Nemzeti Szalon, Bp., 1931); M. K\u00e9pz\u0151m\u0171v\u00e9szn\u0151k Egyes\u00fclet\u00e9nek ki\u00e1ll\u00edt\u00e1sa ( Nemzeti Szalon, Bp., 1933, 1943, 1947); M. K\u00e9p\u00edr\u00f3k Egyes\u00fclet\u00e9nek ki\u00e1ll\u00edt\u00e1sai (Nemzeti Szalon, Bp., 1934, 1937, 1938, 1939, 1941); M.K\u00e9p\u00edr\u00f3k Egyes\u00fclet\u00e9nek ki\u00e1ll\u00edt\u00e1sai (M\u0171terem, Bp., 1934, 1935, 1937); Nemzeti K\u00e9pz\u0151m\u0171v\u00e9szeti Ki\u00e1ll\u00edt\u00e1s (M\u0171csarnok, Bp., 1944); M. K\u00e9pz\u0151m\u0171v\u00e9szn\u0151k Egyes\u00fclet\u00e9nek ki\u00e1ll\u00edt\u00e1sa (Divatcsarnok, Bp. 1946); Els\u0151 zs\u0171rimentes ki\u00e1ll\u00edt\u00e1s (Nemzeti Szalon, Bp., 1947); A Nemzeti Szalon 101. csoportki\u00e1ll\u00edt\u00e1sa (Nemzeti Szalon, Bp., 1949), ; XI-XII. ker\u00fcleti m\u0171v\u00e9szek csoportos bemutat\u00f3 (Bp., 1949, 1951, 1952, 1957, 1970, 1977); 4. Magyar K\u00e9pz\u0151m\u0171v\u00e9szeti ki\u00e1ll\u00edt\u00e1s (M\u0171csarnok, Bp., 1953); M. K\u00e9pz\u0151m\u0171v\u00e9szn\u0151k ki\u00e1ll\u00edt\u00e1sa (M\u0171csarnok, Bp., 1958); M. K\u00e9pz\u0151m\u0171v\u00e9szn\u0151k II. ki\u00e1ll\u00edt\u00e1sa (M\u0171csarnok, Bp., 1958); Budai m\u0171v\u00e9szek jubileumi ki\u00e1ll\u00edt\u00e1sa (Bp.Gal\u00e9ria, Bp., 1976); Nagy N\u00e1ndor \u00e9s tan\u00edtv\u00e1nyainak ki\u00e1ll\u00edt\u00e1sa (Bart\u00f3k 32 Gal\u00e9ria, Bp. , 1984); Akvarellek kult\u00fart\u00e1jainkr\u00f3l 1930\u20131970 (Festetich Kast\u00e9ly, Keszthely, 1993); Budai M\u0171v\u00e9szek 2. jubileumi ki\u00e1ll\u00edt\u00e1sa (M. Optikai M\u0171vek Kult\u00farh\u00e1z, Bp., 1997); Modernizmus m\u00e1s-k\u00e9p(p) (T\u00f6lgyfa Gal\u00e9ria, Bp., 1998); H\u00f6lgyv\u00e1lasz (Szombathelyi K\u00e9pt\u00e1r, Szombathely, 1998). <br \/><strong>Irod.:<\/strong> artportal; Moln\u00e1r; Mv. zsid\u00f3s\u00e1ga; R\u00daL; Szab\u00f3-K\u00e1llai<\/br><\/p>\n","protected":false},"excerpt":{"rendered":"<p>Ny\u00e1r\u00e1dszereda, 1899. jan. 22., \u2020\u00a0Bp., 1996. \u00e1pr. 26.: fest\u0151m\u0171v\u00e9sz. \u2013 A bp.-i M. K\u00e9pz\u0151m\u0171v\u00e9szeti F\u0151iskol\u00e1n tanult (1916\u20131924), mesterei: De\u00e1k-\u00c9bner Lajos \u00e9s Cs\u00f3k Istv\u00e1n. A p\u00e9csi m\u0171v\u00e9sztelepen alkotott (1922, 1923 \u00e9s 1924). Nagyb\u00e1ny\u00e1n a szabadiskol\u00e1ban dolgozott (1925), n\u00e9meto.-i (B\u00e9cs, Pr\u00e1ga, Berlin, Drezda, N\u00fcrnberg, 1928), t\u00f6bb \u00edzben erd\u00e9lyi (Ny\u00e1r\u00e1dszereda, Ny\u00e1r\u00e1dszentanna, Rigm\u00e1ny, 1928\u20131943 k\u00f6z\u00f6tt) tanulm\u00e1ny\u00faton vett r\u00e9szt, a [&hellip;]<\/p>\n","protected":false},"featured_media":0,"comment_status":"open","ping_status":"closed","template":"","meta":[],"product_brand":[],"product_cat":[137],"product_tag":[],"class_list":{"0":"post-14818","1":"product","2":"type-product","3":"status-publish","5":"product_cat-maros-megyei-eletrajzi-lexikon","7":"first","8":"instock","9":"shipping-taxable","10":"product-type-simple"},"_links":{"self":[{"href":"https:\/\/uj.adatbank.ro\/lexikon\/wp-json\/wp\/v2\/product\/14818","targetHints":{"allow":["GET"]}}],"collection":[{"href":"https:\/\/uj.adatbank.ro\/lexikon\/wp-json\/wp\/v2\/product"}],"about":[{"href":"https:\/\/uj.adatbank.ro\/lexikon\/wp-json\/wp\/v2\/types\/product"}],"replies":[{"embeddable":true,"href":"https:\/\/uj.adatbank.ro\/lexikon\/wp-json\/wp\/v2\/comments?post=14818"}],"wp:attachment":[{"href":"https:\/\/uj.adatbank.ro\/lexikon\/wp-json\/wp\/v2\/media?parent=14818"}],"wp:term":[{"taxonomy":"product_brand","embeddable":true,"href":"https:\/\/uj.adatbank.ro\/lexikon\/wp-json\/wp\/v2\/product_brand?post=14818"},{"taxonomy":"product_cat","embeddable":true,"href":"https:\/\/uj.adatbank.ro\/lexikon\/wp-json\/wp\/v2\/product_cat?post=14818"},{"taxonomy":"product_tag","embeddable":true,"href":"https:\/\/uj.adatbank.ro\/lexikon\/wp-json\/wp\/v2\/product_tag?post=14818"}],"curies":[{"name":"wp","href":"https:\/\/api.w.org\/{rel}","templated":true}]}}