{"id":14823,"date":"2025-07-15T13:14:47","date_gmt":"2025-07-15T11:14:47","guid":{"rendered":"https:\/\/uj.adatbank.ro\/lexikon\/termek\/marton-zsigmond-marton-zsigmond\/"},"modified":"2025-07-15T13:14:47","modified_gmt":"2025-07-15T11:14:47","slug":"marton-zsigmond-marton-zsigmond","status":"publish","type":"product","link":"https:\/\/uj.adatbank.ro\/lexikon\/termek\/marton-zsigmond-marton-zsigmond\/","title":{"rendered":"M\u00c1RTON Zsigmond, Marton Zsigmond"},"content":{"rendered":"<p>? \u2020\u00a0?: f\u0151jegyz\u0151, alisp\u00e1n. Megyei f\u0151jegyz\u0151 (\u20131919), Mo.-ra t\u00e1vozott (1920). Maros-Torda vm. alisp\u00e1nja (1940\u201344). <br \/><strong>Irod.:<\/strong> Berekm\u00e9ri 2015; Id\u0151t\u00e1r 3; Sebesty\u00e9n Mih\u00e1ly 2000<\/br><\/p>\n","protected":false},"excerpt":{"rendered":"<p>? \u2020\u00a0?: f\u0151jegyz\u0151, alisp\u00e1n. Megyei f\u0151jegyz\u0151 (\u20131919), Mo.-ra t\u00e1vozott (1920). Maros-Torda vm. alisp\u00e1nja (1940\u201344). Irod.: Berekm\u00e9ri 2015; Id\u0151t\u00e1r 3; Sebesty\u00e9n Mih\u00e1ly 2000<\/p>\n","protected":false},"featured_media":0,"comment_status":"open","ping_status":"closed","template":"","meta":[],"product_brand":[],"product_cat":[137],"product_tag":[],"class_list":{"0":"post-14823","1":"product","2":"type-product","3":"status-publish","5":"product_cat-maros-megyei-eletrajzi-lexikon","7":"first","8":"instock","9":"shipping-taxable","10":"product-type-simple"},"_links":{"self":[{"href":"https:\/\/uj.adatbank.ro\/lexikon\/wp-json\/wp\/v2\/product\/14823","targetHints":{"allow":["GET"]}}],"collection":[{"href":"https:\/\/uj.adatbank.ro\/lexikon\/wp-json\/wp\/v2\/product"}],"about":[{"href":"https:\/\/uj.adatbank.ro\/lexikon\/wp-json\/wp\/v2\/types\/product"}],"replies":[{"embeddable":true,"href":"https:\/\/uj.adatbank.ro\/lexikon\/wp-json\/wp\/v2\/comments?post=14823"}],"wp:attachment":[{"href":"https:\/\/uj.adatbank.ro\/lexikon\/wp-json\/wp\/v2\/media?parent=14823"}],"wp:term":[{"taxonomy":"product_brand","embeddable":true,"href":"https:\/\/uj.adatbank.ro\/lexikon\/wp-json\/wp\/v2\/product_brand?post=14823"},{"taxonomy":"product_cat","embeddable":true,"href":"https:\/\/uj.adatbank.ro\/lexikon\/wp-json\/wp\/v2\/product_cat?post=14823"},{"taxonomy":"product_tag","embeddable":true,"href":"https:\/\/uj.adatbank.ro\/lexikon\/wp-json\/wp\/v2\/product_tag?post=14823"}],"curies":[{"name":"wp","href":"https:\/\/api.w.org\/{rel}","templated":true}]}}