{"id":14831,"date":"2025-07-15T13:15:04","date_gmt":"2025-07-15T11:15:04","guid":{"rendered":"https:\/\/uj.adatbank.ro\/lexikon\/termek\/martonffy-sandor\/"},"modified":"2025-07-15T13:15:04","modified_gmt":"2025-07-15T11:15:04","slug":"martonffy-sandor","status":"publish","type":"product","link":"https:\/\/uj.adatbank.ro\/lexikon\/termek\/martonffy-sandor\/","title":{"rendered":"MARTONFFY S\u00e1ndor"},"content":{"rendered":"<p>? \u2020\u00a0Sz\u0151kefalva, 1911.: r.k. pl\u00e9b\u00e1nos. \u2013  Esperes-pl\u00e9b\u00e1nos Sz\u0151kefalv\u00e1n hal\u00e1l\u00e1ig (1899\u20131911). <br \/><strong>Irod.:<\/strong> Maros-k\u00fck\u00fcll\u0151i f\u0151esp; Nagy L\u00e1szl\u00f3<\/br><\/p>\n","protected":false},"excerpt":{"rendered":"<p>? \u2020\u00a0Sz\u0151kefalva, 1911.: r.k. pl\u00e9b\u00e1nos. \u2013 Esperes-pl\u00e9b\u00e1nos Sz\u0151kefalv\u00e1n hal\u00e1l\u00e1ig (1899\u20131911). Irod.: Maros-k\u00fck\u00fcll\u0151i f\u0151esp; Nagy L\u00e1szl\u00f3<\/p>\n","protected":false},"featured_media":0,"comment_status":"open","ping_status":"closed","template":"","meta":[],"product_brand":[],"product_cat":[137],"product_tag":[],"class_list":{"0":"post-14831","1":"product","2":"type-product","3":"status-publish","5":"product_cat-maros-megyei-eletrajzi-lexikon","7":"first","8":"instock","9":"shipping-taxable","10":"product-type-simple"},"_links":{"self":[{"href":"https:\/\/uj.adatbank.ro\/lexikon\/wp-json\/wp\/v2\/product\/14831","targetHints":{"allow":["GET"]}}],"collection":[{"href":"https:\/\/uj.adatbank.ro\/lexikon\/wp-json\/wp\/v2\/product"}],"about":[{"href":"https:\/\/uj.adatbank.ro\/lexikon\/wp-json\/wp\/v2\/types\/product"}],"replies":[{"embeddable":true,"href":"https:\/\/uj.adatbank.ro\/lexikon\/wp-json\/wp\/v2\/comments?post=14831"}],"wp:attachment":[{"href":"https:\/\/uj.adatbank.ro\/lexikon\/wp-json\/wp\/v2\/media?parent=14831"}],"wp:term":[{"taxonomy":"product_brand","embeddable":true,"href":"https:\/\/uj.adatbank.ro\/lexikon\/wp-json\/wp\/v2\/product_brand?post=14831"},{"taxonomy":"product_cat","embeddable":true,"href":"https:\/\/uj.adatbank.ro\/lexikon\/wp-json\/wp\/v2\/product_cat?post=14831"},{"taxonomy":"product_tag","embeddable":true,"href":"https:\/\/uj.adatbank.ro\/lexikon\/wp-json\/wp\/v2\/product_tag?post=14831"}],"curies":[{"name":"wp","href":"https:\/\/api.w.org\/{rel}","templated":true}]}}