{"id":14866,"date":"2025-07-15T13:16:14","date_gmt":"2025-07-15T11:16:14","guid":{"rendered":"https:\/\/uj.adatbank.ro\/lexikon\/termek\/mate-izsak-havadi-mathe-isak\/"},"modified":"2025-07-15T13:16:14","modified_gmt":"2025-07-15T11:16:14","slug":"mate-izsak-havadi-mathe-isak","status":"publish","type":"product","link":"https:\/\/uj.adatbank.ro\/lexikon\/termek\/mate-izsak-havadi-mathe-isak\/","title":{"rendered":"M\u00c1T\u00c9 Izs\u00e1k, havadi, M\u00e1th\u00e9 Is\u00e1k"},"content":{"rendered":"<p>1720., \u2020 Mv., 1784: alkir\u00e1lyb\u00edr\u00f3, az orsz\u00e1g els\u0151 prok\u00e1tora. \u2013 Feles\u00e9ge: Bothos \u00c9va. Fi\u00fak: Izs\u00e1k. \u2013 Gr. Toldalagi L\u00e1szl\u00f3 curator megb\u00edz\u00e1s\u00e1b\u00f3l, Bog\u00e1thi P\u00e1llal egy\u00fctt falur\u00f3l-falura j\u00e1rva er\u00e9llyel hajtotta be a ref. koll. p\u00e9nzeit (1745). Birtokos nemes Havadon, 41 jobb\u00e1gya volt (1756). Marossz\u00e9k alkir\u00e1ly b\u00edr\u00f3ja volt (1758\u201360), ugyankkor a fksz. gr. Toldalagi P\u00e1llal egy\u00fctt Mv. v\u00e1ros biztos\u00e1v\u00e1 nevezte ki hogy a poroszok elleni h\u00e1bor\u00faban harcol\u00f3 cs\u00e1sz\u00e1ri sereg sz\u00e1m\u00e1ra V\u00e1s\u00e1rhelyr\u0151l beszedje a hadiseg\u00e9lyt \u00e9s \u00fajoncokat toborozzon (1759). Mv.-i Kir. T\u00e1bla \u00fcgyv\u00e9dje (1766\u201383), a Ref. Koll. algondnoka volt (1767\u2013). Az agyagfalvi (1772) \u00e9s a mv.-i ref. Zsinatok biztosa (1777). 30 frtot (1766) \u00e9s 500 mforintot (1784) rendelt mv.-i ref. koll\u00e9gium c\u00e9ljaira (1784). S\u00edrfelirata a ref. temet\u0151ben: Itt van el temetve M\u00e1t\u00e9 Izs\u00e1k pora, Ki volt az orsz\u00e1gnak els\u0151 procuratora. El bomolv\u00e1n f\u00e1radt test\u00e9nek s\u00e1tora, Itt v\u00e1rja m\u00edg el j\u00f6n juhoknak p\u00e1sztora Istenek hiven szolg\u00e1lt &#8216;s kir\u00e1ly\u00e1nak, Termett volt jav\u00e1ra eg\u00e9sz haz\u00e1j\u00e1nak.haszna, szelid okos kegyes tan\u00e1ts\u00e1nak kiterjdt rend\u00e9re, mindenek sors\u00e1nak, \u00edgy mint \u00e9g\u0151 l\u00e1mp\u00e1s olajja v\u00e9gt\u00e9re, m\u00e1soknak szolg\u00e1lv\u00e1n maga v\u00e9get \u00e9re&#8230;. <br \/><strong>Irod.:<\/strong> Csekme; Havad; Id\u0151t\u00e1r 1; Koncz; Kr\u00f3n. F\u00fcz. (1939. 4\/9); P\u00e1l-Antal 2006; P\u00e1lmay J\u00f3zsef<\/br><\/p>\n","protected":false},"excerpt":{"rendered":"<p>1720., \u2020 Mv., 1784: alkir\u00e1lyb\u00edr\u00f3, az orsz\u00e1g els\u0151 prok\u00e1tora. \u2013 Feles\u00e9ge: Bothos \u00c9va. Fi\u00fak: Izs\u00e1k. \u2013 Gr. Toldalagi L\u00e1szl\u00f3 curator megb\u00edz\u00e1s\u00e1b\u00f3l, Bog\u00e1thi P\u00e1llal egy\u00fctt falur\u00f3l-falura j\u00e1rva er\u00e9llyel hajtotta be a ref. koll. p\u00e9nzeit (1745). Birtokos nemes Havadon, 41 jobb\u00e1gya volt (1756). Marossz\u00e9k alkir\u00e1ly b\u00edr\u00f3ja volt (1758\u201360), ugyankkor a fksz. gr. Toldalagi P\u00e1llal egy\u00fctt Mv. v\u00e1ros [&hellip;]<\/p>\n","protected":false},"featured_media":0,"comment_status":"open","ping_status":"closed","template":"","meta":[],"product_brand":[],"product_cat":[137],"product_tag":[],"class_list":{"0":"post-14866","1":"product","2":"type-product","3":"status-publish","5":"product_cat-maros-megyei-eletrajzi-lexikon","7":"first","8":"instock","9":"shipping-taxable","10":"product-type-simple"},"_links":{"self":[{"href":"https:\/\/uj.adatbank.ro\/lexikon\/wp-json\/wp\/v2\/product\/14866","targetHints":{"allow":["GET"]}}],"collection":[{"href":"https:\/\/uj.adatbank.ro\/lexikon\/wp-json\/wp\/v2\/product"}],"about":[{"href":"https:\/\/uj.adatbank.ro\/lexikon\/wp-json\/wp\/v2\/types\/product"}],"replies":[{"embeddable":true,"href":"https:\/\/uj.adatbank.ro\/lexikon\/wp-json\/wp\/v2\/comments?post=14866"}],"wp:attachment":[{"href":"https:\/\/uj.adatbank.ro\/lexikon\/wp-json\/wp\/v2\/media?parent=14866"}],"wp:term":[{"taxonomy":"product_brand","embeddable":true,"href":"https:\/\/uj.adatbank.ro\/lexikon\/wp-json\/wp\/v2\/product_brand?post=14866"},{"taxonomy":"product_cat","embeddable":true,"href":"https:\/\/uj.adatbank.ro\/lexikon\/wp-json\/wp\/v2\/product_cat?post=14866"},{"taxonomy":"product_tag","embeddable":true,"href":"https:\/\/uj.adatbank.ro\/lexikon\/wp-json\/wp\/v2\/product_tag?post=14866"}],"curies":[{"name":"wp","href":"https:\/\/api.w.org\/{rel}","templated":true}]}}