{"id":14867,"date":"2025-07-15T13:16:16","date_gmt":"2025-07-15T11:16:16","guid":{"rendered":"https:\/\/uj.adatbank.ro\/lexikon\/termek\/mate-izsak-havadi-mathe-isak-2\/"},"modified":"2025-07-15T13:16:16","modified_gmt":"2025-07-15T11:16:16","slug":"mate-izsak-havadi-mathe-isak-2","status":"publish","type":"product","link":"https:\/\/uj.adatbank.ro\/lexikon\/termek\/mate-izsak-havadi-mathe-isak-2\/","title":{"rendered":"M\u00c1T\u00c9 Izs\u00e1k, havadi, M\u00e1th\u00e9 Is\u00e1k"},"content":{"rendered":"<p>1760., \u2020 Harangl\u00e1b, 1833. szept. 21.: lev\u00e9lt\u00e1ros, b\u00edr\u00f3. \u2013 M. I. (1720 \u2013 Mv., 1784) \u00e9s Bothos \u00c9va fia. Feles\u00e9ge: K\u00f6k\u00f6si Zs\u00f3fia. Gyermekeik: Farkas, Zsuzs\u00e1nna. \u2013 Guberniumi kancellista (1780. j\u00fan. 30.).Marosz\u00e9k T\u00e1bl\u00e1j\u00e1nak lev\u00e9lt\u00e1rosa Mv.-en (1783), der\u00e9ksz\u00e9kb\u00edr\u00f3, a ref. egyh\u00e1z fel\u00fcgyel\u0151 algondnoka (1807\u201330). Jelent\u0151s m\u00e9rt\u00e9kben j\u00e1rult hozz\u00e1 a havadi tempolm \u00e9p\u00edt\u00e9si k\u00f6lts\u00e9geihez \u00e9s a k\u00f6zoktat\u00e1s fejleszt\u00e9s\u00e9hez. <br \/><strong>Irod.:<\/strong> Havad; Koncz; Kr\u00f3n. F\u00fcz. (1939. 4\/9), Nagy L\u00e1z\u00e1r Kali: Az erd\u00e9lyi sz\u00edn\u00e9szet h\u0151skora (Kv., 1939, 1942); Szotyori<\/br><\/p>\n","protected":false},"excerpt":{"rendered":"<p>1760., \u2020 Harangl\u00e1b, 1833. szept. 21.: lev\u00e9lt\u00e1ros, b\u00edr\u00f3. \u2013 M. I. (1720 \u2013 Mv., 1784) \u00e9s Bothos \u00c9va fia. Feles\u00e9ge: K\u00f6k\u00f6si Zs\u00f3fia. Gyermekeik: Farkas, Zsuzs\u00e1nna. \u2013 Guberniumi kancellista (1780. j\u00fan. 30.).Marosz\u00e9k T\u00e1bl\u00e1j\u00e1nak lev\u00e9lt\u00e1rosa Mv.-en (1783), der\u00e9ksz\u00e9kb\u00edr\u00f3, a ref. egyh\u00e1z fel\u00fcgyel\u0151 algondnoka (1807\u201330). Jelent\u0151s m\u00e9rt\u00e9kben j\u00e1rult hozz\u00e1 a havadi tempolm \u00e9p\u00edt\u00e9si k\u00f6lts\u00e9geihez \u00e9s a k\u00f6zoktat\u00e1s fejleszt\u00e9s\u00e9hez. [&hellip;]<\/p>\n","protected":false},"featured_media":0,"comment_status":"open","ping_status":"closed","template":"","meta":[],"product_brand":[],"product_cat":[137],"product_tag":[],"class_list":{"0":"post-14867","1":"product","2":"type-product","3":"status-publish","5":"product_cat-maros-megyei-eletrajzi-lexikon","7":"first","8":"instock","9":"shipping-taxable","10":"product-type-simple"},"_links":{"self":[{"href":"https:\/\/uj.adatbank.ro\/lexikon\/wp-json\/wp\/v2\/product\/14867","targetHints":{"allow":["GET"]}}],"collection":[{"href":"https:\/\/uj.adatbank.ro\/lexikon\/wp-json\/wp\/v2\/product"}],"about":[{"href":"https:\/\/uj.adatbank.ro\/lexikon\/wp-json\/wp\/v2\/types\/product"}],"replies":[{"embeddable":true,"href":"https:\/\/uj.adatbank.ro\/lexikon\/wp-json\/wp\/v2\/comments?post=14867"}],"wp:attachment":[{"href":"https:\/\/uj.adatbank.ro\/lexikon\/wp-json\/wp\/v2\/media?parent=14867"}],"wp:term":[{"taxonomy":"product_brand","embeddable":true,"href":"https:\/\/uj.adatbank.ro\/lexikon\/wp-json\/wp\/v2\/product_brand?post=14867"},{"taxonomy":"product_cat","embeddable":true,"href":"https:\/\/uj.adatbank.ro\/lexikon\/wp-json\/wp\/v2\/product_cat?post=14867"},{"taxonomy":"product_tag","embeddable":true,"href":"https:\/\/uj.adatbank.ro\/lexikon\/wp-json\/wp\/v2\/product_tag?post=14867"}],"curies":[{"name":"wp","href":"https:\/\/api.w.org\/{rel}","templated":true}]}}