{"id":14876,"date":"2025-07-15T13:16:35","date_gmt":"2025-07-15T11:16:35","guid":{"rendered":"https:\/\/uj.adatbank.ro\/lexikon\/termek\/mateffy-ipoly-matefi-ferenc-ipoly\/"},"modified":"2025-07-15T13:16:35","modified_gmt":"2025-07-15T11:16:35","slug":"mateffy-ipoly-matefi-ferenc-ipoly","status":"publish","type":"product","link":"https:\/\/uj.adatbank.ro\/lexikon\/termek\/mateffy-ipoly-matefi-ferenc-ipoly\/","title":{"rendered":"M\u00c1T\u00c9FFY Ipoly, M\u00e1t\u00e9fi Ferenc Ipoly"},"content":{"rendered":"<p>Nagyd\u00e9m (Veszpr\u00e9m vm.), 1847., \u2020 Mv., 1924. s\u00edrk\u00f6ve a r.k. temet\u0151ben: r. k. pap. \u2013 A mv.-i Minorita rendh\u00e1z h\u00e1zf\u0151n\u00f6ke (1919. nov.\u20131924. j\u00fan.3.).  <br \/><strong>Irod.:<\/strong> Almanah Tg. M.; Maros megyei m. t\u00f6rt.5.<\/br><\/p>\n","protected":false},"excerpt":{"rendered":"<p>Nagyd\u00e9m (Veszpr\u00e9m vm.), 1847., \u2020 Mv., 1924. s\u00edrk\u00f6ve a r.k. temet\u0151ben: r. k. pap. \u2013 A mv.-i Minorita rendh\u00e1z h\u00e1zf\u0151n\u00f6ke (1919. nov.\u20131924. j\u00fan.3.). Irod.: Almanah Tg. M.; Maros megyei m. t\u00f6rt.5.<\/p>\n","protected":false},"featured_media":0,"comment_status":"open","ping_status":"closed","template":"","meta":[],"product_brand":[],"product_cat":[137],"product_tag":[],"class_list":{"0":"post-14876","1":"product","2":"type-product","3":"status-publish","5":"product_cat-maros-megyei-eletrajzi-lexikon","7":"first","8":"instock","9":"shipping-taxable","10":"product-type-simple"},"_links":{"self":[{"href":"https:\/\/uj.adatbank.ro\/lexikon\/wp-json\/wp\/v2\/product\/14876","targetHints":{"allow":["GET"]}}],"collection":[{"href":"https:\/\/uj.adatbank.ro\/lexikon\/wp-json\/wp\/v2\/product"}],"about":[{"href":"https:\/\/uj.adatbank.ro\/lexikon\/wp-json\/wp\/v2\/types\/product"}],"replies":[{"embeddable":true,"href":"https:\/\/uj.adatbank.ro\/lexikon\/wp-json\/wp\/v2\/comments?post=14876"}],"wp:attachment":[{"href":"https:\/\/uj.adatbank.ro\/lexikon\/wp-json\/wp\/v2\/media?parent=14876"}],"wp:term":[{"taxonomy":"product_brand","embeddable":true,"href":"https:\/\/uj.adatbank.ro\/lexikon\/wp-json\/wp\/v2\/product_brand?post=14876"},{"taxonomy":"product_cat","embeddable":true,"href":"https:\/\/uj.adatbank.ro\/lexikon\/wp-json\/wp\/v2\/product_cat?post=14876"},{"taxonomy":"product_tag","embeddable":true,"href":"https:\/\/uj.adatbank.ro\/lexikon\/wp-json\/wp\/v2\/product_tag?post=14876"}],"curies":[{"name":"wp","href":"https:\/\/api.w.org\/{rel}","templated":true}]}}