{"id":14888,"date":"2025-07-15T13:16:59","date_gmt":"2025-07-15T11:16:59","guid":{"rendered":"https:\/\/uj.adatbank.ro\/lexikon\/termek\/matei-partenie\/"},"modified":"2025-07-15T13:16:59","modified_gmt":"2025-07-15T11:16:59","slug":"matei-partenie","status":"publish","type":"product","link":"https:\/\/uj.adatbank.ro\/lexikon\/termek\/matei-partenie\/","title":{"rendered":"MATEI, Partenie"},"content":{"rendered":"<p>Sz\u00e9kelymoson, 1878. okt. 4. \u2020\u00a0?: gr. kat.pap. \u2013 M. Teodor \u00e9s M\u00e1ria fia. Feles\u00e9ge: Silvia. Le\u00e1nya: Aurora, Tabarcea Aurel feles\u00e9ge. \u2013 Gr. kat. pap, \u00e1t t\u00e9rt az ortodox vall\u00e1sra, Koronk\u00e1n \u00e9lt (1901\u201371). Az \u0151 szolg\u00e1lata idej\u00e9ben \u00e9p\u00fclt a Sf. Gheorghe-nak aj\u00e1lott ort. templom (1912) \u00e9s a par\u00f3chia \u00e9p\u00fclete (1936).Ugyanabban az id\u0151ben szolg\u00e1lt Kebel\u00e9ben is (1901\u201360), ahol renov\u00e1ltatta a r\u00e9gi fatemplomot (\u00e9p\u00fclt az 1800-as \u00e9vek els\u0151 fel\u00e9ben). A securitate megfigyeltette (1956 k.). Legion\u00e1rius szen\u00e1tor volt, nem kollabor\u00e1lt az \u00e1llami szervekkel, ellens\u00e9gesen viselkedett, de id\u0151s volta miatt nem z\u00e1rt\u00e1k be. <br \/><strong>Irod.:<\/strong> Bartos 2012; \u015eincan 2006<\/br><\/p>\n","protected":false},"excerpt":{"rendered":"<p>Sz\u00e9kelymoson, 1878. okt. 4. \u2020\u00a0?: gr. kat.pap. \u2013 M. Teodor \u00e9s M\u00e1ria fia. Feles\u00e9ge: Silvia. Le\u00e1nya: Aurora, Tabarcea Aurel feles\u00e9ge. \u2013 Gr. kat. pap, \u00e1t t\u00e9rt az ortodox vall\u00e1sra, Koronk\u00e1n \u00e9lt (1901\u201371). Az \u0151 szolg\u00e1lata idej\u00e9ben \u00e9p\u00fclt a Sf. Gheorghe-nak aj\u00e1lott ort. templom (1912) \u00e9s a par\u00f3chia \u00e9p\u00fclete (1936).Ugyanabban az id\u0151ben szolg\u00e1lt Kebel\u00e9ben is (1901\u201360), [&hellip;]<\/p>\n","protected":false},"featured_media":0,"comment_status":"open","ping_status":"closed","template":"","meta":[],"product_brand":[],"product_cat":[137],"product_tag":[],"class_list":{"0":"post-14888","1":"product","2":"type-product","3":"status-publish","5":"product_cat-maros-megyei-eletrajzi-lexikon","7":"first","8":"instock","9":"shipping-taxable","10":"product-type-simple"},"_links":{"self":[{"href":"https:\/\/uj.adatbank.ro\/lexikon\/wp-json\/wp\/v2\/product\/14888","targetHints":{"allow":["GET"]}}],"collection":[{"href":"https:\/\/uj.adatbank.ro\/lexikon\/wp-json\/wp\/v2\/product"}],"about":[{"href":"https:\/\/uj.adatbank.ro\/lexikon\/wp-json\/wp\/v2\/types\/product"}],"replies":[{"embeddable":true,"href":"https:\/\/uj.adatbank.ro\/lexikon\/wp-json\/wp\/v2\/comments?post=14888"}],"wp:attachment":[{"href":"https:\/\/uj.adatbank.ro\/lexikon\/wp-json\/wp\/v2\/media?parent=14888"}],"wp:term":[{"taxonomy":"product_brand","embeddable":true,"href":"https:\/\/uj.adatbank.ro\/lexikon\/wp-json\/wp\/v2\/product_brand?post=14888"},{"taxonomy":"product_cat","embeddable":true,"href":"https:\/\/uj.adatbank.ro\/lexikon\/wp-json\/wp\/v2\/product_cat?post=14888"},{"taxonomy":"product_tag","embeddable":true,"href":"https:\/\/uj.adatbank.ro\/lexikon\/wp-json\/wp\/v2\/product_tag?post=14888"}],"curies":[{"name":"wp","href":"https:\/\/api.w.org\/{rel}","templated":true}]}}