{"id":14908,"date":"2025-07-15T13:17:41","date_gmt":"2025-07-15T11:17:41","guid":{"rendered":"https:\/\/uj.adatbank.ro\/lexikon\/termek\/mathe-bela\/"},"modified":"2025-07-15T13:17:41","modified_gmt":"2025-07-15T11:17:41","slug":"mathe-bela","status":"publish","type":"product","link":"https:\/\/uj.adatbank.ro\/lexikon\/termek\/mathe-bela\/","title":{"rendered":"M\u00c1TH\u00c9 B\u00e9la"},"content":{"rendered":"<p>Erked, 1908., \u2020\u00a0?: r\u00e1di\u00f3m\u0171szer\u00e9sz, elektr\u00f3technikus, aut\u00f3szerel\u0151. \u2013 A k\u00f6z\u00e9piskol\u00e1t Sepsiszentgy\u00f6rgy\u00f6n \u00e9s Mv.-en v\u00e9gezte, \u00d6n\u00e1ll\u00f3 lett Mv.-rn (1931\u2013), ahol a szakma kiv\u00e1l\u00f3 k\u00e9pvisel\u0151je, ismert j\u00f3nev\u0171 iparos volt. <br \/><strong>Irod.:<\/strong> Sz\u00e9kelyf\u00f6ld \u00ed.k.<\/br><\/p>\n","protected":false},"excerpt":{"rendered":"<p>Erked, 1908., \u2020\u00a0?: r\u00e1di\u00f3m\u0171szer\u00e9sz, elektr\u00f3technikus, aut\u00f3szerel\u0151. \u2013 A k\u00f6z\u00e9piskol\u00e1t Sepsiszentgy\u00f6rgy\u00f6n \u00e9s Mv.-en v\u00e9gezte, \u00d6n\u00e1ll\u00f3 lett Mv.-rn (1931\u2013), ahol a szakma kiv\u00e1l\u00f3 k\u00e9pvisel\u0151je, ismert j\u00f3nev\u0171 iparos volt. Irod.: Sz\u00e9kelyf\u00f6ld \u00ed.k.<\/p>\n","protected":false},"featured_media":0,"comment_status":"open","ping_status":"closed","template":"","meta":[],"product_brand":[],"product_cat":[137],"product_tag":[],"class_list":{"0":"post-14908","1":"product","2":"type-product","3":"status-publish","5":"product_cat-maros-megyei-eletrajzi-lexikon","7":"first","8":"instock","9":"shipping-taxable","10":"product-type-simple"},"_links":{"self":[{"href":"https:\/\/uj.adatbank.ro\/lexikon\/wp-json\/wp\/v2\/product\/14908","targetHints":{"allow":["GET"]}}],"collection":[{"href":"https:\/\/uj.adatbank.ro\/lexikon\/wp-json\/wp\/v2\/product"}],"about":[{"href":"https:\/\/uj.adatbank.ro\/lexikon\/wp-json\/wp\/v2\/types\/product"}],"replies":[{"embeddable":true,"href":"https:\/\/uj.adatbank.ro\/lexikon\/wp-json\/wp\/v2\/comments?post=14908"}],"wp:attachment":[{"href":"https:\/\/uj.adatbank.ro\/lexikon\/wp-json\/wp\/v2\/media?parent=14908"}],"wp:term":[{"taxonomy":"product_brand","embeddable":true,"href":"https:\/\/uj.adatbank.ro\/lexikon\/wp-json\/wp\/v2\/product_brand?post=14908"},{"taxonomy":"product_cat","embeddable":true,"href":"https:\/\/uj.adatbank.ro\/lexikon\/wp-json\/wp\/v2\/product_cat?post=14908"},{"taxonomy":"product_tag","embeddable":true,"href":"https:\/\/uj.adatbank.ro\/lexikon\/wp-json\/wp\/v2\/product_tag?post=14908"}],"curies":[{"name":"wp","href":"https:\/\/api.w.org\/{rel}","templated":true}]}}