{"id":15717,"date":"2025-07-15T13:44:46","date_gmt":"2025-07-15T11:44:46","guid":{"rendered":"https:\/\/uj.adatbank.ro\/lexikon\/termek\/molnar-vince-%c2%a7\/"},"modified":"2025-07-15T13:44:46","modified_gmt":"2025-07-15T11:44:46","slug":"molnar-vince-%c2%a7","status":"publish","type":"product","link":"https:\/\/uj.adatbank.ro\/lexikon\/termek\/molnar-vince-%c2%a7\/","title":{"rendered":"MOLN\u00c1R Vince, \u00a7"},"content":{"rendered":"<p>Ny\u00e1r\u00e1dszentanna, 1926. nov. 25.\u2020 2006.: orvos. \u2013 A k\u00f6z\u00e9piskol\u00e1t a mv.-i Ref. Koll.-ban v\u00e9gezte (1947). Falusi tan\u00edt\u00f3 p\u00e1r \u00e9vig. Az OGYI-n szerzett orvosi \u00e9rdemdiplom\u00e1t (1953). Itt kezdte p\u00e1ly\u00e1j\u00e1t az igazs\u00e1g\u00fcgyi orvostani tansz\u00e9ken, majd a Mina Minovici Igazs\u00e1g\u00fcgyi Orvostani Int\u00e9zet fi\u00f3kj\u00e1nak bio-kriminalisztikai laborat\u00f3rium\u00e1ban is dolgozott; az orvostudom\u00e1nyok doktora (1968), a Rom\u00e1n Orvostudom\u00e1nyi Akad\u00e9mia, a Legfels\u0151 Igazs\u00e1g\u00fcgyi Orvosi Szak\u00e9rt\u0151i Bizotts\u00e1g tagja; el\u0151ad\u00f3tan\u00e1r, a K\u00f6zponti T\u00f6rv\u00e9nysz\u00e9ki Orvostani Int\u00e9zet mv.-i k\u00fcls\u0151 laborat\u00f3rium\u00e1nak f\u0151orvos (1983\u2013), prof. (1994\u2013). H\u00fasz \u00e9ven \u00e1t a N\u00e9pi Egyetem T\u00e1rsadalmi \u00e9let \u00e9s orvostudom\u00e1ny c- szakk\u00f6r\u00e9t vezette. Az igazs\u00e1g\u00fcgyi-orvosi genetika \u00e9s alkohol\u00f3gia ter\u00fclet\u00e9n az ujjlenyomatok \u00f6r\u00f6kl\u00e9selm\u00e9let, a kr\u00f3nikus betegs\u00e9gekre val\u00f3 \u00f6r\u00f6kletes fog\u00e9konys\u00e1got vizsg\u00e1lta valamint az \u00f6ngyilkoss\u00e1g k\u00e9rd\u00e9s\u00e9t. Szakk\u00f6zlem\u00e9nyei : Revista Medical\u0103 \u2013Orvosi Szemle, Problemele de medicin\u0103 legal\u0103 \u015fi criminalistic\u0103, Acta Morphologica Academiae Scientiarium Hungaricae-ban; ismeretterjeszt\u0151 cikkei : V. Z., \u00daj \u00c9let-ben. Alap\u00edt\u00f3tagja a KMMSz-nek (1977\u2013). Olajfestm\u00e9nyekkel \u00e9s akvarellekkel, Mv.-en, sz\u00e9ngrafik\u00e1kkal \u00e9s gy\u00f6k\u00e9rb\u0151l faragott szobrocsk\u00e1kkal Mv.-en \u00e9s Kv.-on r\u00e9szt vett az orvosok \u00e9vente megszevezett ki\u00e1ll\u00edt\u00e1sain (1969\u201388), valamint a KMMSz \u00e1ltal Mv.-en szervezett csoportos \u00e9s kollekt\u00edv k\u00e9pz\u0151m\u0171v\u00e9szeti ki\u00e1ll\u00edt\u00e1sain. \u2013 Ki\u00e1ll.: egy\u00e9ni: Mv.-en: az Unirea Teremben, a Szakszervezetek M\u0171vel\u0151d\u00e9si H\u00e1z\u00e1ban, Megyei K\u00f3rh\u00e1zban; Sepsiszentgy\u00f6rgy\u00f6n, Kov\u00e1szn\u00e1n \u00e9s Debrecenben (1995). \u2013 <strong>F. m.:<\/strong> Elemente de medicin\u0103 legal\u0103. Manual pentru stomatologi (Tg.\u00edM., 1970, 1971), Elemente de medicin\u0103 legal\u0103 : curs univ. pentru stomatologi. (TgM, 1977), Hum\u00e1ngenetika a gyakorlatban. (Kv., 1984); Medicina legal\u0103: curs pentru studen\u0163ii la drept. (TgM 1997); <strong>t\u00e1rssz.:<\/strong> T\u00f6rv\u00e9nysz\u00e9ki orvostani jegyzet. (Mv., 1951, 1954); T\u00f6rv\u00e9nysz\u00e9ki orvostan 1\u20133 k. (Mv., 1959. \u2013 1960); Medicin\u0103 legal\u0103 ( Ander Z-, Biceag I-vel, Buc., 1966); Curs de medicin\u0103 legal\u0103 (Tg. M., 1977); Tratat practic de criminalistic\u0103 (Buc., 1978\u201382); Tratat complet de criminalistic\u0103; (Buc., 1986); Medicina legal\u0103 : curs pentru medicini\u015fti (TgM, 1989); Tratat complet de criminalistic\u0103. ( Buc., 1989). <br \/><strong>Irod.:<\/strong> AAPM; EMKK 2000; Genersich; Karda Ferenc: A t\u00f6rv\u00e9nysz\u00e9ki f\u0151orvos (\u00daj \u00c9let, 22. sz., 1981); Kiss\u2013P\u00e9terffy\u2013P\u00e9terffy; KKACS; Opri\u015f 2018; Opri\u015f-Mure\u015fan; P\u00e9ter; RMIL, RMKK; Sz\u00f6ll\u0151si 2009; Tizenk\u00e9t \u00e9v<\/br><\/p>\n","protected":false},"excerpt":{"rendered":"<p>Ny\u00e1r\u00e1dszentanna, 1926. nov. 25.\u2020 2006.: orvos. \u2013 A k\u00f6z\u00e9piskol\u00e1t a mv.-i Ref. Koll.-ban v\u00e9gezte (1947). Falusi tan\u00edt\u00f3 p\u00e1r \u00e9vig. Az OGYI-n szerzett orvosi \u00e9rdemdiplom\u00e1t (1953). Itt kezdte p\u00e1ly\u00e1j\u00e1t az igazs\u00e1g\u00fcgyi orvostani tansz\u00e9ken, majd a Mina Minovici Igazs\u00e1g\u00fcgyi Orvostani Int\u00e9zet fi\u00f3kj\u00e1nak bio-kriminalisztikai laborat\u00f3rium\u00e1ban is dolgozott; az orvostudom\u00e1nyok doktora (1968), a Rom\u00e1n Orvostudom\u00e1nyi Akad\u00e9mia, a Legfels\u0151 Igazs\u00e1g\u00fcgyi [&hellip;]<\/p>\n","protected":false},"featured_media":0,"comment_status":"open","ping_status":"closed","template":"","meta":[],"product_brand":[],"product_cat":[137],"product_tag":[],"class_list":{"0":"post-15717","1":"product","2":"type-product","3":"status-publish","5":"product_cat-maros-megyei-eletrajzi-lexikon","7":"first","8":"instock","9":"shipping-taxable","10":"product-type-simple"},"_links":{"self":[{"href":"https:\/\/uj.adatbank.ro\/lexikon\/wp-json\/wp\/v2\/product\/15717","targetHints":{"allow":["GET"]}}],"collection":[{"href":"https:\/\/uj.adatbank.ro\/lexikon\/wp-json\/wp\/v2\/product"}],"about":[{"href":"https:\/\/uj.adatbank.ro\/lexikon\/wp-json\/wp\/v2\/types\/product"}],"replies":[{"embeddable":true,"href":"https:\/\/uj.adatbank.ro\/lexikon\/wp-json\/wp\/v2\/comments?post=15717"}],"wp:attachment":[{"href":"https:\/\/uj.adatbank.ro\/lexikon\/wp-json\/wp\/v2\/media?parent=15717"}],"wp:term":[{"taxonomy":"product_brand","embeddable":true,"href":"https:\/\/uj.adatbank.ro\/lexikon\/wp-json\/wp\/v2\/product_brand?post=15717"},{"taxonomy":"product_cat","embeddable":true,"href":"https:\/\/uj.adatbank.ro\/lexikon\/wp-json\/wp\/v2\/product_cat?post=15717"},{"taxonomy":"product_tag","embeddable":true,"href":"https:\/\/uj.adatbank.ro\/lexikon\/wp-json\/wp\/v2\/product_tag?post=15717"}],"curies":[{"name":"wp","href":"https:\/\/api.w.org\/{rel}","templated":true}]}}

MOLNÁR Vince, §

<p>Nyárádszentanna, 1926. nov. 25.† 2006.: orvos. – A középiskolát a mv.-i Ref. Koll.-ban végezte (1947). Falusi tanító pár évig. Az OGYI-n szerzett orvosi érdemdiplomát (1953). Itt kezdte pályáját az igazságügyi orvostani tanszéken, majd a Mina Minovici Igazságügyi Orvostani Intézet fiókjának bio-kriminalisztikai laboratóriumában is dolgozott; az orvostudományok doktora (1968), a Román Orvostudományi Akadémia, a Legfelső Igazságügyi Orvosi Szakértői Bizottság tagja; előadótanár, a Központi Törvényszéki Orvostani Intézet mv.-i külső laboratóriumának főorvos (1983–), prof. (1994–). Húsz éven át a Népi Egyetem Társadalmi élet és orvostudomány c- szakkörét vezette. Az igazságügyi-orvosi genetika és alkohológia területén az ujjlenyomatok örökléselmélet, a krónikus betegségekre való örökletes fogékonyságot vizsgálta valamint az öngyilkosság kérdését. Szakközleményei : Revista Medicală –Orvosi Szemle, Problemele de medicină legală şi criminalistică, Acta Morphologica Academiae Scientiarium Hungaricae-ban; ismeretterjesztő cikkei : V. Z., Új Élet-ben. Alapítótagja a KMMSz-nek (1977–). Olajfestményekkel és akvarellekkel, Mv.-en, széngrafikákkal és gyökérből faragott szobrocskákkal Mv.-en és Kv.-on részt vett az orvosok évente megszevezett kiállításain (1969–88), valamint a KMMSz által Mv.-en szervezett csoportos és kollektív képzőművészeti kiállításain. – Kiáll.: egyéni: Mv.-en: az Unirea Teremben, a Szakszervezetek Művelődési Házában, Megyei Kórházban; Sepsiszentgyörgyön, Kovásznán és Debrecenben (1995). – <strong>F. m.:</strong> Elemente de medicină legală. Manual pentru stomatologi (Tg.íM., 1970, 1971), Elemente de medicină legală : curs univ. pentru stomatologi. (TgM, 1977), Humángenetika a gyakorlatban. (Kv., 1984); Medicina legală: curs pentru studenţii la drept. (TgM 1997); <strong>társsz.:</strong> Törvényszéki orvostani jegyzet. (Mv., 1951, 1954); Törvényszéki orvostan 1–3 k. (Mv., 1959. – 1960); Medicină legală ( Ander Z-, Biceag I-vel, Buc., 1966); Curs de medicină legală (Tg. M., 1977); Tratat practic de criminalistică (Buc., 1978–82); Tratat complet de criminalistică; (Buc., 1986); Medicina legală : curs pentru medicinişti (TgM, 1989); Tratat complet de criminalistică. ( Buc., 1989). <br /><strong>Irod.:</strong> AAPM; EMKK 2000; Genersich; Karda Ferenc: A törvényszéki főorvos (Új Élet, 22. sz., 1981); Kiss–Péterffy–Péterffy; KKACS; Opriş 2018; Opriş-Mureşan; Péter; RMIL, RMKK; Szöllősi 2009; Tizenkét év</br></p>

<p>Nyárádszentanna, 1926. nov. 25.† 2006.: orvos. – A középiskolát a mv.-i Ref. Koll.-ban végezte (1947). Falusi tanító pár évig. Az OGYI-n szerzett orvosi érdemdiplomát (1953). Itt kezdte pályáját az igazságügyi orvostani tanszéken, majd a Mina Minovici Igazságügyi Orvostani Intézet fiókjának bio-kriminalisztikai laboratóriumában is dolgozott; az orvostudományok doktora (1968), a Román Orvostudományi Akadémia, a Legfelső Igazságügyi [&hellip;]</p>
