{"id":15719,"date":"2025-07-15T13:44:52","date_gmt":"2025-07-15T11:44:52","guid":{"rendered":"https:\/\/uj.adatbank.ro\/lexikon\/termek\/molnar-zoltan-2\/"},"modified":"2025-07-15T13:44:52","modified_gmt":"2025-07-15T11:44:52","slug":"molnar-zoltan-2","status":"publish","type":"product","link":"https:\/\/uj.adatbank.ro\/lexikon\/termek\/molnar-zoltan-2\/","title":{"rendered":"MOLN\u00c1R Zolt\u00e1n"},"content":{"rendered":"<p>Brass\u00f3, 1929. m\u00e1rc. 15., \u2020 ?: k\u00e9mia tan\u00e1r, fot\u00f3m\u0171v\u00e9sz.. \u2013 Sz\u00e9kelyudvarhelyen \u00e9retts\u00e9gizett (1948), az egyetemet Kv.-on v\u00e9gezte a BTE k\u00e9mia szak\u00e1n (1952).Tan\u00edtott Mv.-en az esti liceumban (1952\u201360), a Bolyai Farkas Liceumban (1961\u201389); nyugd\u00edjas (1989\u2013), de m\u00e9g tan\u00edtott (\u20131997). F\u00e9nyk\u00e9pezett (1952\u2013), szerepelt hazai (1958\u2013) \u00e9s nemzetk\u00f6zi (1977\u2013) ki\u00e1ll\u00edt\u00e1sokon. Mintegy 500 ki\u00e1ll\u00edt\u00e1son vett r\u00e9szt, hetvenn\u00e9l t\u00f6bb d\u00edjat nyert. Nemzetk\u00f6zi ki\u00e1ll\u00edt\u00e1sokat szervezett \u00e9s zs\u0171rij\u00e9nek tagja volt. Sok felv\u00e9tele jelent meg k\u00fcl\u00f6mb\u00f6z\u0151 hazai \u00e9s k\u00fclf\u00f6ldi \u00fajs\u00e1gokban, foly\u00f3iratokban, k\u00f6nyvekben \u00e9s fot\u00f3albumokban. Fot\u00f3k\u00f6rt vezetett (1954\u2013) melyeknek tagjai k\u00f6z\u00fcl sokan v\u00e1ltak huvat\u00e1sos f\u00e9nyk\u00e9p\u00e9sz\u00e9 illetve ki\u00e1ll\u00edt\u00f3 fot\u00f3m\u0171v\u00e9szekk\u00e9. J\u00f3 sportol\u00f3 volt. C\u00e9ll\u00f6v\u00e9szetben orsz\u00e1gos 5. helyet szerzett (1960), K\u00e9zilabda j\u00e1t\u00e9kvezet\u0151i (1956); sportl\u00f6v\u0151 edz\u0151i (1963), s\u00edoktat\u00f3i vizsg\u00e1t tett (1979). A sportban kifejtett tev\u00e9kenys\u00e9g\u00e9\u00e9rt Sport\u00e9rdem\u00e9rmet kapott (1961).Tagja a Mv.-i Fotoklubnak (1972\u201396), aleln\u00f6k, majd titk\u00e1r, alap\u00edt\u00f3tagja a mv.-i Fotogroup Creative-nak; a Rom\u00e1niai Fotom\u0171v\u00e9szek Egyes\u0151let\u00e9ne; Amerikai F\u00e9nyk\u00e9p\u00e9szeti T\u00e1rsas\u00e1g, Friends of Creative Monochorom (Anglia), Kodak Professional Network. \u2013 Egy\u00e9ni ki\u00e1ll\u00edt\u00e1sai : Mv. (1982, 1992, 1996, 1998, 1999); Sz\u00e9kelyudvarhely (1983, 1993), Sepsiszentgy\u00f6rgy (1987); Miskolc (1991), Kaposv\u00e1r (1992); Pannonhalma (1992), Me\u00ed\u0151ber\u00e9ny (1996), Buenos Aires (1998); \u00d6tven \u00e9v fot\u00f3i (Mv., 2003) \u2013album is., csoportos ki\u00e1ll\u00edt\u00e1sok : Mv. t\u00f6bb alkalommal, Boto\u015fani, Craiova, Sz\u00e9kelykereszt\u00far, Ny\u00e1r\u00e1dszereda, Homor\u00f3dszentm\u00e1rton (1996, 97, 98), Miskolc (1991), Ny\u00edregyh\u00e1za (1991), Kaposv\u00e1r (1991), Szolnok (1992), Bp. (1992), Koml\u00f3 (1993), Santa F\u00e9 (1994). Pr\u00f3za: Kirsch M\u00e1rt\u00e1val kapcsolatos eml\u00e9keimb\u0151l = Kirsch. <br \/><strong>Irod.:<\/strong> Gy\u0151ri Lajos; KKACs ; Madaras; Moln\u00e1r; RMKK<\/br><\/p>\n","protected":false},"excerpt":{"rendered":"<p>Brass\u00f3, 1929. m\u00e1rc. 15., \u2020 ?: k\u00e9mia tan\u00e1r, fot\u00f3m\u0171v\u00e9sz.. \u2013 Sz\u00e9kelyudvarhelyen \u00e9retts\u00e9gizett (1948), az egyetemet Kv.-on v\u00e9gezte a BTE k\u00e9mia szak\u00e1n (1952).Tan\u00edtott Mv.-en az esti liceumban (1952\u201360), a Bolyai Farkas Liceumban (1961\u201389); nyugd\u00edjas (1989\u2013), de m\u00e9g tan\u00edtott (\u20131997). F\u00e9nyk\u00e9pezett (1952\u2013), szerepelt hazai (1958\u2013) \u00e9s nemzetk\u00f6zi (1977\u2013) ki\u00e1ll\u00edt\u00e1sokon. Mintegy 500 ki\u00e1ll\u00edt\u00e1son vett r\u00e9szt, hetvenn\u00e9l t\u00f6bb d\u00edjat [&hellip;]<\/p>\n","protected":false},"featured_media":0,"comment_status":"open","ping_status":"closed","template":"","meta":[],"product_brand":[],"product_cat":[137],"product_tag":[],"class_list":{"0":"post-15719","1":"product","2":"type-product","3":"status-publish","5":"product_cat-maros-megyei-eletrajzi-lexikon","7":"first","8":"instock","9":"shipping-taxable","10":"product-type-simple"},"_links":{"self":[{"href":"https:\/\/uj.adatbank.ro\/lexikon\/wp-json\/wp\/v2\/product\/15719","targetHints":{"allow":["GET"]}}],"collection":[{"href":"https:\/\/uj.adatbank.ro\/lexikon\/wp-json\/wp\/v2\/product"}],"about":[{"href":"https:\/\/uj.adatbank.ro\/lexikon\/wp-json\/wp\/v2\/types\/product"}],"replies":[{"embeddable":true,"href":"https:\/\/uj.adatbank.ro\/lexikon\/wp-json\/wp\/v2\/comments?post=15719"}],"wp:attachment":[{"href":"https:\/\/uj.adatbank.ro\/lexikon\/wp-json\/wp\/v2\/media?parent=15719"}],"wp:term":[{"taxonomy":"product_brand","embeddable":true,"href":"https:\/\/uj.adatbank.ro\/lexikon\/wp-json\/wp\/v2\/product_brand?post=15719"},{"taxonomy":"product_cat","embeddable":true,"href":"https:\/\/uj.adatbank.ro\/lexikon\/wp-json\/wp\/v2\/product_cat?post=15719"},{"taxonomy":"product_tag","embeddable":true,"href":"https:\/\/uj.adatbank.ro\/lexikon\/wp-json\/wp\/v2\/product_tag?post=15719"}],"curies":[{"name":"wp","href":"https:\/\/api.w.org\/{rel}","templated":true}]}}

MOLNÁR Zoltán

<p>Brassó, 1929. márc. 15., † ?: kémia tanár, fotóművész.. – Székelyudvarhelyen érettségizett (1948), az egyetemet Kv.-on végezte a BTE kémia szakán (1952).Tanított Mv.-en az esti liceumban (1952–60), a Bolyai Farkas Liceumban (1961–89); nyugdíjas (1989–), de még tanított (–1997). Fényképezett (1952–), szerepelt hazai (1958–) és nemzetközi (1977–) kiállításokon. Mintegy 500 kiállításon vett részt, hetvennél több díjat nyert. Nemzetközi kiállításokat szervezett és zsűrijének tagja volt. Sok felvétele jelent meg külömböző hazai és külföldi újságokban, folyóiratokban, könyvekben és fotóalbumokban. Fotókört vezetett (1954–) melyeknek tagjai közül sokan váltak huvatásos fényképészé illetve kiállító fotóművészekké. Jó sportoló volt. Céllövészetben országos 5. helyet szerzett (1960), Kézilabda játékvezetői (1956); sportlövő edzői (1963), síoktatói vizsgát tett (1979). A sportban kifejtett tevékenységéért Sportérdemérmet kapott (1961).Tagja a Mv.-i Fotoklubnak (1972–96), alelnök, majd titkár, alapítótagja a mv.-i Fotogroup Creative-nak; a Romániai Fotoművészek Egyesőleténe; Amerikai Fényképészeti Társaság, Friends of Creative Monochorom (Anglia), Kodak Professional Network. – Egyéni kiállításai : Mv. (1982, 1992, 1996, 1998, 1999); Székelyudvarhely (1983, 1993), Sepsiszentgyörgy (1987); Miskolc (1991), Kaposvár (1992); Pannonhalma (1992), Meíőberény (1996), Buenos Aires (1998); Ötven év fotói (Mv., 2003) –album is., csoportos kiállítások : Mv. több alkalommal, Botoşani, Craiova, Székelykeresztúr, Nyárádszereda, Homoródszentmárton (1996, 97, 98), Miskolc (1991), Nyíregyháza (1991), Kaposvár (1991), Szolnok (1992), Bp. (1992), Komló (1993), Santa Fé (1994). Próza: Kirsch Mártával kapcsolatos emlékeimből = Kirsch. <br /><strong>Irod.:</strong> Győri Lajos; KKACs ; Madaras; Molnár; RMKK</br></p>

<p>Brassó, 1929. márc. 15., † ?: kémia tanár, fotóművész.. – Székelyudvarhelyen érettségizett (1948), az egyetemet Kv.-on végezte a BTE kémia szakán (1952).Tanított Mv.-en az esti liceumban (1952–60), a Bolyai Farkas Liceumban (1961–89); nyugdíjas (1989–), de még tanított (–1997). Fényképezett (1952–), szerepelt hazai (1958–) és nemzetközi (1977–) kiállításokon. Mintegy 500 kiállításon vett részt, hetvennél több díjat [&hellip;]</p>
