{"id":15720,"date":"2025-07-15T13:44:53","date_gmt":"2025-07-15T11:44:53","guid":{"rendered":"https:\/\/uj.adatbank.ro\/lexikon\/termek\/molnar-zoltan-3\/"},"modified":"2025-07-15T13:44:53","modified_gmt":"2025-07-15T11:44:53","slug":"molnar-zoltan-3","status":"publish","type":"product","link":"https:\/\/uj.adatbank.ro\/lexikon\/termek\/molnar-zoltan-3\/","title":{"rendered":"MOLN\u00c1R Zolt\u00e1n"},"content":{"rendered":"<p>Mv., 1972. jan. 5., \u2020 Bp., 1995.j\u00fal.12.: k\u00f6lt\u0151. \u2013Mv.-r\u0151l a csal\u00e1d Cs\u00edkszered\u00e1ba, az \u00e9desanyja sz\u00fcl\u0151v\u00e1ros\u00e1ba k\u00f6lt\u00f6z\u00f6tt (1977), \u00e1ttelepedtek a mo.-i Koml\u00f3ra (1990.febr.). Cs\u00edkszeredai l\u00edceumi tanulm\u00e1nyait \u00e9retts\u00e9givel P\u00e9csen fejezte be. A p\u00e9csi Janus Pannonius TE jogi kar\u00e1nak hallgat\u00f3ja (1991\u2013) egy \u00e9vig \u00e9s a b\u00f6lcs\u00e9szkaron az eszt\u00e9tika szakon folytatta tanulm\u00e1nyait r\u00e1kos betegs\u00e9ge megt\u00e1mad\u00e1s\u00e1ig (1992\u20131995). \u2013 <strong>F. m.:<\/strong> Az utols\u00f3 el\u0151tti mosoly: versek (Mv., 1997); Mint csillag az \u00e9gen. El\u0151sz\u00f3: Borb\u00e9ly Botond: Eml\u00e9kk\u00e9pek Moz\u00f3r\u00f3l \u00e9s egy korr\u00f3l (Cs\u00edkszereda, 2010) <br \/><strong>Irod.:<\/strong> Kusz\u00e1lik<\/br><\/p>\n","protected":false},"excerpt":{"rendered":"<p>Mv., 1972. jan. 5., \u2020 Bp., 1995.j\u00fal.12.: k\u00f6lt\u0151. \u2013Mv.-r\u0151l a csal\u00e1d Cs\u00edkszered\u00e1ba, az \u00e9desanyja sz\u00fcl\u0151v\u00e1ros\u00e1ba k\u00f6lt\u00f6z\u00f6tt (1977), \u00e1ttelepedtek a mo.-i Koml\u00f3ra (1990.febr.). Cs\u00edkszeredai l\u00edceumi tanulm\u00e1nyait \u00e9retts\u00e9givel P\u00e9csen fejezte be. A p\u00e9csi Janus Pannonius TE jogi kar\u00e1nak hallgat\u00f3ja (1991\u2013) egy \u00e9vig \u00e9s a b\u00f6lcs\u00e9szkaron az eszt\u00e9tika szakon folytatta tanulm\u00e1nyait r\u00e1kos betegs\u00e9ge megt\u00e1mad\u00e1s\u00e1ig (1992\u20131995). \u2013 F. m.: [&hellip;]<\/p>\n","protected":false},"featured_media":0,"comment_status":"open","ping_status":"closed","template":"","meta":[],"product_brand":[],"product_cat":[137],"product_tag":[],"class_list":{"0":"post-15720","1":"product","2":"type-product","3":"status-publish","5":"product_cat-maros-megyei-eletrajzi-lexikon","7":"first","8":"instock","9":"shipping-taxable","10":"product-type-simple"},"_links":{"self":[{"href":"https:\/\/uj.adatbank.ro\/lexikon\/wp-json\/wp\/v2\/product\/15720","targetHints":{"allow":["GET"]}}],"collection":[{"href":"https:\/\/uj.adatbank.ro\/lexikon\/wp-json\/wp\/v2\/product"}],"about":[{"href":"https:\/\/uj.adatbank.ro\/lexikon\/wp-json\/wp\/v2\/types\/product"}],"replies":[{"embeddable":true,"href":"https:\/\/uj.adatbank.ro\/lexikon\/wp-json\/wp\/v2\/comments?post=15720"}],"wp:attachment":[{"href":"https:\/\/uj.adatbank.ro\/lexikon\/wp-json\/wp\/v2\/media?parent=15720"}],"wp:term":[{"taxonomy":"product_brand","embeddable":true,"href":"https:\/\/uj.adatbank.ro\/lexikon\/wp-json\/wp\/v2\/product_brand?post=15720"},{"taxonomy":"product_cat","embeddable":true,"href":"https:\/\/uj.adatbank.ro\/lexikon\/wp-json\/wp\/v2\/product_cat?post=15720"},{"taxonomy":"product_tag","embeddable":true,"href":"https:\/\/uj.adatbank.ro\/lexikon\/wp-json\/wp\/v2\/product_tag?post=15720"}],"curies":[{"name":"wp","href":"https:\/\/api.w.org\/{rel}","templated":true}]}}

MOLNÁR Zoltán

<p>Mv., 1972. jan. 5., † Bp., 1995.júl.12.: költő. –Mv.-ről a család Csíkszeredába, az édesanyja szülővárosába költözött (1977), áttelepedtek a mo.-i Komlóra (1990.febr.). Csíkszeredai líceumi tanulmányait érettségivel Pécsen fejezte be. A pécsi Janus Pannonius TE jogi karának hallgatója (1991–) egy évig és a bölcsészkaron az esztétika szakon folytatta tanulmányait rákos betegsége megtámadásáig (1992–1995). – <strong>F. m.:</strong> Az utolsó előtti mosoly: versek (Mv., 1997); Mint csillag az égen. Előszó: Borbély Botond: Emlékképek Mozóról és egy korról (Csíkszereda, 2010) <br /><strong>Irod.:</strong> Kuszálik</br></p>

<p>Mv., 1972. jan. 5., † Bp., 1995.júl.12.: költő. –Mv.-ről a család Csíkszeredába, az édesanyja szülővárosába költözött (1977), áttelepedtek a mo.-i Komlóra (1990.febr.). Csíkszeredai líceumi tanulmányait érettségivel Pécsen fejezte be. A pécsi Janus Pannonius TE jogi karának hallgatója (1991–) egy évig és a bölcsészkaron az esztétika szakon folytatta tanulmányait rákos betegsége megtámadásáig (1992–1995). – F. m.: [&hellip;]</p>
