{"id":15727,"date":"2025-07-15T13:45:07","date_gmt":"2025-07-15T11:45:07","guid":{"rendered":"https:\/\/uj.adatbank.ro\/lexikon\/termek\/monay-ferenc-dr-o-m-conv-monay-sandor-ferenc\/"},"modified":"2025-07-15T13:45:07","modified_gmt":"2025-07-15T11:45:07","slug":"monay-ferenc-dr-o-m-conv-monay-sandor-ferenc","status":"publish","type":"product","link":"https:\/\/uj.adatbank.ro\/lexikon\/termek\/monay-ferenc-dr-o-m-conv-monay-sandor-ferenc\/","title":{"rendered":"MONAY Ferenc, dr. O.M. Conv., Monay S\u00e1ndor Ferenc"},"content":{"rendered":"<p>Nagyb\u00e1nya, 1878. dec. 22., \u2020 R\u00f3ma-Vatik\u00e1nv\u00e1ros, 1964. m\u00e1j. 5.: minorita pap, tan\u00e1r, vatik\u00e1ni m. gy\u00f3ntat\u00f3; m\u0171vel\u0151d\u00e9st\u00f6rt\u00e9\u00adn\u00e9sz, k\u00f6z\u00edr\u00f3. \u2013 Egerben l\u00e9pett a minorita rendbe (1895. aug. 31.), Aradon \u00e9retts\u00e9gizett. Egerben \u00e9s a r\u00f3mai Szt. Ger\u00adgely Egy.-en teol\u00f3gi\u00e1t tanult, R\u00f3m\u00e1ban pap\u00adp\u00e1 szentelt\u00e9k (1901. j\u00fal. 25.), teol. doktori oklevelet szerzett, Gyulafeh\u00e9rv\u00e1ron hittan\u00e1ri vizsg\u00e1t tett, k\u00e1pl\u00e1n. Szil\u00e1gysom\u00adly\u00f3n hittan\u00e1r (1901\u2013), Aradon seg\u00e9dlelk\u00e9sz (1902\u2013), Mv.-en a papnevel\u0151 ujoncn\u00f6vend\u00e9kek mestere, gimn. tan\u00e1r (1903\u201309), szerkesztette az Egyet\u00e9rt\u00e9s c. napilapot (1903\u20131904), a Kem\u00e9ny Zsigmond T\u00e1rsas\u00e1g tagja (1909). Aradi pl\u00e9b\u00e1nos (1909\u2013) \u00e9s h\u00e1zf\u0151n\u00f6k (1913\u2013), tartom\u00e1nyf\u0151n\u00f6k Miskolcon (1918\u2013), a minorita rend r\u00f3mai k\u00f6zpontj\u00e1ban asszisztens (1922\u2013), tartom\u00e1nyf\u0151n\u00f6k (1924\u20131925), aradi pl\u00e9b\u00e1nos (1925\u2013), a r\u00f3mai Szt. P\u00e9ter \u00adtemplom m. gy\u00f3ntat\u00f3ja (1927. aug. 14.\u2013), a gy\u00f3ntat\u00f3k koll.-\u00e1nak rektora (1933\u2013), \u00fajra a gen. asszisztense (1930\u201336), a r\u00f3mai egyh\u00e1zmegye szentsz\u00e9ki b\u00edr\u00e1ja (1930. dec. 6), a R\u00edtuskongr. tan\u00e1csosa (1931. j\u00fal. 31). A mv.-i KZST (1909. m\u00e1j. 6.), a r\u00f3mai del\u2019Immaculata P\u00e1pai Akad. rendes tagja (1932. jan. 31.), az Accademia Liturgica cenzora (1936. nov. 25), nyugd\u00edjazt\u00e1k (1958). Leford. Assisi Szt. Ferenc \u00f6sszes m\u0171veit. Mv.-en felel\u0151s szerkeszt\u0151je az Egyet\u00e9rt\u00e9s c. napilapnak (1903\u201404), Ordo Divini Officcii (1905\u201310) munkat\u00e1rsa; Aradon a Vas\u00e1rnap c. foly\u00f3irat megalap\u00edt\u00f3ja (1918), a Kat. Egyh\u00e1zi Tud\u00f3s\u00edt\u00f3 (1918) szerkeszt\u0151je \u00e9s R\u00f3m\u00e1ban a r. Commentarium Ordinis Fratrum Minorum Conventualium c. hivatalos k\u00f6zlem\u00e9ny\u00e9v\u00e9 (1932\u201333). A r\u00f3mai P\u00e1pai Tud. Akad. tagja (r. 1932). \u2013 <strong>F. m.:<\/strong> Az aradi n\u0151i M\u00e1ria Kongreg\u00e1ci\u00f3k k\u00e9zik\u00f6nyve (Arad, 1910); Az aradi n\u0151i M\u00e1ria Kongreg\u00e1ci\u00f3k \u00e9rtes-je. (Arad, 1916); Kis imak\u00f6nyv (Arad, 1921; 1926.); Mi nek\u00fcnk a p\u00e1pa ? (Arad, 1925); R\u00f3mai levelek (Arad, 1927); Ez\u00fcst\u00f6s olt\u00e1r (cikkek; Arad, 1927); A later\u00e1ni b\u00e9ke: 1929. febr. 11. (Arad, 1929); Sentenciae Seraphicae e verbis et scriptis S. P. Francisci Assisiensis. pro singulis anni diebus dispositae. (R\u00f3ma, 1928); Az 1933. Szent\u00e9v (R\u00f3ma, 1933); Az 1933. szent \u00e9v.(2. kiad.; R\u00f3ma, 1933); Adatok a mo-i \u00e9s erd\u00e9lyi minorit\u00e1k irodalmi munk\u00e1ss\u00e1g\u00e1r\u00f3l (R\u00f3ma, 1953); De provincia Hungarica ordinis fratrum minorum conventualium memo-riae historicae&#8230; (R\u00f3ma, 1953); A r\u00f3mai m. gy\u00f3ntat\u00f3k (R\u00f3ma, 1956); P. Kelemen Di\u00e1k, a Fels\u0151-Tiszavid\u00e9k apostola (R\u00f3ma, 1957); munkat\u00e1rs, <strong>t\u00e1rssz.:<\/strong> Katolikus lexikon (1, 3\u20134. k\u00f6t; Bp., 1931\u201333); szerk : Kom\u00e1romy S\u00e1ndor: T\u00fck\u00f6r-darabok (el\u0151sz\u00f3, Mv., 1905); <strong>ford.:<\/strong> Asisi Szent Ferenc \u00f6sszes m\u0171vei (Mv., 1907). <br \/><strong>Irod.:<\/strong> Barab\u00e1s Kisanna.2009; Czirj\u00e1k 3; F\u00fcl\u00f6p\u2013Ferencz; Ferenczi 1929; Guly\u00e1s XVIII: 1218.; Gy\u00f6rgy 1926; Gy\u00f6rgy 1927; Maros-k\u00fck\u00fcll\u0151i f\u0151esp; Maros megyei t\u00f6rt.; M\u00c9L; Monay: magyaro.-i \u00e9s erd\u00e9lyi minorit\u00e1k; Monay: R. m. gy.; Maros megyei t\u00f6rt.; RMIL; \u00daM\u00c9L; Schem. OFMConv 1912\/13: 54.; 1942: 45. (VIII. 30: l\u00e9pett a r-be!); 1950: 32; R\u00e9vai; Tak\u00e1cs Incze P : Magyar ferences aszk\u00e9tikus \u00e9let \u00e9s aszk\u00e9tikus kiadv\u00e1nyok (Bp., 1942); Valentiny 1935 r\u00e9sz\u00e9r\u0151l r\u00e9szt vett a ki\u00e1ll\u00edt\u00e1son. <br \/><strong>Irod.:<\/strong> Gell\u00e9ri M\u00f3r\u00a0: Orsz\u00e1gos N\u0151ipar-ki\u00e1ll\u00edt\u00e1s (Bp., 1881)<\/br><\/p>\n","protected":false},"excerpt":{"rendered":"<p>Nagyb\u00e1nya, 1878. dec. 22., \u2020 R\u00f3ma-Vatik\u00e1nv\u00e1ros, 1964. m\u00e1j. 5.: minorita pap, tan\u00e1r, vatik\u00e1ni m. gy\u00f3ntat\u00f3; m\u0171vel\u0151d\u00e9st\u00f6rt\u00e9\u00adn\u00e9sz, k\u00f6z\u00edr\u00f3. \u2013 Egerben l\u00e9pett a minorita rendbe (1895. aug. 31.), Aradon \u00e9retts\u00e9gizett. Egerben \u00e9s a r\u00f3mai Szt. Ger\u00adgely Egy.-en teol\u00f3gi\u00e1t tanult, R\u00f3m\u00e1ban pap\u00adp\u00e1 szentelt\u00e9k (1901. j\u00fal. 25.), teol. doktori oklevelet szerzett, Gyulafeh\u00e9rv\u00e1ron hittan\u00e1ri vizsg\u00e1t tett, k\u00e1pl\u00e1n. Szil\u00e1gysom\u00adly\u00f3n hittan\u00e1r (1901\u2013), [&hellip;]<\/p>\n","protected":false},"featured_media":0,"comment_status":"open","ping_status":"closed","template":"","meta":[],"product_brand":[],"product_cat":[137],"product_tag":[],"class_list":{"0":"post-15727","1":"product","2":"type-product","3":"status-publish","5":"product_cat-maros-megyei-eletrajzi-lexikon","7":"first","8":"instock","9":"shipping-taxable","10":"product-type-simple"},"_links":{"self":[{"href":"https:\/\/uj.adatbank.ro\/lexikon\/wp-json\/wp\/v2\/product\/15727","targetHints":{"allow":["GET"]}}],"collection":[{"href":"https:\/\/uj.adatbank.ro\/lexikon\/wp-json\/wp\/v2\/product"}],"about":[{"href":"https:\/\/uj.adatbank.ro\/lexikon\/wp-json\/wp\/v2\/types\/product"}],"replies":[{"embeddable":true,"href":"https:\/\/uj.adatbank.ro\/lexikon\/wp-json\/wp\/v2\/comments?post=15727"}],"wp:attachment":[{"href":"https:\/\/uj.adatbank.ro\/lexikon\/wp-json\/wp\/v2\/media?parent=15727"}],"wp:term":[{"taxonomy":"product_brand","embeddable":true,"href":"https:\/\/uj.adatbank.ro\/lexikon\/wp-json\/wp\/v2\/product_brand?post=15727"},{"taxonomy":"product_cat","embeddable":true,"href":"https:\/\/uj.adatbank.ro\/lexikon\/wp-json\/wp\/v2\/product_cat?post=15727"},{"taxonomy":"product_tag","embeddable":true,"href":"https:\/\/uj.adatbank.ro\/lexikon\/wp-json\/wp\/v2\/product_tag?post=15727"}],"curies":[{"name":"wp","href":"https:\/\/api.w.org\/{rel}","templated":true}]}}

MONAY Ferenc, dr. O.M. Conv., Monay Sándor Ferenc

<p>Nagybánya, 1878. dec. 22., † Róma-Vatikánváros, 1964. máj. 5.: minorita pap, tanár, vatikáni m. gyóntató; művelődéstörté­nész, közíró. – Egerben lépett a minorita rendbe (1895. aug. 31.), Aradon érettségizett. Egerben és a római Szt. Ger­gely Egy.-en teológiát tanult, Rómában pap­pá szentelték (1901. júl. 25.), teol. doktori oklevelet szerzett, Gyulafehérváron hittanári vizsgát tett, káplán. Szilágysom­lyón hittanár (1901–), Aradon segédlelkész (1902–), Mv.-en a papnevelő ujoncnövendékek mestere, gimn. tanár (1903–09), szerkesztette az Egyetértés c. napilapot (1903–1904), a Kemény Zsigmond Társaság tagja (1909). Aradi plébános (1909–) és házfőnök (1913–), tartományfőnök Miskolcon (1918–), a minorita rend római központjában asszisztens (1922–), tartományfőnök (1924–1925), aradi plébános (1925–), a római Szt. Péter ­templom m. gyóntatója (1927. aug. 14.–), a gyóntatók koll.-ának rektora (1933–), újra a gen. asszisztense (1930–36), a római egyházmegye szentszéki bírája (1930. dec. 6), a Rítuskongr. tanácsosa (1931. júl. 31). A mv.-i KZST (1909. máj. 6.), a római del’Immaculata Pápai Akad. rendes tagja (1932. jan. 31.), az Accademia Liturgica cenzora (1936. nov. 25), nyugdíjazták (1958). Leford. Assisi Szt. Ferenc összes műveit. Mv.-en felelős szerkesztője az Egyetértés c. napilapnak (1903—04), Ordo Divini Officcii (1905–10) munkatársa; Aradon a Vasárnap c. folyóirat megalapítója (1918), a Kat. Egyházi Tudósító (1918) szerkesztője és Rómában a r. Commentarium Ordinis Fratrum Minorum Conventualium c. hivatalos közleményévé (1932–33). A római Pápai Tud. Akad. tagja (r. 1932). – <strong>F. m.:</strong> Az aradi női Mária Kongregációk kézikönyve (Arad, 1910); Az aradi női Mária Kongregációk értes-je. (Arad, 1916); Kis imakönyv (Arad, 1921; 1926.); Mi nekünk a pápa ? (Arad, 1925); Római levelek (Arad, 1927); Ezüstös oltár (cikkek; Arad, 1927); A lateráni béke: 1929. febr. 11. (Arad, 1929); Sentenciae Seraphicae e verbis et scriptis S. P. Francisci Assisiensis. pro singulis anni diebus dispositae. (Róma, 1928); Az 1933. Szentév (Róma, 1933); Az 1933. szent év.(2. kiad.; Róma, 1933); Adatok a mo-i és erdélyi minoriták irodalmi munkásságáról (Róma, 1953); De provincia Hungarica ordinis fratrum minorum conventualium memo-riae historicae&#8230; (Róma, 1953); A római m. gyóntatók (Róma, 1956); P. Kelemen Diák, a Felső-Tiszavidék apostola (Róma, 1957); munkatárs, <strong>társsz.:</strong> Katolikus lexikon (1, 3–4. köt; Bp., 1931–33); szerk : Komáromy Sándor: Tükör-darabok (előszó, Mv., 1905); <strong>ford.:</strong> Asisi Szent Ferenc összes művei (Mv., 1907). <br /><strong>Irod.:</strong> Barabás Kisanna.2009; Czirják 3; Fülöp–Ferencz; Ferenczi 1929; Gulyás XVIII: 1218.; György 1926; György 1927; Maros-küküllői főesp; Maros megyei tört.; MÉL; Monay: magyaro.-i és erdélyi minoriták; Monay: R. m. gy.; Maros megyei tört.; RMIL; ÚMÉL; Schem. OFMConv 1912/13: 54.; 1942: 45. (VIII. 30: lépett a r-be!); 1950: 32; Révai; Takács Incze P : Magyar ferences aszkétikus élet és aszkétikus kiadványok (Bp., 1942); Valentiny 1935 részéről részt vett a kiállításon. <br /><strong>Irod.:</strong> Gelléri Mór : Országos Nőipar-kiállítás (Bp., 1881)</br></p>

<p>Nagybánya, 1878. dec. 22., † Róma-Vatikánváros, 1964. máj. 5.: minorita pap, tanár, vatikáni m. gyóntató; művelődéstörté­nész, közíró. – Egerben lépett a minorita rendbe (1895. aug. 31.), Aradon érettségizett. Egerben és a római Szt. Ger­gely Egy.-en teológiát tanult, Rómában pap­pá szentelték (1901. júl. 25.), teol. doktori oklevelet szerzett, Gyulafehérváron hittanári vizsgát tett, káplán. Szilágysom­lyón hittanár (1901–), [&hellip;]</p>
