{"id":15728,"date":"2025-07-15T13:45:08","date_gmt":"2025-07-15T11:45:08","guid":{"rendered":"https:\/\/uj.adatbank.ro\/lexikon\/termek\/monoki-istvan\/"},"modified":"2025-07-15T13:45:08","modified_gmt":"2025-07-15T11:45:08","slug":"monoki-istvan","status":"publish","type":"product","link":"https:\/\/uj.adatbank.ro\/lexikon\/termek\/monoki-istvan\/","title":{"rendered":"MONOKI Istv\u00e1n"},"content":{"rendered":"<p>Kv., 1925. j\u00fan 10., \u2020 Mv., 2020: orvos.- \u00c9desapja az egyetemi k\u00f6nyvt\u00e1r igazgat\u00f3ja Kv.-on. \u2013 A k\u00f6z\u00e9piskol\u00e1t Kv.-on a Piarista Gimn.-ban v\u00e9gezte (1944), az egyetemet Bp.-en kezdte a Ferenc J\u00f3zsef Tud.egyetemen, a kv.- i BTE orvostudom\u00e1nyi kar\u00e1n folytatta (1945\u2013), majd a MOGYI-n fejezte be (1950). Mv.-en kezdte p\u00e1ly\u00e1j\u00e1t a k\u00f3rbonctani tansz\u00e9ken (1950\u201356); a II. sz. belgy\u00f3gy\u00e1szati klinik\u00e1n tan\u00e1rseg\u00e9d (1956\u2013), belgy\u00f3gy\u00e1sz szakorvos (1959\u2013); doktor\u00e1lt (1963), f\u0151orvos (1969\u201393); majd adjunktus (1974) \u00e9s az orvostudom\u00e1nyok doktora. A Caritsan mag\u00e1n Poliklinik\u00e1n dolgozott mint belgy\u00f3gy\u00e1sz (1993\u2013). Kutat\u00e1si ter\u00fclete: daganat k\u00e9pz\u0151d\u00e9s \u00e9s a bels\u0151 elv\u00e1laszt\u00e1s\u00fa mirigyek kapcsolata, kollag\u00e9n betegs\u00e9gek vizsg\u00e1lata, kardiol\u00f3giai kutat\u00e1sokat v\u00e9gzett \u2013 egyike volt a sz\u00edvkat\u00e9terez\u00e9s els\u0151 alkalmaz\u00f3inak Rom\u00e1ni\u00e1ban (1980\u2013). T\u00f6bb mint 100 tudom\u00e1nyos dolgozata az Orvosi Szemle-Revista Medical\u0103, Medicina Intern\u0103, Morfologia Normal\u0103 \u015fi Patolofic\u0103, Orvosi Hetilap, Urol\u00f3gia-ban. Az \u00daj \u00c9let Az orvos v\u00e1laszol c. rovat\u00e1nak vezet\u0151je (1968\u201378), a TETT els\u0151 sz\u00e1m\u00e1nak szakmai szerkeszt\u0151je.Az EME v\u00e1lasztm\u00e1nyi tagja (1994\u2013). \u2013 <strong>F. m.:<\/strong> Szempontok az \u00e1ltal\u00e1nos orvos belgy\u00f3gy\u00e1szati tev\u00e9kenys\u00e9g\u00e9hez (Jegyzet VI. \u00e9ves orvostanhallgat\u00f3k sz\u00e1m\u00e1ra.; Mv., 1979); Belgy\u00f3gy\u00e1szati probl\u00e9m\u00e1k az \u00e1ltal\u00e1nos orvosi gyakorlatban. 1\u20132. k. (Kv, 1984\u20131987); <strong>t\u00e1rssz.:<\/strong> \u00c1ltal\u00e1nos k\u00f3rbonctani jegyzet. 1\u20133. k.( Mv., 1952\u20131953); Probleme de morfopatologie. (Buc., 1953); R\u00e9szletes k\u00f3rbonctani jegyzet. 2\u20133. k. (Mv., 1953\u20131954.); \u00c1ltal\u00e1nos k\u00f3rbonctan.(Mv., 1956); R\u00e9szletes k\u00f3rbonctan.(Mv., 1957); Szempontok az \u00e1ltal\u00e1nos orvos belgy\u00f3gy\u00e1szati tev\u00e9kenys\u00e9g\u00e9hez (sl., 1982). <br \/><strong>Irod.:<\/strong> Genersich; P\u00e9ter; RMIL; RMKK<\/br><\/p>\n","protected":false},"excerpt":{"rendered":"<p>Kv., 1925. j\u00fan 10., \u2020 Mv., 2020: orvos.- \u00c9desapja az egyetemi k\u00f6nyvt\u00e1r igazgat\u00f3ja Kv.-on. \u2013 A k\u00f6z\u00e9piskol\u00e1t Kv.-on a Piarista Gimn.-ban v\u00e9gezte (1944), az egyetemet Bp.-en kezdte a Ferenc J\u00f3zsef Tud.egyetemen, a kv.- i BTE orvostudom\u00e1nyi kar\u00e1n folytatta (1945\u2013), majd a MOGYI-n fejezte be (1950). Mv.-en kezdte p\u00e1ly\u00e1j\u00e1t a k\u00f3rbonctani tansz\u00e9ken (1950\u201356); a II. sz. [&hellip;]<\/p>\n","protected":false},"featured_media":0,"comment_status":"open","ping_status":"closed","template":"","meta":[],"product_brand":[],"product_cat":[137],"product_tag":[],"class_list":{"0":"post-15728","1":"product","2":"type-product","3":"status-publish","5":"product_cat-maros-megyei-eletrajzi-lexikon","7":"first","8":"instock","9":"shipping-taxable","10":"product-type-simple"},"_links":{"self":[{"href":"https:\/\/uj.adatbank.ro\/lexikon\/wp-json\/wp\/v2\/product\/15728","targetHints":{"allow":["GET"]}}],"collection":[{"href":"https:\/\/uj.adatbank.ro\/lexikon\/wp-json\/wp\/v2\/product"}],"about":[{"href":"https:\/\/uj.adatbank.ro\/lexikon\/wp-json\/wp\/v2\/types\/product"}],"replies":[{"embeddable":true,"href":"https:\/\/uj.adatbank.ro\/lexikon\/wp-json\/wp\/v2\/comments?post=15728"}],"wp:attachment":[{"href":"https:\/\/uj.adatbank.ro\/lexikon\/wp-json\/wp\/v2\/media?parent=15728"}],"wp:term":[{"taxonomy":"product_brand","embeddable":true,"href":"https:\/\/uj.adatbank.ro\/lexikon\/wp-json\/wp\/v2\/product_brand?post=15728"},{"taxonomy":"product_cat","embeddable":true,"href":"https:\/\/uj.adatbank.ro\/lexikon\/wp-json\/wp\/v2\/product_cat?post=15728"},{"taxonomy":"product_tag","embeddable":true,"href":"https:\/\/uj.adatbank.ro\/lexikon\/wp-json\/wp\/v2\/product_tag?post=15728"}],"curies":[{"name":"wp","href":"https:\/\/api.w.org\/{rel}","templated":true}]}}

MONOKI István

<p>Kv., 1925. jún 10., † Mv., 2020: orvos.- Édesapja az egyetemi könyvtár igazgatója Kv.-on. – A középiskolát Kv.-on a Piarista Gimn.-ban végezte (1944), az egyetemet Bp.-en kezdte a Ferenc József Tud.egyetemen, a kv.- i BTE orvostudományi karán folytatta (1945–), majd a MOGYI-n fejezte be (1950). Mv.-en kezdte pályáját a kórbonctani tanszéken (1950–56); a II. sz. belgyógyászati klinikán tanársegéd (1956–), belgyógyász szakorvos (1959–); doktorált (1963), főorvos (1969–93); majd adjunktus (1974) és az orvostudományok doktora. A Caritsan magán Poliklinikán dolgozott mint belgyógyász (1993–). Kutatási területe: daganat képződés és a belső elválasztású mirigyek kapcsolata, kollagén betegségek vizsgálata, kardiológiai kutatásokat végzett – egyike volt a szívkatéterezés első alkalmazóinak Romániában (1980–). Több mint 100 tudományos dolgozata az Orvosi Szemle-Revista Medicală, Medicina Internă, Morfologia Normală şi Patolofică, Orvosi Hetilap, Urológia-ban. Az Új Élet Az orvos válaszol c. rovatának vezetője (1968–78), a TETT első számának szakmai szerkesztője.Az EME választmányi tagja (1994–). – <strong>F. m.:</strong> Szempontok az általános orvos belgyógyászati tevékenységéhez (Jegyzet VI. éves orvostanhallgatók számára.; Mv., 1979); Belgyógyászati problémák az általános orvosi gyakorlatban. 1–2. k. (Kv, 1984–1987); <strong>társsz.:</strong> Általános kórbonctani jegyzet. 1–3. k.( Mv., 1952–1953); Probleme de morfopatologie. (Buc., 1953); Részletes kórbonctani jegyzet. 2–3. k. (Mv., 1953–1954.); Általános kórbonctan.(Mv., 1956); Részletes kórbonctan.(Mv., 1957); Szempontok az általános orvos belgyógyászati tevékenységéhez (sl., 1982). <br /><strong>Irod.:</strong> Genersich; Péter; RMIL; RMKK</br></p>

<p>Kv., 1925. jún 10., † Mv., 2020: orvos.- Édesapja az egyetemi könyvtár igazgatója Kv.-on. – A középiskolát Kv.-on a Piarista Gimn.-ban végezte (1944), az egyetemet Bp.-en kezdte a Ferenc József Tud.egyetemen, a kv.- i BTE orvostudományi karán folytatta (1945–), majd a MOGYI-n fejezte be (1950). Mv.-en kezdte pályáját a kórbonctani tanszéken (1950–56); a II. sz. [&hellip;]</p>
