{"id":15733,"date":"2025-07-15T13:45:19","date_gmt":"2025-07-15T11:45:19","guid":{"rendered":"https:\/\/uj.adatbank.ro\/lexikon\/termek\/montani-iuliu-montan-iuliu\/"},"modified":"2025-07-15T13:45:19","modified_gmt":"2025-07-15T11:45:19","slug":"montani-iuliu-montan-iuliu","status":"publish","type":"product","link":"https:\/\/uj.adatbank.ro\/lexikon\/termek\/montani-iuliu-montan-iuliu\/","title":{"rendered":"MONTANI, Iuliu, Montan, Iuliu"},"content":{"rendered":"<p>? \u2020 ?: g. kat. pap. \u2013 Teol\u00f3gi\u00e1t Bp-en v\u00e9gzett (1900). Nagyterem\u00e9ben szolg\u00e1lt (1875\u201385). K\u00e9s\u0151bb G\u00f6rg\u00e9nybe ker\u00fclt pl\u00e9b\u00e1niai int\u00e9z\u0151nek, majd pl\u00e9b\u00e1nos helyettes Verespatakon. <br \/><strong>Irod.:<\/strong> Fola; \u015eincan 2006<\/br><\/p>\n","protected":false},"excerpt":{"rendered":"<p>? \u2020 ?: g. kat. pap. \u2013 Teol\u00f3gi\u00e1t Bp-en v\u00e9gzett (1900). Nagyterem\u00e9ben szolg\u00e1lt (1875\u201385). K\u00e9s\u0151bb G\u00f6rg\u00e9nybe ker\u00fclt pl\u00e9b\u00e1niai int\u00e9z\u0151nek, majd pl\u00e9b\u00e1nos helyettes Verespatakon. Irod.: Fola; \u015eincan 2006<\/p>\n","protected":false},"featured_media":0,"comment_status":"open","ping_status":"closed","template":"","meta":[],"product_brand":[],"product_cat":[137],"product_tag":[],"class_list":{"0":"post-15733","1":"product","2":"type-product","3":"status-publish","5":"product_cat-maros-megyei-eletrajzi-lexikon","7":"first","8":"instock","9":"shipping-taxable","10":"product-type-simple"},"_links":{"self":[{"href":"https:\/\/uj.adatbank.ro\/lexikon\/wp-json\/wp\/v2\/product\/15733","targetHints":{"allow":["GET"]}}],"collection":[{"href":"https:\/\/uj.adatbank.ro\/lexikon\/wp-json\/wp\/v2\/product"}],"about":[{"href":"https:\/\/uj.adatbank.ro\/lexikon\/wp-json\/wp\/v2\/types\/product"}],"replies":[{"embeddable":true,"href":"https:\/\/uj.adatbank.ro\/lexikon\/wp-json\/wp\/v2\/comments?post=15733"}],"wp:attachment":[{"href":"https:\/\/uj.adatbank.ro\/lexikon\/wp-json\/wp\/v2\/media?parent=15733"}],"wp:term":[{"taxonomy":"product_brand","embeddable":true,"href":"https:\/\/uj.adatbank.ro\/lexikon\/wp-json\/wp\/v2\/product_brand?post=15733"},{"taxonomy":"product_cat","embeddable":true,"href":"https:\/\/uj.adatbank.ro\/lexikon\/wp-json\/wp\/v2\/product_cat?post=15733"},{"taxonomy":"product_tag","embeddable":true,"href":"https:\/\/uj.adatbank.ro\/lexikon\/wp-json\/wp\/v2\/product_tag?post=15733"}],"curies":[{"name":"wp","href":"https:\/\/api.w.org\/{rel}","templated":true}]}}