{"id":15735,"date":"2025-07-15T13:45:23","date_gmt":"2025-07-15T11:45:23","guid":{"rendered":"https:\/\/uj.adatbank.ro\/lexikon\/termek\/monus-marton\/"},"modified":"2025-07-15T13:45:23","modified_gmt":"2025-07-15T11:45:23","slug":"monus-marton","status":"publish","type":"product","link":"https:\/\/uj.adatbank.ro\/lexikon\/termek\/monus-marton\/","title":{"rendered":"M\u00d3NUS M\u00e1rton"},"content":{"rendered":"<p>? \u2020\u00a0? : k\u0151m\u0171ves, asztaos. \u2013 Neves k\u0151m\u0171ves csal\u00e1d tagja, sikeres mester (1892\u20131907). Munk\u00e1i m\u00e1ig ismertek: Holczer Gyula (1896), Marosi K\u00e1lm\u00e1n (1898), Petr\u00e1s G\u00e9za h\u00e1za (1899). Kiss J\u00f3zsef \u00e1csmesterreI dolgozott, ikerh\u00e1zat \u00e9p\u00edtettek az Arany J\u00e1nos u.-ban (1898) a testv\u00e9r\u00e9vel \u00e9p\u00edtett\u00e9k a Fa- \u00e9s F\u00e9mipari Szakiskola \u00e9p\u00edt\u00e9s\u00e9re (1896\u20131897). Mv.-en G\u00f6dert Gy\u00f6rgyt\u0151l telket v\u00e1s\u00e1rolt, rajta egy h\u00e1zzal, az egykori Kossuth u. 97. sz. alatt (1902). Enged\u00e9lyeztette a h\u00e1z lebont\u00e1s\u00e1t \u00e9s enged\u00e9lyt kapott n\u00e9gy lakr\u00e9szb\u0151l \u00e1ll\u00f3 \u00faj, cser\u00e9pfedel\u0171 h\u00e1z \u00e9p\u00edt\u00e9s\u00e9re. Az \u00e9p\u00fcetet maga tervezte, kivitelezte, \u00e9p\u00edtette. A lak\u00f3h\u00e1za mell\u00e9 \u00e9p\u00edtett m\u0171helyt, rakt\u00e1rat, sz\u00ednt \u00e9s ist\u00e1ll\u00f3t is (1906), kis kertje is volt. Csatornarendszert szerelt Ko\u00f3s G\u00e9za lakatos, v\u00edzvezet\u00e9k-szerel\u0151 (1912). M\u00f3nus feles\u00e9g\u00e9vel, 810 n\u00e9gysz\u00f6g\u00f6l telket b\u00edrtokoltak (101.sz.), a legnagyobbat a k\u00f6rny\u00e9ken. Szoba-konyh\u00e1s lakr\u00e9szeket tervezett b\u00e9rbead\u00e1si sz\u00e1nd\u00e9kkal. Breckner Vilmos, szappangy\u00e1ros t\u0151szomsz\u00e9dja lett. Lemondott az \u00e9p\u00edt\u0151-iparr\u00f3l. \u00daj v\u00e1llakoz\u00e1sa (1907. m\u00e1rc. 13.\u2013): faiparos. Egyike azon faiparosoknak, akit a mv.-i Kereskedelmi \u00e9s Iparkamara megseg\u00edtett g\u00e9pi felszerel\u00e9sekkel: faf\u0171r\u00e9sszekkel, gyalug\u00e9ppel, eszterg\u00e1val (1906). C\u00e9ge egyes\u00fclt a Farkas testv\u00e9rek \u00fczem\u00e9vel (1901), ez (a H\u00edd u, 7. sz.) cip\u0151talpszeg Farkas \u00e9s M\u00f3nus, majd M\u00f3nus \u00e9s Farkas azonos profilal (1914. jan. 1\u2013) talpk\u00e9reg- \u00e9s fa\u00e1rugy\u00e1rk\u00e9nt m\u0171k\u00f6d\u00f6tt 35 alkalmazottal (1913-ig), Farkas \u00faj c\u00e9get hozott l\u00e9tre azonos profil\u00fat (1914. jan. 10.). M\u00f3nus malom m\u0171k\u00f6d\u00e9s\u00e9ve foglalkozott (1916. Kossuth u.101. sz.). <br \/><strong>Irod.:<\/strong> Dogozatok; K\u00e1d\u00e1r\u2013 P\u00e1l-Antal; Orb\u00e1n-Oniga<\/br><\/p>\n","protected":false},"excerpt":{"rendered":"<p>? \u2020\u00a0? : k\u0151m\u0171ves, asztaos. \u2013 Neves k\u0151m\u0171ves csal\u00e1d tagja, sikeres mester (1892\u20131907). Munk\u00e1i m\u00e1ig ismertek: Holczer Gyula (1896), Marosi K\u00e1lm\u00e1n (1898), Petr\u00e1s G\u00e9za h\u00e1za (1899). Kiss J\u00f3zsef \u00e1csmesterreI dolgozott, ikerh\u00e1zat \u00e9p\u00edtettek az Arany J\u00e1nos u.-ban (1898) a testv\u00e9r\u00e9vel \u00e9p\u00edtett\u00e9k a Fa- \u00e9s F\u00e9mipari Szakiskola \u00e9p\u00edt\u00e9s\u00e9re (1896\u20131897). Mv.-en G\u00f6dert Gy\u00f6rgyt\u0151l telket v\u00e1s\u00e1rolt, rajta egy h\u00e1zzal, [&hellip;]<\/p>\n","protected":false},"featured_media":0,"comment_status":"open","ping_status":"closed","template":"","meta":[],"product_brand":[],"product_cat":[137],"product_tag":[],"class_list":{"0":"post-15735","1":"product","2":"type-product","3":"status-publish","5":"product_cat-maros-megyei-eletrajzi-lexikon","7":"first","8":"instock","9":"shipping-taxable","10":"product-type-simple"},"_links":{"self":[{"href":"https:\/\/uj.adatbank.ro\/lexikon\/wp-json\/wp\/v2\/product\/15735","targetHints":{"allow":["GET"]}}],"collection":[{"href":"https:\/\/uj.adatbank.ro\/lexikon\/wp-json\/wp\/v2\/product"}],"about":[{"href":"https:\/\/uj.adatbank.ro\/lexikon\/wp-json\/wp\/v2\/types\/product"}],"replies":[{"embeddable":true,"href":"https:\/\/uj.adatbank.ro\/lexikon\/wp-json\/wp\/v2\/comments?post=15735"}],"wp:attachment":[{"href":"https:\/\/uj.adatbank.ro\/lexikon\/wp-json\/wp\/v2\/media?parent=15735"}],"wp:term":[{"taxonomy":"product_brand","embeddable":true,"href":"https:\/\/uj.adatbank.ro\/lexikon\/wp-json\/wp\/v2\/product_brand?post=15735"},{"taxonomy":"product_cat","embeddable":true,"href":"https:\/\/uj.adatbank.ro\/lexikon\/wp-json\/wp\/v2\/product_cat?post=15735"},{"taxonomy":"product_tag","embeddable":true,"href":"https:\/\/uj.adatbank.ro\/lexikon\/wp-json\/wp\/v2\/product_tag?post=15735"}],"curies":[{"name":"wp","href":"https:\/\/api.w.org\/{rel}","templated":true}]}}

MÓNUS Márton

<p>? † ? : kőműves, asztaos. – Neves kőműves család tagja, sikeres mester (1892–1907). Munkái máig ismertek: Holczer Gyula (1896), Marosi Kálmán (1898), Petrás Géza háza (1899). Kiss József ácsmesterreI dolgozott, ikerházat építettek az Arany János u.-ban (1898) a testvérével építették a Fa- és Fémipari Szakiskola építésére (1896–1897). Mv.-en Gödert Györgytől telket vásárolt, rajta egy házzal, az egykori Kossuth u. 97. sz. alatt (1902). Engedélyeztette a ház lebontását és engedélyt kapott négy lakrészből álló új, cserépfedelű ház építésére. Az épüetet maga tervezte, kivitelezte, építette. A lakóháza mellé épített műhelyt, raktárat, színt és istállót is (1906), kis kertje is volt. Csatornarendszert szerelt Koós Géza lakatos, vízvezeték-szerelő (1912). Mónus feleségével, 810 négyszögöl telket bírtokoltak (101.sz.), a legnagyobbat a környéken. Szoba-konyhás lakrészeket tervezett bérbeadási szándékkal. Breckner Vilmos, szappangyáros tőszomszédja lett. Lemondott az építő-iparról. Új vállakozása (1907. márc. 13.–): faiparos. Egyike azon faiparosoknak, akit a mv.-i Kereskedelmi és Iparkamara megsegített gépi felszerelésekkel: fafűrésszekkel, gyalugéppel, esztergával (1906). Cége egyesült a Farkas testvérek üzemével (1901), ez (a Híd u, 7. sz.) cipőtalpszeg Farkas és Mónus, majd Mónus és Farkas azonos profilal (1914. jan. 1–) talpkéreg- és faárugyárként működött 35 alkalmazottal (1913-ig), Farkas új céget hozott létre azonos profilút (1914. jan. 10.). Mónus malom működéséve foglalkozott (1916. Kossuth u.101. sz.). <br /><strong>Irod.:</strong> Dogozatok; Kádár– Pál-Antal; Orbán-Oniga</br></p>

<p>? † ? : kőműves, asztaos. – Neves kőműves család tagja, sikeres mester (1892–1907). Munkái máig ismertek: Holczer Gyula (1896), Marosi Kálmán (1898), Petrás Géza háza (1899). Kiss József ácsmesterreI dolgozott, ikerházat építettek az Arany János u.-ban (1898) a testvérével építették a Fa- és Fémipari Szakiskola építésére (1896–1897). Mv.-en Gödert Györgytől telket vásárolt, rajta egy házzal, [&hellip;]</p>
