{"id":15738,"date":"2025-07-15T13:45:29","date_gmt":"2025-07-15T11:45:29","guid":{"rendered":"https:\/\/uj.adatbank.ro\/lexikon\/termek\/moos-istvan\/"},"modified":"2025-07-15T13:45:29","modified_gmt":"2025-07-15T11:45:29","slug":"moos-istvan","status":"publish","type":"product","link":"https:\/\/uj.adatbank.ro\/lexikon\/termek\/moos-istvan\/","title":{"rendered":"MO\u00d3S Istv\u00e1n"},"content":{"rendered":"<p>1783.? \u2020 Mv., 1859. m\u00e1rc. 17.: k\u00f6nyvt\u00e1ros, \u00fcgyv\u00e9d. \u2013 A mv.-i Ref. Koll. di\u00e1kja volt (1804), k\u00e9s\u0151bb \u00fcgyv\u00e9d lett. A hajdani kir. t\u00e1bla \u00fcgyv\u00e9dje volt. Sz\u00e1sz J\u00f3zsef hal\u00e1la ut\u00e1n a Teleki T\u00e9k\u00e1ban volt k\u00f6nyvt\u00e1ros (1813\u20131815), neve az azid\u0151ben k\u00f6z\u00f6lt k\u00f6nyvjegyz\u00e9kekben, katal\u00f3gusokban szerepelt. A Mv.-i Kaszin\u00f3 alap\u00edt\u00f3tagja (1832). Mag\u00e1nk\u00f6nyvt\u00e1r\u00e1ban 667 k\u00f6tetnyi k\u00f6nyvet lajstromoztak (1859). K\u00f6nyvet\u00e1r\u00e1t a mv.i Ref. Koll. k\u00f6nyvt\u00e1r\u00e1ra hagyta. <br \/><strong>Irod.:<\/strong> De\u00e9 Nagy Anik\u00f3; Ferenczi 1973; Gy\u00e1szjelent\u0151; Koncz 1879, P\u00e1l-Antal 2009<\/br><\/p>\n","protected":false},"excerpt":{"rendered":"<p>1783.? \u2020 Mv., 1859. m\u00e1rc. 17.: k\u00f6nyvt\u00e1ros, \u00fcgyv\u00e9d. \u2013 A mv.-i Ref. Koll. di\u00e1kja volt (1804), k\u00e9s\u0151bb \u00fcgyv\u00e9d lett. A hajdani kir. t\u00e1bla \u00fcgyv\u00e9dje volt. Sz\u00e1sz J\u00f3zsef hal\u00e1la ut\u00e1n a Teleki T\u00e9k\u00e1ban volt k\u00f6nyvt\u00e1ros (1813\u20131815), neve az azid\u0151ben k\u00f6z\u00f6lt k\u00f6nyvjegyz\u00e9kekben, katal\u00f3gusokban szerepelt. A Mv.-i Kaszin\u00f3 alap\u00edt\u00f3tagja (1832). Mag\u00e1nk\u00f6nyvt\u00e1r\u00e1ban 667 k\u00f6tetnyi k\u00f6nyvet lajstromoztak (1859). K\u00f6nyvet\u00e1r\u00e1t a [&hellip;]<\/p>\n","protected":false},"featured_media":0,"comment_status":"open","ping_status":"closed","template":"","meta":[],"product_brand":[],"product_cat":[137],"product_tag":[],"class_list":{"0":"post-15738","1":"product","2":"type-product","3":"status-publish","5":"product_cat-maros-megyei-eletrajzi-lexikon","7":"first","8":"instock","9":"shipping-taxable","10":"product-type-simple"},"_links":{"self":[{"href":"https:\/\/uj.adatbank.ro\/lexikon\/wp-json\/wp\/v2\/product\/15738","targetHints":{"allow":["GET"]}}],"collection":[{"href":"https:\/\/uj.adatbank.ro\/lexikon\/wp-json\/wp\/v2\/product"}],"about":[{"href":"https:\/\/uj.adatbank.ro\/lexikon\/wp-json\/wp\/v2\/types\/product"}],"replies":[{"embeddable":true,"href":"https:\/\/uj.adatbank.ro\/lexikon\/wp-json\/wp\/v2\/comments?post=15738"}],"wp:attachment":[{"href":"https:\/\/uj.adatbank.ro\/lexikon\/wp-json\/wp\/v2\/media?parent=15738"}],"wp:term":[{"taxonomy":"product_brand","embeddable":true,"href":"https:\/\/uj.adatbank.ro\/lexikon\/wp-json\/wp\/v2\/product_brand?post=15738"},{"taxonomy":"product_cat","embeddable":true,"href":"https:\/\/uj.adatbank.ro\/lexikon\/wp-json\/wp\/v2\/product_cat?post=15738"},{"taxonomy":"product_tag","embeddable":true,"href":"https:\/\/uj.adatbank.ro\/lexikon\/wp-json\/wp\/v2\/product_tag?post=15738"}],"curies":[{"name":"wp","href":"https:\/\/api.w.org\/{rel}","templated":true}]}}

MOÓS István

<p>1783.? † Mv., 1859. márc. 17.: könyvtáros, ügyvéd. – A mv.-i Ref. Koll. diákja volt (1804), később ügyvéd lett. A hajdani kir. tábla ügyvédje volt. Szász József halála után a Teleki Tékában volt könyvtáros (1813–1815), neve az azidőben közölt könyvjegyzékekben, katalógusokban szerepelt. A Mv.-i Kaszinó alapítótagja (1832). Magánkönyvtárában 667 kötetnyi könyvet lajstromoztak (1859). Könyvetárát a mv.i Ref. Koll. könyvtárára hagyta. <br /><strong>Irod.:</strong> Deé Nagy Anikó; Ferenczi 1973; Gyászjelentő; Koncz 1879, Pál-Antal 2009</br></p>

<p>1783.? † Mv., 1859. márc. 17.: könyvtáros, ügyvéd. – A mv.-i Ref. Koll. diákja volt (1804), később ügyvéd lett. A hajdani kir. tábla ügyvédje volt. Szász József halála után a Teleki Tékában volt könyvtáros (1813–1815), neve az azidőben közölt könyvjegyzékekben, katalógusokban szerepelt. A Mv.-i Kaszinó alapítótagja (1832). Magánkönyvtárában 667 kötetnyi könyvet lajstromoztak (1859). Könyvetárát a [&hellip;]</p>
