{"id":15740,"date":"2025-07-15T13:45:34","date_gmt":"2025-07-15T11:45:34","guid":{"rendered":"https:\/\/uj.adatbank.ro\/lexikon\/termek\/mora-emil\/"},"modified":"2025-07-15T13:45:34","modified_gmt":"2025-07-15T11:45:34","slug":"mora-emil","status":"publish","type":"product","link":"https:\/\/uj.adatbank.ro\/lexikon\/termek\/mora-emil\/","title":{"rendered":"MORA, Emil"},"content":{"rendered":"<p>? \u2020\u00a0?: orvos. \u2013 Nagys\u00e1r\u00e1m\u00e1son tev\u00e9kenykedett (1944\u2013). A Tord\u00e1ra \u00e9s S\u00e1rm\u00e1sra k\u00e9nyszerlakhelyre hurcolt zsid\u00f3 csal\u00e1dokat, 126 zsid\u00f3 embert, kiv\u00e9gezt\u00e9k Kiss\u00e1rm\u00e1s mellett, a Kv.-Mv. \u00fat (53\u201354 km.) k\u00f6zel\u00e9ben, a saj\u00e1t maguk \u00e1sta s\u00edrba dobt\u00e1k tetemeiket (1944. szept. 5.). A t\u00f6megs\u00edrt felt\u00e1r\u00f3 bizotts\u00e1g tagja, jelenl\u00e9t\u00e9ben \u00e9s dr. Gavril Ghitta uzdiszentp\u00e9teri orvos jelenl\u00e9t\u00e9ben t\u00e1rt\u00e1k fel a s\u00e1rm\u00e1si zsid\u00f3 t\u00f6megs\u00edrt, \u00e9s 126 holttestet exhum\u00e1ltak (1945.). Felvette a harcot a tifusz \u00e9s m\u00e1s j\u00e1rv\u00e1nyos betegs\u00e9gek j\u00e1rv\u00e1nny\u00e1 terjed\u00e9se ellen a faluban, de a vid\u00e9ken is. Kezdem\u00e9nyez\u00e9s\u00e9re n\u00e9pf\u00fcrd\u0151t l\u00e9tes\u00edtettk Uzdiszentp\u00e9teren (1945\u2013). <br \/><strong>Irod.:<\/strong> S\u00e2npetru de C\u00e2mpie<\/br><\/p>\n","protected":false},"excerpt":{"rendered":"<p>? \u2020\u00a0?: orvos. \u2013 Nagys\u00e1r\u00e1m\u00e1son tev\u00e9kenykedett (1944\u2013). A Tord\u00e1ra \u00e9s S\u00e1rm\u00e1sra k\u00e9nyszerlakhelyre hurcolt zsid\u00f3 csal\u00e1dokat, 126 zsid\u00f3 embert, kiv\u00e9gezt\u00e9k Kiss\u00e1rm\u00e1s mellett, a Kv.-Mv. \u00fat (53\u201354 km.) k\u00f6zel\u00e9ben, a saj\u00e1t maguk \u00e1sta s\u00edrba dobt\u00e1k tetemeiket (1944. szept. 5.). A t\u00f6megs\u00edrt felt\u00e1r\u00f3 bizotts\u00e1g tagja, jelenl\u00e9t\u00e9ben \u00e9s dr. Gavril Ghitta uzdiszentp\u00e9teri orvos jelenl\u00e9t\u00e9ben t\u00e1rt\u00e1k fel a s\u00e1rm\u00e1si zsid\u00f3 [&hellip;]<\/p>\n","protected":false},"featured_media":0,"comment_status":"open","ping_status":"closed","template":"","meta":[],"product_brand":[],"product_cat":[137],"product_tag":[],"class_list":{"0":"post-15740","1":"product","2":"type-product","3":"status-publish","5":"product_cat-maros-megyei-eletrajzi-lexikon","7":"first","8":"instock","9":"shipping-taxable","10":"product-type-simple"},"_links":{"self":[{"href":"https:\/\/uj.adatbank.ro\/lexikon\/wp-json\/wp\/v2\/product\/15740","targetHints":{"allow":["GET"]}}],"collection":[{"href":"https:\/\/uj.adatbank.ro\/lexikon\/wp-json\/wp\/v2\/product"}],"about":[{"href":"https:\/\/uj.adatbank.ro\/lexikon\/wp-json\/wp\/v2\/types\/product"}],"replies":[{"embeddable":true,"href":"https:\/\/uj.adatbank.ro\/lexikon\/wp-json\/wp\/v2\/comments?post=15740"}],"wp:attachment":[{"href":"https:\/\/uj.adatbank.ro\/lexikon\/wp-json\/wp\/v2\/media?parent=15740"}],"wp:term":[{"taxonomy":"product_brand","embeddable":true,"href":"https:\/\/uj.adatbank.ro\/lexikon\/wp-json\/wp\/v2\/product_brand?post=15740"},{"taxonomy":"product_cat","embeddable":true,"href":"https:\/\/uj.adatbank.ro\/lexikon\/wp-json\/wp\/v2\/product_cat?post=15740"},{"taxonomy":"product_tag","embeddable":true,"href":"https:\/\/uj.adatbank.ro\/lexikon\/wp-json\/wp\/v2\/product_tag?post=15740"}],"curies":[{"name":"wp","href":"https:\/\/api.w.org\/{rel}","templated":true}]}}

<p>? † ?: orvos. – Nagysárámáson tevékenykedett (1944–). A Tordára és Sármásra kényszerlakhelyre hurcolt zsidó családokat, 126 zsidó embert, kivégezték Kissármás mellett, a Kv.-Mv. út (53–54 km.) közelében, a saját maguk ásta sírba dobták tetemeiket (1944. szept. 5.). A tömegsírt feltáró bizottság tagja, jelenlétében és dr. Gavril Ghitta uzdiszentpéteri orvos jelenlétében tárták fel a sármási zsidó tömegsírt, és 126 holttestet exhumáltak (1945.). Felvette a harcot a tifusz és más járványos betegségek járvánnyá terjedése ellen a faluban, de a vidéken is. Kezdeményezésére népfürdőt létesítettk Uzdiszentpéteren (1945–). <br /><strong>Irod.:</strong> Sânpetru de Câmpie</br></p>

<p>? † ?: orvos. – Nagysárámáson tevékenykedett (1944–). A Tordára és Sármásra kényszerlakhelyre hurcolt zsidó családokat, 126 zsidó embert, kivégezték Kissármás mellett, a Kv.-Mv. út (53–54 km.) közelében, a saját maguk ásta sírba dobták tetemeiket (1944. szept. 5.). A tömegsírt feltáró bizottság tagja, jelenlétében és dr. Gavril Ghitta uzdiszentpéteri orvos jelenlétében tárták fel a sármási zsidó [&hellip;]</p>
