{"id":15746,"date":"2025-07-15T13:45:45","date_gmt":"2025-07-15T11:45:45","guid":{"rendered":"https:\/\/uj.adatbank.ro\/lexikon\/termek\/morareanu-constantin\/"},"modified":"2025-07-15T13:45:45","modified_gmt":"2025-07-15T11:45:45","slug":"morareanu-constantin","status":"publish","type":"product","link":"https:\/\/uj.adatbank.ro\/lexikon\/termek\/morareanu-constantin\/","title":{"rendered":"MOR\u0102REANU, Constantin"},"content":{"rendered":"<p>Monosfalu, 1817 \u2020 ?: k\u00e1ntortan\u00edt\u00f3. \u2013 Tan\u00edt\u00f3i okl.-t Nasz\u00f3don szerzett. D\u00e9d\u00e1n tan\u00edtott 107 tanul\u00f3t, el\u0151bb a templom torn\u00e1c\u00e1n, mert nem volt iskola \u00e9p\u00fclet (1847- 82). A falu k\u00fcld\u00f6ttek\u00e9nt r\u00e9szt vett a bal\u00e1zsfalvi Szabads\u00e1g Mezej\u00e9n tartott n\u00e9pgy\u0171l\u00e9sen (1848. m\u00e1j.). A m\u00e1sodik bal\u00e1zsfalvi n\u00e9pgy\u0171l\u00e9s ut\u00e1n (1848. szept. 15\/17) a templomba \u00f6sszeh\u00edvott lakosok, a tan\u00edt\u00f3 lelkes\u00edt\u0151 besz\u00e9de nyom\u00e1n, felesk\u00fcdtek a forradalom eszm\u00e9inek. Szentp\u00e1lon be\u00e1llt a III. Marusiana L\u00e9gi\u00f3ba, amelynek prefektusa Vasile Moldovan volt. <br \/><strong>Irod.:<\/strong> Deda \u00een spa\u0163iu<\/br><\/p>\n","protected":false},"excerpt":{"rendered":"<p>Monosfalu, 1817 \u2020 ?: k\u00e1ntortan\u00edt\u00f3. \u2013 Tan\u00edt\u00f3i okl.-t Nasz\u00f3don szerzett. D\u00e9d\u00e1n tan\u00edtott 107 tanul\u00f3t, el\u0151bb a templom torn\u00e1c\u00e1n, mert nem volt iskola \u00e9p\u00fclet (1847- 82). A falu k\u00fcld\u00f6ttek\u00e9nt r\u00e9szt vett a bal\u00e1zsfalvi Szabads\u00e1g Mezej\u00e9n tartott n\u00e9pgy\u0171l\u00e9sen (1848. m\u00e1j.). A m\u00e1sodik bal\u00e1zsfalvi n\u00e9pgy\u0171l\u00e9s ut\u00e1n (1848. szept. 15\/17) a templomba \u00f6sszeh\u00edvott lakosok, a tan\u00edt\u00f3 lelkes\u00edt\u0151 besz\u00e9de nyom\u00e1n, [&hellip;]<\/p>\n","protected":false},"featured_media":0,"comment_status":"open","ping_status":"closed","template":"","meta":[],"product_brand":[],"product_cat":[137],"product_tag":[],"class_list":{"0":"post-15746","1":"product","2":"type-product","3":"status-publish","5":"product_cat-maros-megyei-eletrajzi-lexikon","7":"first","8":"instock","9":"shipping-taxable","10":"product-type-simple"},"_links":{"self":[{"href":"https:\/\/uj.adatbank.ro\/lexikon\/wp-json\/wp\/v2\/product\/15746","targetHints":{"allow":["GET"]}}],"collection":[{"href":"https:\/\/uj.adatbank.ro\/lexikon\/wp-json\/wp\/v2\/product"}],"about":[{"href":"https:\/\/uj.adatbank.ro\/lexikon\/wp-json\/wp\/v2\/types\/product"}],"replies":[{"embeddable":true,"href":"https:\/\/uj.adatbank.ro\/lexikon\/wp-json\/wp\/v2\/comments?post=15746"}],"wp:attachment":[{"href":"https:\/\/uj.adatbank.ro\/lexikon\/wp-json\/wp\/v2\/media?parent=15746"}],"wp:term":[{"taxonomy":"product_brand","embeddable":true,"href":"https:\/\/uj.adatbank.ro\/lexikon\/wp-json\/wp\/v2\/product_brand?post=15746"},{"taxonomy":"product_cat","embeddable":true,"href":"https:\/\/uj.adatbank.ro\/lexikon\/wp-json\/wp\/v2\/product_cat?post=15746"},{"taxonomy":"product_tag","embeddable":true,"href":"https:\/\/uj.adatbank.ro\/lexikon\/wp-json\/wp\/v2\/product_tag?post=15746"}],"curies":[{"name":"wp","href":"https:\/\/api.w.org\/{rel}","templated":true}]}}

MORĂREANU, Constantin

<p>Monosfalu, 1817 † ?: kántortanító. – Tanítói okl.-t Naszódon szerzett. Dédán tanított 107 tanulót, előbb a templom tornácán, mert nem volt iskola épület (1847- 82). A falu küldötteként részt vett a balázsfalvi Szabadság Mezején tartott népgyűlésen (1848. máj.). A második balázsfalvi népgyűlés után (1848. szept. 15/17) a templomba összehívott lakosok, a tanító lelkesítő beszéde nyomán, felesküdtek a forradalom eszméinek. Szentpálon beállt a III. Marusiana Légióba, amelynek prefektusa Vasile Moldovan volt. <br /><strong>Irod.:</strong> Deda în spaţiu</br></p>

<p>Monosfalu, 1817 † ?: kántortanító. – Tanítói okl.-t Naszódon szerzett. Dédán tanított 107 tanulót, előbb a templom tornácán, mert nem volt iskola épület (1847- 82). A falu küldötteként részt vett a balázsfalvi Szabadság Mezején tartott népgyűlésen (1848. máj.). A második balázsfalvi népgyűlés után (1848. szept. 15/17) a templomba összehívott lakosok, a tanító lelkesítő beszéde nyomán, [&hellip;]</p>
