{"id":15747,"date":"2025-07-15T13:45:47","date_gmt":"2025-07-15T11:45:47","guid":{"rendered":"https:\/\/uj.adatbank.ro\/lexikon\/termek\/morari-romeo\/"},"modified":"2025-07-15T13:45:47","modified_gmt":"2025-07-15T11:45:47","slug":"morari-romeo","status":"publish","type":"product","link":"https:\/\/uj.adatbank.ro\/lexikon\/termek\/morari-romeo\/","title":{"rendered":"MORARI, Romeo"},"content":{"rendered":"<p>?, \u2020 Stuttgart, 1998.: r\u00e1di\u00f3szerkeszt\u0151. \u2013 A Mv.-i R\u00e1di\u00f3n\u00e1l volt szerkeszt\u0151 (1961\u201382). <br \/><strong>Irod.:<\/strong> Radio, Almanah<\/br><\/p>\n","protected":false},"excerpt":{"rendered":"<p>?, \u2020 Stuttgart, 1998.: r\u00e1di\u00f3szerkeszt\u0151. \u2013 A Mv.-i R\u00e1di\u00f3n\u00e1l volt szerkeszt\u0151 (1961\u201382). Irod.: Radio, Almanah<\/p>\n","protected":false},"featured_media":0,"comment_status":"open","ping_status":"closed","template":"","meta":[],"product_brand":[],"product_cat":[137],"product_tag":[],"class_list":{"0":"post-15747","1":"product","2":"type-product","3":"status-publish","5":"product_cat-maros-megyei-eletrajzi-lexikon","7":"first","8":"instock","9":"shipping-taxable","10":"product-type-simple"},"_links":{"self":[{"href":"https:\/\/uj.adatbank.ro\/lexikon\/wp-json\/wp\/v2\/product\/15747","targetHints":{"allow":["GET"]}}],"collection":[{"href":"https:\/\/uj.adatbank.ro\/lexikon\/wp-json\/wp\/v2\/product"}],"about":[{"href":"https:\/\/uj.adatbank.ro\/lexikon\/wp-json\/wp\/v2\/types\/product"}],"replies":[{"embeddable":true,"href":"https:\/\/uj.adatbank.ro\/lexikon\/wp-json\/wp\/v2\/comments?post=15747"}],"wp:attachment":[{"href":"https:\/\/uj.adatbank.ro\/lexikon\/wp-json\/wp\/v2\/media?parent=15747"}],"wp:term":[{"taxonomy":"product_brand","embeddable":true,"href":"https:\/\/uj.adatbank.ro\/lexikon\/wp-json\/wp\/v2\/product_brand?post=15747"},{"taxonomy":"product_cat","embeddable":true,"href":"https:\/\/uj.adatbank.ro\/lexikon\/wp-json\/wp\/v2\/product_cat?post=15747"},{"taxonomy":"product_tag","embeddable":true,"href":"https:\/\/uj.adatbank.ro\/lexikon\/wp-json\/wp\/v2\/product_tag?post=15747"}],"curies":[{"name":"wp","href":"https:\/\/api.w.org\/{rel}","templated":true}]}}