{"id":15750,"date":"2025-07-15T13:45:52","date_gmt":"2025-07-15T11:45:52","guid":{"rendered":"https:\/\/uj.adatbank.ro\/lexikon\/termek\/morariu-emil\/"},"modified":"2025-07-15T13:45:52","modified_gmt":"2025-07-15T11:45:52","slug":"morariu-emil","status":"publish","type":"product","link":"https:\/\/uj.adatbank.ro\/lexikon\/termek\/morariu-emil\/","title":{"rendered":"MORARIU, Emil"},"content":{"rendered":"<p>? \u2020\u00a0?: tisztvisel\u0151. \u2013 A Marosi Fegyversz\u00fcneti Iroda- (Biroul de Armisti\u0163iu Mure\u015f) vezet\u0151je. A RKP utas\u00edt\u00e1s\u00e1ra szem\u00e9lyesen felkereste a k\u00f6zs\u00e9gi, iskolai, egyh\u00e1zi \u00e9s tan\u00e1csi k\u00f6nyvt\u00e1rakat, B\u00e1ndon, Mez\u0151r\u00fccs\u00f6n, Tek\u00e9ben, \u00e9s m\u00e1s falvakban, \u00e9s utas\u00edtotta a k\u00f6nyvt\u00e1rosokat, h.bizonyos \u00edr\u00f3k m\u0171veit, egyes publik\u00e1ci\u00f3kat \u00e9gess\u00e9k el (pl. Wass Albert, Makkai S\u00e1ndor, Leon Donici, Simion Mehedin\u0163i, Ovid Densu\u015fianu, m. irodalmi \u00e9s irodalomt\u00f6rt\u00e9neti m\u0171vek, stb.). A parancsot v\u00e9gre is hajtott\u00e1k. \u00dat\u00f3lag a megsemmis\u00edtett m\u0171vekr\u0151l jegyz\u0151k\u00f6nyvet k\u00e9sz\u00edtett \u00e9s adott be feletteseinek (pl.egyik jegyz\u0151k\u00f6nyvben 7oldalon 361 c\u00edm van felt\u0171ntetve ) (1946.j\u00fal.).-<br \/><strong>Irod.:<\/strong> Balint<\/br><\/p>\n","protected":false},"excerpt":{"rendered":"<p>? \u2020\u00a0?: tisztvisel\u0151. \u2013 A Marosi Fegyversz\u00fcneti Iroda- (Biroul de Armisti\u0163iu Mure\u015f) vezet\u0151je. A RKP utas\u00edt\u00e1s\u00e1ra szem\u00e9lyesen felkereste a k\u00f6zs\u00e9gi, iskolai, egyh\u00e1zi \u00e9s tan\u00e1csi k\u00f6nyvt\u00e1rakat, B\u00e1ndon, Mez\u0151r\u00fccs\u00f6n, Tek\u00e9ben, \u00e9s m\u00e1s falvakban, \u00e9s utas\u00edtotta a k\u00f6nyvt\u00e1rosokat, h.bizonyos \u00edr\u00f3k m\u0171veit, egyes publik\u00e1ci\u00f3kat \u00e9gess\u00e9k el (pl. Wass Albert, Makkai S\u00e1ndor, Leon Donici, Simion Mehedin\u0163i, Ovid Densu\u015fianu, m. irodalmi [&hellip;]<\/p>\n","protected":false},"featured_media":0,"comment_status":"open","ping_status":"closed","template":"","meta":[],"product_brand":[],"product_cat":[137],"product_tag":[],"class_list":{"0":"post-15750","1":"product","2":"type-product","3":"status-publish","5":"product_cat-maros-megyei-eletrajzi-lexikon","7":"first","8":"instock","9":"shipping-taxable","10":"product-type-simple"},"_links":{"self":[{"href":"https:\/\/uj.adatbank.ro\/lexikon\/wp-json\/wp\/v2\/product\/15750","targetHints":{"allow":["GET"]}}],"collection":[{"href":"https:\/\/uj.adatbank.ro\/lexikon\/wp-json\/wp\/v2\/product"}],"about":[{"href":"https:\/\/uj.adatbank.ro\/lexikon\/wp-json\/wp\/v2\/types\/product"}],"replies":[{"embeddable":true,"href":"https:\/\/uj.adatbank.ro\/lexikon\/wp-json\/wp\/v2\/comments?post=15750"}],"wp:attachment":[{"href":"https:\/\/uj.adatbank.ro\/lexikon\/wp-json\/wp\/v2\/media?parent=15750"}],"wp:term":[{"taxonomy":"product_brand","embeddable":true,"href":"https:\/\/uj.adatbank.ro\/lexikon\/wp-json\/wp\/v2\/product_brand?post=15750"},{"taxonomy":"product_cat","embeddable":true,"href":"https:\/\/uj.adatbank.ro\/lexikon\/wp-json\/wp\/v2\/product_cat?post=15750"},{"taxonomy":"product_tag","embeddable":true,"href":"https:\/\/uj.adatbank.ro\/lexikon\/wp-json\/wp\/v2\/product_tag?post=15750"}],"curies":[{"name":"wp","href":"https:\/\/api.w.org\/{rel}","templated":true}]}}

<p>? † ?: tisztviselő. – A Marosi Fegyverszüneti Iroda- (Biroul de Armistiţiu Mureş) vezetője. A RKP utasítására személyesen felkereste a községi, iskolai, egyházi és tanácsi könyvtárakat, Bándon, Mezőrücsön, Tekében, és más falvakban, és utasította a könyvtárosokat, h.bizonyos írók műveit, egyes publikációkat égessék el (pl. Wass Albert, Makkai Sándor, Leon Donici, Simion Mehedinţi, Ovid Densuşianu, m. irodalmi és irodalomtörténeti művek, stb.). A parancsot végre is hajtották. Útólag a megsemmisített művekről jegyzőkönyvet készített és adott be feletteseinek (pl.egyik jegyzőkönyvben 7oldalon 361 cím van feltűntetve ) (1946.júl.).-<br /><strong>Irod.:</strong> Balint</br></p>

<p>? † ?: tisztviselő. – A Marosi Fegyverszüneti Iroda- (Biroul de Armistiţiu Mureş) vezetője. A RKP utasítására személyesen felkereste a községi, iskolai, egyházi és tanácsi könyvtárakat, Bándon, Mezőrücsön, Tekében, és más falvakban, és utasította a könyvtárosokat, h.bizonyos írók műveit, egyes publikációkat égessék el (pl. Wass Albert, Makkai Sándor, Leon Donici, Simion Mehedinţi, Ovid Densuşianu, m. irodalmi [&hellip;]</p>
