{"id":15752,"date":"2025-07-15T13:45:58","date_gmt":"2025-07-15T11:45:58","guid":{"rendered":"https:\/\/uj.adatbank.ro\/lexikon\/termek\/morariu-maria-moraru\/"},"modified":"2025-07-15T13:45:58","modified_gmt":"2025-07-15T11:45:58","slug":"morariu-maria-moraru","status":"publish","type":"product","link":"https:\/\/uj.adatbank.ro\/lexikon\/termek\/morariu-maria-moraru\/","title":{"rendered":"MORARIU, Maria; Moraru"},"content":{"rendered":"<p>G\u00f6rg\u00e9nyszentimre, 1934. j\u00fan.7., \u2020 Mv., 1996. j\u00fal. 29.: tan\u00edt\u00f3n\u0151. \u2013 Elemi oszt.-okat a sz\u00fcl\u0151-faluban, gimn.-ot \u00e9s ped. isk. Sz\u00e1szr\u00e9genben v\u00e9gzett (1945\u201352), tan\u00fcgyi v\u00e9gleges\u00edt\u0151 (1962), II.fokozati vizsg\u00e1t tett (1972).Tan\u00edtott Mez\u0151kapuson (1952\u201354), G\u00f6rg\u00e9nyben pion\u00edregys\u00e9g-parancsnok (1954\u201355), R\u00e9genben az 5-\u00f6s sz. \u00c1lt. Isk-ban (ma Augustin Maior \u00c1llami Gimn\u00e1zium), ahonnan nyugd\u00edjba vonult (1991), de m\u00e9g azut\u00e1n is tan\u00edtott hal\u00e1l\u00e1ig.ok \u00e9ven kereszt\u00fcl vezette a r\u00e9geni tan\u00edt\u00f3k pedag\u00f3giai k\u00f6r\u00e9t, t\u00f6bb ellen\u0151rz\u00e9st v\u00e9gzett v\u00e9gleges\u00edt\u0151vizsg\u00e1ra jelentkez\u0151 tan\u00edt\u00f3n\u00e1l. A R\u00e9geni Eugen Nicoar\u0103 M\u0171vel\u0151d\u00e9si H\u00e1z N\u0151szervezet\u00e9ben \u00e9s sz\u00ednj\u00e1tsz\u00f3csoportj\u00e1ban is tev\u00e9kenykedett.Sz\u00e1mos di\u00e1kkir\u00e1ndul\u00e1st szervezett. \u00cenv\u0103\u0163\u0103tor frunta\u015f \u00e9s m\u00e1s kit\u00fcntet\u00e9ssel, oklevelekkel jutalmazt\u00e1k munk\u00e1j\u00e1t. <br \/><strong>Irod.:<\/strong> Dasc\u0103li mure\u015feni 4.<\/br><\/p>\n","protected":false},"excerpt":{"rendered":"<p>G\u00f6rg\u00e9nyszentimre, 1934. j\u00fan.7., \u2020 Mv., 1996. j\u00fal. 29.: tan\u00edt\u00f3n\u0151. \u2013 Elemi oszt.-okat a sz\u00fcl\u0151-faluban, gimn.-ot \u00e9s ped. isk. Sz\u00e1szr\u00e9genben v\u00e9gzett (1945\u201352), tan\u00fcgyi v\u00e9gleges\u00edt\u0151 (1962), II.fokozati vizsg\u00e1t tett (1972).Tan\u00edtott Mez\u0151kapuson (1952\u201354), G\u00f6rg\u00e9nyben pion\u00edregys\u00e9g-parancsnok (1954\u201355), R\u00e9genben az 5-\u00f6s sz. \u00c1lt. Isk-ban (ma Augustin Maior \u00c1llami Gimn\u00e1zium), ahonnan nyugd\u00edjba vonult (1991), de m\u00e9g azut\u00e1n is tan\u00edtott hal\u00e1l\u00e1ig.ok \u00e9ven [&hellip;]<\/p>\n","protected":false},"featured_media":0,"comment_status":"open","ping_status":"closed","template":"","meta":[],"product_brand":[],"product_cat":[137],"product_tag":[],"class_list":{"0":"post-15752","1":"product","2":"type-product","3":"status-publish","5":"product_cat-maros-megyei-eletrajzi-lexikon","7":"first","8":"instock","9":"shipping-taxable","10":"product-type-simple"},"_links":{"self":[{"href":"https:\/\/uj.adatbank.ro\/lexikon\/wp-json\/wp\/v2\/product\/15752","targetHints":{"allow":["GET"]}}],"collection":[{"href":"https:\/\/uj.adatbank.ro\/lexikon\/wp-json\/wp\/v2\/product"}],"about":[{"href":"https:\/\/uj.adatbank.ro\/lexikon\/wp-json\/wp\/v2\/types\/product"}],"replies":[{"embeddable":true,"href":"https:\/\/uj.adatbank.ro\/lexikon\/wp-json\/wp\/v2\/comments?post=15752"}],"wp:attachment":[{"href":"https:\/\/uj.adatbank.ro\/lexikon\/wp-json\/wp\/v2\/media?parent=15752"}],"wp:term":[{"taxonomy":"product_brand","embeddable":true,"href":"https:\/\/uj.adatbank.ro\/lexikon\/wp-json\/wp\/v2\/product_brand?post=15752"},{"taxonomy":"product_cat","embeddable":true,"href":"https:\/\/uj.adatbank.ro\/lexikon\/wp-json\/wp\/v2\/product_cat?post=15752"},{"taxonomy":"product_tag","embeddable":true,"href":"https:\/\/uj.adatbank.ro\/lexikon\/wp-json\/wp\/v2\/product_tag?post=15752"}],"curies":[{"name":"wp","href":"https:\/\/api.w.org\/{rel}","templated":true}]}}

<p>Görgényszentimre, 1934. jún.7., † Mv., 1996. júl. 29.: tanítónő. – Elemi oszt.-okat a szülő-faluban, gimn.-ot és ped. isk. Szászrégenben végzett (1945–52), tanügyi véglegesítő (1962), II.fokozati vizsgát tett (1972).Tanított Mezőkapuson (1952–54), Görgényben pioníregység-parancsnok (1954–55), Régenben az 5-ös sz. Ált. Isk-ban (ma Augustin Maior Állami Gimnázium), ahonnan nyugdíjba vonult (1991), de még azután is tanított haláláig.ok éven keresztül vezette a régeni tanítók pedagógiai körét, több ellenőrzést végzett véglegesítővizsgára jelentkező tanítónál. A Régeni Eugen Nicoară Művelődési Ház Nőszervezetében és színjátszócsoportjában is tevékenykedett.Számos diákkirándulást szervezett. Învăţător fruntaş és más kitüntetéssel, oklevelekkel jutalmazták munkáját. <br /><strong>Irod.:</strong> Dascăli mureşeni 4.</br></p>

<p>Görgényszentimre, 1934. jún.7., † Mv., 1996. júl. 29.: tanítónő. – Elemi oszt.-okat a szülő-faluban, gimn.-ot és ped. isk. Szászrégenben végzett (1945–52), tanügyi véglegesítő (1962), II.fokozati vizsgát tett (1972).Tanított Mezőkapuson (1952–54), Görgényben pioníregység-parancsnok (1954–55), Régenben az 5-ös sz. Ált. Isk-ban (ma Augustin Maior Állami Gimnázium), ahonnan nyugdíjba vonult (1991), de még azután is tanított haláláig.ok éven [&hellip;]</p>
