{"id":15755,"date":"2025-07-15T13:46:03","date_gmt":"2025-07-15T11:46:03","guid":{"rendered":"https:\/\/uj.adatbank.ro\/lexikon\/termek\/morariu-vasile-morariu-vazul\/"},"modified":"2025-07-15T13:46:03","modified_gmt":"2025-07-15T11:46:03","slug":"morariu-vasile-morariu-vazul","status":"publish","type":"product","link":"https:\/\/uj.adatbank.ro\/lexikon\/termek\/morariu-vasile-morariu-vazul\/","title":{"rendered":"MORARIU, Vasile, Morariu, Vazul"},"content":{"rendered":"<p>Marosludas, 1873. aug. 10., \u2020 Marosludas, 1933. dec. 18.: tan\u00edt\u00f3, politikus, polg\u00e1rmester. \u2013Elemi iskol\u00e1t Ludason, tan\u00edt\u00f3k\u00e9pz\u0151t Bal\u00e1zsfalv\u00e1n v\u00e9gzett. Gr. kat. tan\u00edt\u00f3 Marosludason. A g. kat. egyh\u00e1z els\u0151 kur\u00e1tora, az ASTRA tagja (1933), a g. kat tan\u00edt\u00f3k egyes\u00fclet\u00e9nek eln\u00f6ke; az Economul Bank ludasi fi\u00f3kj\u00e1nak p\u00e9nzt\u00e1rosa \u00e9s vezet\u0151s\u00e9gi tagja volt (1906\u201333). A Rom\u00e1n Nemzeti P\u00e1rt tagja. Marosludas hivatalos k\u00fcld\u00f6tte a gyulafeh\u00e9rv\u00e1ri nagygy\u0171l\u00e9sen (1918. dec. 1.). Iskola igazgat\u00f3 \u00e9s Ludas v\u00e1ros polg\u00e1rmestere (1930\u201333). A megyei tan\u00e1cs v\u00e1lasztott tagja (1926\u201330). A Nemzeti Paraszt P\u00e1rt ludasi tagozat\u00e1nak vezet\u0151s\u00e9gi tagja, a tan\u00edt\u00f3k egyes\u00fclet\u00e9nek, az ASTRA-nak tagja (1933), r\u00e9szt vett a Mircea \u00e9s t\u00f6bb m\u00e1s egyes\u00fclet tev\u00e9kenys\u00e9g\u00e9ben. <br \/><strong>Irod.:<\/strong> Bosoanc\u0103; Ki kicsoda\u00a0? T\u0103ureni; Todea 2013<\/br><\/p>\n","protected":false},"excerpt":{"rendered":"<p>Marosludas, 1873. aug. 10., \u2020 Marosludas, 1933. dec. 18.: tan\u00edt\u00f3, politikus, polg\u00e1rmester. \u2013Elemi iskol\u00e1t Ludason, tan\u00edt\u00f3k\u00e9pz\u0151t Bal\u00e1zsfalv\u00e1n v\u00e9gzett. Gr. kat. tan\u00edt\u00f3 Marosludason. A g. kat. egyh\u00e1z els\u0151 kur\u00e1tora, az ASTRA tagja (1933), a g. kat tan\u00edt\u00f3k egyes\u00fclet\u00e9nek eln\u00f6ke; az Economul Bank ludasi fi\u00f3kj\u00e1nak p\u00e9nzt\u00e1rosa \u00e9s vezet\u0151s\u00e9gi tagja volt (1906\u201333). A Rom\u00e1n Nemzeti P\u00e1rt tagja. Marosludas [&hellip;]<\/p>\n","protected":false},"featured_media":0,"comment_status":"open","ping_status":"closed","template":"","meta":[],"product_brand":[],"product_cat":[137],"product_tag":[],"class_list":{"0":"post-15755","1":"product","2":"type-product","3":"status-publish","5":"product_cat-maros-megyei-eletrajzi-lexikon","7":"first","8":"instock","9":"shipping-taxable","10":"product-type-simple"},"_links":{"self":[{"href":"https:\/\/uj.adatbank.ro\/lexikon\/wp-json\/wp\/v2\/product\/15755","targetHints":{"allow":["GET"]}}],"collection":[{"href":"https:\/\/uj.adatbank.ro\/lexikon\/wp-json\/wp\/v2\/product"}],"about":[{"href":"https:\/\/uj.adatbank.ro\/lexikon\/wp-json\/wp\/v2\/types\/product"}],"replies":[{"embeddable":true,"href":"https:\/\/uj.adatbank.ro\/lexikon\/wp-json\/wp\/v2\/comments?post=15755"}],"wp:attachment":[{"href":"https:\/\/uj.adatbank.ro\/lexikon\/wp-json\/wp\/v2\/media?parent=15755"}],"wp:term":[{"taxonomy":"product_brand","embeddable":true,"href":"https:\/\/uj.adatbank.ro\/lexikon\/wp-json\/wp\/v2\/product_brand?post=15755"},{"taxonomy":"product_cat","embeddable":true,"href":"https:\/\/uj.adatbank.ro\/lexikon\/wp-json\/wp\/v2\/product_cat?post=15755"},{"taxonomy":"product_tag","embeddable":true,"href":"https:\/\/uj.adatbank.ro\/lexikon\/wp-json\/wp\/v2\/product_tag?post=15755"}],"curies":[{"name":"wp","href":"https:\/\/api.w.org\/{rel}","templated":true}]}}