{"id":1577,"date":"2025-06-28T11:46:31","date_gmt":"2025-06-28T09:46:31","guid":{"rendered":"https:\/\/uj.adatbank.ro\/lexikon\/termek\/abafai-istvan-stefanus\/"},"modified":"2025-06-28T11:46:31","modified_gmt":"2025-06-28T09:46:31","slug":"abafai-istvan-stefanus","status":"publish","type":"product","link":"https:\/\/uj.adatbank.ro\/lexikon\/termek\/abafai-istvan-stefanus\/","title":{"rendered":"ABAF\u00c1I Istv\u00e1n; Stefanus"},"content":{"rendered":"<p>? \u2020 ?: r. k. pap. \u2013 Abaf\u00e1ja els\u0151 n\u00e9v szerint ismert papja (1677 \u00e9s 1722 k\u00f6z\u00f6tt). <br \/><strong>Irod.:<\/strong> Abaf\u00e1ja; \u0150sz<\/br><\/p>\n","protected":false},"excerpt":{"rendered":"<p>? \u2020 ?: r. k. pap. \u2013 Abaf\u00e1ja els\u0151 n\u00e9v szerint ismert papja (1677 \u00e9s 1722 k\u00f6z\u00f6tt). Irod.: Abaf\u00e1ja; \u0150sz<\/p>\n","protected":false},"featured_media":0,"comment_status":"open","ping_status":"closed","template":"","meta":[],"product_brand":[],"product_cat":[137],"product_tag":[],"class_list":{"0":"post-1577","1":"product","2":"type-product","3":"status-publish","5":"product_cat-maros-megyei-eletrajzi-lexikon","7":"first","8":"instock","9":"shipping-taxable","10":"product-type-simple"},"_links":{"self":[{"href":"https:\/\/uj.adatbank.ro\/lexikon\/wp-json\/wp\/v2\/product\/1577","targetHints":{"allow":["GET"]}}],"collection":[{"href":"https:\/\/uj.adatbank.ro\/lexikon\/wp-json\/wp\/v2\/product"}],"about":[{"href":"https:\/\/uj.adatbank.ro\/lexikon\/wp-json\/wp\/v2\/types\/product"}],"replies":[{"embeddable":true,"href":"https:\/\/uj.adatbank.ro\/lexikon\/wp-json\/wp\/v2\/comments?post=1577"}],"wp:attachment":[{"href":"https:\/\/uj.adatbank.ro\/lexikon\/wp-json\/wp\/v2\/media?parent=1577"}],"wp:term":[{"taxonomy":"product_brand","embeddable":true,"href":"https:\/\/uj.adatbank.ro\/lexikon\/wp-json\/wp\/v2\/product_brand?post=1577"},{"taxonomy":"product_cat","embeddable":true,"href":"https:\/\/uj.adatbank.ro\/lexikon\/wp-json\/wp\/v2\/product_cat?post=1577"},{"taxonomy":"product_tag","embeddable":true,"href":"https:\/\/uj.adatbank.ro\/lexikon\/wp-json\/wp\/v2\/product_tag?post=1577"}],"curies":[{"name":"wp","href":"https:\/\/api.w.org\/{rel}","templated":true}]}}