{"id":15776,"date":"2025-07-15T13:46:44","date_gmt":"2025-07-15T11:46:44","guid":{"rendered":"https:\/\/uj.adatbank.ro\/lexikon\/termek\/more-peter-moore\/"},"modified":"2025-07-15T13:46:44","modified_gmt":"2025-07-15T11:46:44","slug":"more-peter-moore","status":"publish","type":"product","link":"https:\/\/uj.adatbank.ro\/lexikon\/termek\/more-peter-moore\/","title":{"rendered":"MOR\u00c9 P\u00e9ter, Mo\u00f3r\u00e9"},"content":{"rendered":"<p>1799.? \u2020\u00a0?: pap-tan\u00edt\u00f3. \u2013 Ny\u00e1r\u00e1dszentbenedeken T\u00e9tsi Andr\u00e1s tan\u00edtv\u00e1nya. A mv.-i Ref. Koll.-ban (9 \u00e9ves kor\u00e1t\u00f3l, 1808\u2013) Nagy S\u00e1ndor tan\u00edtv\u00e1nya, majd a koll. tan\u00edt\u00f3mestere lett. Kiskenden szolg\u00e1lt (1825\u20131836). Az \u0151 szolg\u00e1lata idej\u00e9ben az egyh\u00e1zi \u00e9let erk\u00f6lcsileg \u00e9s anyagilag is meger\u0151s\u00f6d\u00f6tt. Adom\u00e1nyokb\u00f3l megn\u00f6velte az egyh\u00e1zi f\u00f6ldek ter\u00fclet\u00e9t, pontos irodai munk\u00e1t v\u00e9gzett, meg\u00e9p\u00edttette a templom cinterm\u00e9t k\u00f6r\u00fclvev\u0151 k\u0151falat, vask\u00f6t\u00e9sekkel vette k\u00f6r\u00fcl a templomot kiv\u00fclr\u0151l \u00e9s a tornyot. K\u00e9s\u0151bb el\u00e9gedetlens\u00e9gek \u00fctik fel a fej\u00fcket, \u00e9s k\u00e9rik elhelyez\u00e9s\u00e9t. Egrest\u0151re ker\u00fclt (1860), \u00e9s innenn is t\u00e1voznia kellett. <br \/><strong>Irod.:<\/strong> Kend \u00e9s egyh\u00e1za; Ny\u00e1r\u00e1dszentbenedek<\/br><\/p>\n","protected":false},"excerpt":{"rendered":"<p>1799.? \u2020\u00a0?: pap-tan\u00edt\u00f3. \u2013 Ny\u00e1r\u00e1dszentbenedeken T\u00e9tsi Andr\u00e1s tan\u00edtv\u00e1nya. A mv.-i Ref. Koll.-ban (9 \u00e9ves kor\u00e1t\u00f3l, 1808\u2013) Nagy S\u00e1ndor tan\u00edtv\u00e1nya, majd a koll. tan\u00edt\u00f3mestere lett. Kiskenden szolg\u00e1lt (1825\u20131836). Az \u0151 szolg\u00e1lata idej\u00e9ben az egyh\u00e1zi \u00e9let erk\u00f6lcsileg \u00e9s anyagilag is meger\u0151s\u00f6d\u00f6tt. Adom\u00e1nyokb\u00f3l megn\u00f6velte az egyh\u00e1zi f\u00f6ldek ter\u00fclet\u00e9t, pontos irodai munk\u00e1t v\u00e9gzett, meg\u00e9p\u00edttette a templom cinterm\u00e9t k\u00f6r\u00fclvev\u0151 k\u0151falat, [&hellip;]<\/p>\n","protected":false},"featured_media":0,"comment_status":"open","ping_status":"closed","template":"","meta":[],"product_brand":[],"product_cat":[137],"product_tag":[],"class_list":{"0":"post-15776","1":"product","2":"type-product","3":"status-publish","5":"product_cat-maros-megyei-eletrajzi-lexikon","7":"first","8":"instock","9":"shipping-taxable","10":"product-type-simple"},"_links":{"self":[{"href":"https:\/\/uj.adatbank.ro\/lexikon\/wp-json\/wp\/v2\/product\/15776","targetHints":{"allow":["GET"]}}],"collection":[{"href":"https:\/\/uj.adatbank.ro\/lexikon\/wp-json\/wp\/v2\/product"}],"about":[{"href":"https:\/\/uj.adatbank.ro\/lexikon\/wp-json\/wp\/v2\/types\/product"}],"replies":[{"embeddable":true,"href":"https:\/\/uj.adatbank.ro\/lexikon\/wp-json\/wp\/v2\/comments?post=15776"}],"wp:attachment":[{"href":"https:\/\/uj.adatbank.ro\/lexikon\/wp-json\/wp\/v2\/media?parent=15776"}],"wp:term":[{"taxonomy":"product_brand","embeddable":true,"href":"https:\/\/uj.adatbank.ro\/lexikon\/wp-json\/wp\/v2\/product_brand?post=15776"},{"taxonomy":"product_cat","embeddable":true,"href":"https:\/\/uj.adatbank.ro\/lexikon\/wp-json\/wp\/v2\/product_cat?post=15776"},{"taxonomy":"product_tag","embeddable":true,"href":"https:\/\/uj.adatbank.ro\/lexikon\/wp-json\/wp\/v2\/product_tag?post=15776"}],"curies":[{"name":"wp","href":"https:\/\/api.w.org\/{rel}","templated":true}]}}

MORÉ Péter, Moóré

<p>1799.? † ?: pap-tanító. – Nyárádszentbenedeken Tétsi András tanítványa. A mv.-i Ref. Koll.-ban (9 éves korától, 1808–) Nagy Sándor tanítványa, majd a koll. tanítómestere lett. Kiskenden szolgált (1825–1836). Az ő szolgálata idejében az egyházi élet erkölcsileg és anyagilag is megerősödött. Adományokból megnövelte az egyházi földek területét, pontos irodai munkát végzett, megépíttette a templom cintermét körülvevő kőfalat, vaskötésekkel vette körül a templomot kivülről és a tornyot. Később elégedetlenségek ütik fel a fejüket, és kérik elhelyezését. Egrestőre került (1860), és innenn is távoznia kellett. <br /><strong>Irod.:</strong> Kend és egyháza; Nyárádszentbenedek</br></p>

<p>1799.? † ?: pap-tanító. – Nyárádszentbenedeken Tétsi András tanítványa. A mv.-i Ref. Koll.-ban (9 éves korától, 1808–) Nagy Sándor tanítványa, majd a koll. tanítómestere lett. Kiskenden szolgált (1825–1836). Az ő szolgálata idejében az egyházi élet erkölcsileg és anyagilag is megerősödött. Adományokból megnövelte az egyházi földek területét, pontos irodai munkát végzett, megépíttette a templom cintermét körülvevő kőfalat, [&hellip;]</p>
