{"id":15777,"date":"2025-07-15T13:46:45","date_gmt":"2025-07-15T11:46:45","guid":{"rendered":"https:\/\/uj.adatbank.ro\/lexikon\/termek\/moreh-karoly-%c2%a7\/"},"modified":"2025-07-15T13:46:45","modified_gmt":"2025-07-15T11:46:45","slug":"moreh-karoly-%c2%a7","status":"publish","type":"product","link":"https:\/\/uj.adatbank.ro\/lexikon\/termek\/moreh-karoly-%c2%a7\/","title":{"rendered":"MOR\u00c9H K\u00e1roly, \u00a7"},"content":{"rendered":"<p>1924. szept. 6., \u2020 Ny\u00e1r\u00e1dszentbenedek, 2010. szept. 12.: agr\u00e1rm\u00e9rn\u00f6k. \u2013 \u00c1llatteny\u00e9szt\u00e9si m\u00e9rn\u00f6k, tudom\u00e1nyos kutat\u00f3. A Mv.-i Marhateny\u00e9szt\u0151 \u00e9s Kutat\u00f3 \u00c1llom\u00e1s igazgat\u00f3ja (1958\u201362), amelynek sz\u00e9khelye Marosszentgy\u00f6rgy\u00f6n m\u0171k\u00f6d\u00f6tt. <br \/><strong>Irod.:<\/strong> Lucr\u0103ri \u015ftiin\u0163ifice; Ny\u00e1r\u00e1dszentbenedek<\/br><\/p>\n","protected":false},"excerpt":{"rendered":"<p>1924. szept. 6., \u2020 Ny\u00e1r\u00e1dszentbenedek, 2010. szept. 12.: agr\u00e1rm\u00e9rn\u00f6k. \u2013 \u00c1llatteny\u00e9szt\u00e9si m\u00e9rn\u00f6k, tudom\u00e1nyos kutat\u00f3. A Mv.-i Marhateny\u00e9szt\u0151 \u00e9s Kutat\u00f3 \u00c1llom\u00e1s igazgat\u00f3ja (1958\u201362), amelynek sz\u00e9khelye Marosszentgy\u00f6rgy\u00f6n m\u0171k\u00f6d\u00f6tt. Irod.: Lucr\u0103ri \u015ftiin\u0163ifice; Ny\u00e1r\u00e1dszentbenedek<\/p>\n","protected":false},"featured_media":0,"comment_status":"open","ping_status":"closed","template":"","meta":[],"product_brand":[],"product_cat":[137],"product_tag":[],"class_list":{"0":"post-15777","1":"product","2":"type-product","3":"status-publish","5":"product_cat-maros-megyei-eletrajzi-lexikon","7":"first","8":"instock","9":"shipping-taxable","10":"product-type-simple"},"_links":{"self":[{"href":"https:\/\/uj.adatbank.ro\/lexikon\/wp-json\/wp\/v2\/product\/15777","targetHints":{"allow":["GET"]}}],"collection":[{"href":"https:\/\/uj.adatbank.ro\/lexikon\/wp-json\/wp\/v2\/product"}],"about":[{"href":"https:\/\/uj.adatbank.ro\/lexikon\/wp-json\/wp\/v2\/types\/product"}],"replies":[{"embeddable":true,"href":"https:\/\/uj.adatbank.ro\/lexikon\/wp-json\/wp\/v2\/comments?post=15777"}],"wp:attachment":[{"href":"https:\/\/uj.adatbank.ro\/lexikon\/wp-json\/wp\/v2\/media?parent=15777"}],"wp:term":[{"taxonomy":"product_brand","embeddable":true,"href":"https:\/\/uj.adatbank.ro\/lexikon\/wp-json\/wp\/v2\/product_brand?post=15777"},{"taxonomy":"product_cat","embeddable":true,"href":"https:\/\/uj.adatbank.ro\/lexikon\/wp-json\/wp\/v2\/product_cat?post=15777"},{"taxonomy":"product_tag","embeddable":true,"href":"https:\/\/uj.adatbank.ro\/lexikon\/wp-json\/wp\/v2\/product_tag?post=15777"}],"curies":[{"name":"wp","href":"https:\/\/api.w.org\/{rel}","templated":true}]}}