{"id":15778,"date":"2025-07-15T13:46:48","date_gmt":"2025-07-15T11:46:48","guid":{"rendered":"https:\/\/uj.adatbank.ro\/lexikon\/termek\/morelli-gusztav\/"},"modified":"2025-07-15T13:46:48","modified_gmt":"2025-07-15T11:46:48","slug":"morelli-gusztav","status":"publish","type":"product","link":"https:\/\/uj.adatbank.ro\/lexikon\/termek\/morelli-gusztav\/","title":{"rendered":"MORELLI Guszt\u00e1v"},"content":{"rendered":"<p>? \u2020\u00a0?: r\u00e9zmetsz\u0151. \u2013 Graguss J\u00e1nos rajza ut\u00e1n elk\u00e9sz\u00edtette v\u00e1ros r\u00e1zmetszetes k\u00e9p\u00e9t. \u2013 Irod\u00a0: Id\u0151t\u00e1r 2<\/br><\/p>\n","protected":false},"excerpt":{"rendered":"<p>? \u2020\u00a0?: r\u00e9zmetsz\u0151. \u2013 Graguss J\u00e1nos rajza ut\u00e1n elk\u00e9sz\u00edtette v\u00e1ros r\u00e1zmetszetes k\u00e9p\u00e9t. \u2013 Irod\u00a0: Id\u0151t\u00e1r 2<\/p>\n","protected":false},"featured_media":0,"comment_status":"open","ping_status":"closed","template":"","meta":[],"product_brand":[],"product_cat":[137],"product_tag":[],"class_list":{"0":"post-15778","1":"product","2":"type-product","3":"status-publish","5":"product_cat-maros-megyei-eletrajzi-lexikon","7":"first","8":"instock","9":"shipping-taxable","10":"product-type-simple"},"_links":{"self":[{"href":"https:\/\/uj.adatbank.ro\/lexikon\/wp-json\/wp\/v2\/product\/15778","targetHints":{"allow":["GET"]}}],"collection":[{"href":"https:\/\/uj.adatbank.ro\/lexikon\/wp-json\/wp\/v2\/product"}],"about":[{"href":"https:\/\/uj.adatbank.ro\/lexikon\/wp-json\/wp\/v2\/types\/product"}],"replies":[{"embeddable":true,"href":"https:\/\/uj.adatbank.ro\/lexikon\/wp-json\/wp\/v2\/comments?post=15778"}],"wp:attachment":[{"href":"https:\/\/uj.adatbank.ro\/lexikon\/wp-json\/wp\/v2\/media?parent=15778"}],"wp:term":[{"taxonomy":"product_brand","embeddable":true,"href":"https:\/\/uj.adatbank.ro\/lexikon\/wp-json\/wp\/v2\/product_brand?post=15778"},{"taxonomy":"product_cat","embeddable":true,"href":"https:\/\/uj.adatbank.ro\/lexikon\/wp-json\/wp\/v2\/product_cat?post=15778"},{"taxonomy":"product_tag","embeddable":true,"href":"https:\/\/uj.adatbank.ro\/lexikon\/wp-json\/wp\/v2\/product_tag?post=15778"}],"curies":[{"name":"wp","href":"https:\/\/api.w.org\/{rel}","templated":true}]}}