{"id":15780,"date":"2025-07-15T13:46:52","date_gmt":"2025-07-15T11:46:52","guid":{"rendered":"https:\/\/uj.adatbank.ro\/lexikon\/termek\/morgen-curt-ernest-von\/"},"modified":"2025-07-15T13:46:52","modified_gmt":"2025-07-15T11:46:52","slug":"morgen-curt-ernest-von","status":"publish","type":"product","link":"https:\/\/uj.adatbank.ro\/lexikon\/termek\/morgen-curt-ernest-von\/","title":{"rendered":"MORGEN Curt Ernest von"},"content":{"rendered":"<p>1858., \u2020\u00a01928.: n\u00e9met t\u00e1bornok. \u2013 Az I. n\u00e9met tartal\u00e9k hadtest parancsnoka a rom\u00e1nok elleni hadj\u00e1ratban (1916. szept.). A Maros fels\u0151 foly\u00e1s\u00e1n\u00e1l \u00e1llom\u00e1soz\u00f3 I. osztr\u00e1k-m. hadsereg t\u00e1mogat\u00e1s\u00e1val b\u00edzt\u00e1k meg. Seg\u00edt\u0151 sz\u00e1nd\u00e9k\u00e1val el\u00e9rt\u00e9k, hogy a korm\u00e1ny \u00e1ltal elredelt Mv. v\u00e1ros ki\u00fcres\u00edt\u00e9s\u00e9t nem kellett v\u00e9gre hajtani. <br \/><strong>Irod.:<\/strong> Bern\u00e1dy; P\u00e1l-Antal S\u00e1ndor: Az els\u0151 vh. Menek\u00fcl\u00e9s 1916 \u0151sz\u00e9n (N\u00fa., 2016. szept. 30.)<\/br><\/p>\n","protected":false},"excerpt":{"rendered":"<p>1858., \u2020\u00a01928.: n\u00e9met t\u00e1bornok. \u2013 Az I. n\u00e9met tartal\u00e9k hadtest parancsnoka a rom\u00e1nok elleni hadj\u00e1ratban (1916. szept.). A Maros fels\u0151 foly\u00e1s\u00e1n\u00e1l \u00e1llom\u00e1soz\u00f3 I. osztr\u00e1k-m. hadsereg t\u00e1mogat\u00e1s\u00e1val b\u00edzt\u00e1k meg. Seg\u00edt\u0151 sz\u00e1nd\u00e9k\u00e1val el\u00e9rt\u00e9k, hogy a korm\u00e1ny \u00e1ltal elredelt Mv. v\u00e1ros ki\u00fcres\u00edt\u00e9s\u00e9t nem kellett v\u00e9gre hajtani. Irod.: Bern\u00e1dy; P\u00e1l-Antal S\u00e1ndor: Az els\u0151 vh. Menek\u00fcl\u00e9s 1916 \u0151sz\u00e9n (N\u00fa., 2016. [&hellip;]<\/p>\n","protected":false},"featured_media":0,"comment_status":"open","ping_status":"closed","template":"","meta":[],"product_brand":[],"product_cat":[137],"product_tag":[],"class_list":{"0":"post-15780","1":"product","2":"type-product","3":"status-publish","5":"product_cat-maros-megyei-eletrajzi-lexikon","7":"first","8":"instock","9":"shipping-taxable","10":"product-type-simple"},"_links":{"self":[{"href":"https:\/\/uj.adatbank.ro\/lexikon\/wp-json\/wp\/v2\/product\/15780","targetHints":{"allow":["GET"]}}],"collection":[{"href":"https:\/\/uj.adatbank.ro\/lexikon\/wp-json\/wp\/v2\/product"}],"about":[{"href":"https:\/\/uj.adatbank.ro\/lexikon\/wp-json\/wp\/v2\/types\/product"}],"replies":[{"embeddable":true,"href":"https:\/\/uj.adatbank.ro\/lexikon\/wp-json\/wp\/v2\/comments?post=15780"}],"wp:attachment":[{"href":"https:\/\/uj.adatbank.ro\/lexikon\/wp-json\/wp\/v2\/media?parent=15780"}],"wp:term":[{"taxonomy":"product_brand","embeddable":true,"href":"https:\/\/uj.adatbank.ro\/lexikon\/wp-json\/wp\/v2\/product_brand?post=15780"},{"taxonomy":"product_cat","embeddable":true,"href":"https:\/\/uj.adatbank.ro\/lexikon\/wp-json\/wp\/v2\/product_cat?post=15780"},{"taxonomy":"product_tag","embeddable":true,"href":"https:\/\/uj.adatbank.ro\/lexikon\/wp-json\/wp\/v2\/product_tag?post=15780"}],"curies":[{"name":"wp","href":"https:\/\/api.w.org\/{rel}","templated":true}]}}

<p>1858., † 1928.: német tábornok. – Az I. német tartalék hadtest parancsnoka a románok elleni hadjáratban (1916. szept.). A Maros felső folyásánál állomásozó I. osztrák-m. hadsereg támogatásával bízták meg. Segítő szándékával elérték, hogy a kormány által elredelt Mv. város kiüresítését nem kellett végre hajtani. <br /><strong>Irod.:</strong> Bernády; Pál-Antal Sándor: Az első vh. Menekülés 1916 őszén (Nú., 2016. szept. 30.)</br></p>

<p>1858., † 1928.: német tábornok. – Az I. német tartalék hadtest parancsnoka a románok elleni hadjáratban (1916. szept.). A Maros felső folyásánál állomásozó I. osztrák-m. hadsereg támogatásával bízták meg. Segítő szándékával elérték, hogy a kormány által elredelt Mv. város kiüresítését nem kellett végre hajtani. Irod.: Bernády; Pál-Antal Sándor: Az első vh. Menekülés 1916 őszén (Nú., 2016. [&hellip;]</p>
