{"id":15783,"date":"2025-07-15T13:46:57","date_gmt":"2025-07-15T11:46:57","guid":{"rendered":"https:\/\/uj.adatbank.ro\/lexikon\/termek\/morocz-istvan\/"},"modified":"2025-07-15T13:46:57","modified_gmt":"2025-07-15T11:46:57","slug":"morocz-istvan","status":"publish","type":"product","link":"https:\/\/uj.adatbank.ro\/lexikon\/termek\/morocz-istvan\/","title":{"rendered":"MOR\u00d3CZ Istv\u00e1n"},"content":{"rendered":"<p>Ludas, 1816. dec. 25., \u2020 Bp., 1881. okt. 10 : mez\u0151gazdas\u00e1gi \u00edr\u00f3, orvos a MTA tagja. <br \/><strong>Irod.:<\/strong> M\u00c9L<\/br><\/p>\n","protected":false},"excerpt":{"rendered":"<p>Ludas, 1816. dec. 25., \u2020 Bp., 1881. okt. 10 : mez\u0151gazdas\u00e1gi \u00edr\u00f3, orvos a MTA tagja. Irod.: M\u00c9L<\/p>\n","protected":false},"featured_media":0,"comment_status":"open","ping_status":"closed","template":"","meta":[],"product_brand":[],"product_cat":[137],"product_tag":[],"class_list":{"0":"post-15783","1":"product","2":"type-product","3":"status-publish","5":"product_cat-maros-megyei-eletrajzi-lexikon","7":"first","8":"instock","9":"shipping-taxable","10":"product-type-simple"},"_links":{"self":[{"href":"https:\/\/uj.adatbank.ro\/lexikon\/wp-json\/wp\/v2\/product\/15783","targetHints":{"allow":["GET"]}}],"collection":[{"href":"https:\/\/uj.adatbank.ro\/lexikon\/wp-json\/wp\/v2\/product"}],"about":[{"href":"https:\/\/uj.adatbank.ro\/lexikon\/wp-json\/wp\/v2\/types\/product"}],"replies":[{"embeddable":true,"href":"https:\/\/uj.adatbank.ro\/lexikon\/wp-json\/wp\/v2\/comments?post=15783"}],"wp:attachment":[{"href":"https:\/\/uj.adatbank.ro\/lexikon\/wp-json\/wp\/v2\/media?parent=15783"}],"wp:term":[{"taxonomy":"product_brand","embeddable":true,"href":"https:\/\/uj.adatbank.ro\/lexikon\/wp-json\/wp\/v2\/product_brand?post=15783"},{"taxonomy":"product_cat","embeddable":true,"href":"https:\/\/uj.adatbank.ro\/lexikon\/wp-json\/wp\/v2\/product_cat?post=15783"},{"taxonomy":"product_tag","embeddable":true,"href":"https:\/\/uj.adatbank.ro\/lexikon\/wp-json\/wp\/v2\/product_tag?post=15783"}],"curies":[{"name":"wp","href":"https:\/\/api.w.org\/{rel}","templated":true}]}}