{"id":15785,"date":"2025-07-15T13:47:03","date_gmt":"2025-07-15T11:47:03","guid":{"rendered":"https:\/\/uj.adatbank.ro\/lexikon\/termek\/morvay-pal\/"},"modified":"2025-07-15T13:47:03","modified_gmt":"2025-07-15T11:47:03","slug":"morvay-pal","status":"publish","type":"product","link":"https:\/\/uj.adatbank.ro\/lexikon\/termek\/morvay-pal\/","title":{"rendered":"MORVAY P\u00e1l"},"content":{"rendered":"<p>Mv., 1914. febr. 12., \u2020 B\u00e1nffyhunyad, 1990. jan. 22.: tan\u00e1r, m\u00fazeumigazgat\u00f3, egyh\u00e1zi \u00e9s n\u00e9prajzi \u00edr\u00f3. \u2013 A mv.-i Ref. Koll.- ban \u00e9retts\u00e9gizett (1931), Kv.-on v\u00e9gezte a teol\u00f3gi\u00e1t (1936), mint \u00f6szt\u00f6nd\u00edjas a berlini teol\u00f3gi\u00e1n tanult tov\u00e1bb (1936\u201338), a kv.-i BBTE angol-magyar szak\u00e1n szerzett oklevelet (1966\u201371). Lelk\u00e9sz Brass\u00f3ban (1938\u201340), a Ref. Koll. vall\u00e1stan\u00e1ra Kv.-on (1940\u201344), B\u00e1nffyhunyadon lelk\u00e9sz \u00e9s hitoktat\u00f3 (1945\u201348), majd u.o. a liceum magyar-angol szakos tan\u00e1ra.. A Kalotaszegi N\u00e9prajzi M\u00fazeum \u00fajraszervez\u0151je, amit Ravasz L\u00e1szl\u00f3 ref. p\u00fcsp\u00f6k b\u00e1nffyhunyadi h\u00e1z\u00e1ban nyitottak meg (1947), koncepci\u00f3s perben Ravasz L\u00e1szl\u00f3val val\u00f3 kapcsolat\u00e1\u00e9rt a m\u00fazeum \u00e9l\u00e9r\u0151l \u00e9s az \u00e1ll\u00e1s\u00e1b\u00f3l elt\u00e1vol\u00edtott\u00e1k. \u00c9vekig munk\u00e1s, majd ism\u00e9t tan\u00edtott, magyar-angol szakos tan\u00e1r. Cikkeit k\u00f6zli az Igazs\u00e1g, A H\u00e9t, Reform\u00e1tus Szemle, Kalotaszeg. Kalotaszeg kultur\u00e1lis \u00e9let\u00e9t tanulm\u00e1nyozta, a Reform\u00e1tus Szeml\u00e9ben B\u00e1nffyhunyad (1985\/3) \u00e9s Gyer\u0151monostor (1987\/1) egyh\u00e1z\u00e1nak t\u00f6rt\u00e9net\u00e9t \u00e9s templom\u00e1t mutatta be. A budapesti T\u00fck\u00f6r has\u00e1bjain Bart\u00f3k \u00e9s Kod\u00e1ly kalotaszegi n\u00f3taf\u00e1j\u00e1r\u00f3l \u00edrt &#8222;A t\u0151cs\u00e9rbe \u00e9nekeljen&#8221; c\u00edmmel (1988j\u00fal. 29). <br \/><strong>Irod.:<\/strong> MMA, RMIL<\/br><\/p>\n","protected":false},"excerpt":{"rendered":"<p>Mv., 1914. febr. 12., \u2020 B\u00e1nffyhunyad, 1990. jan. 22.: tan\u00e1r, m\u00fazeumigazgat\u00f3, egyh\u00e1zi \u00e9s n\u00e9prajzi \u00edr\u00f3. \u2013 A mv.-i Ref. Koll.- ban \u00e9retts\u00e9gizett (1931), Kv.-on v\u00e9gezte a teol\u00f3gi\u00e1t (1936), mint \u00f6szt\u00f6nd\u00edjas a berlini teol\u00f3gi\u00e1n tanult tov\u00e1bb (1936\u201338), a kv.-i BBTE angol-magyar szak\u00e1n szerzett oklevelet (1966\u201371). Lelk\u00e9sz Brass\u00f3ban (1938\u201340), a Ref. Koll. vall\u00e1stan\u00e1ra Kv.-on (1940\u201344), B\u00e1nffyhunyadon lelk\u00e9sz [&hellip;]<\/p>\n","protected":false},"featured_media":0,"comment_status":"open","ping_status":"closed","template":"","meta":[],"product_brand":[],"product_cat":[137],"product_tag":[],"class_list":{"0":"post-15785","1":"product","2":"type-product","3":"status-publish","5":"product_cat-maros-megyei-eletrajzi-lexikon","7":"first","8":"instock","9":"shipping-taxable","10":"product-type-simple"},"_links":{"self":[{"href":"https:\/\/uj.adatbank.ro\/lexikon\/wp-json\/wp\/v2\/product\/15785","targetHints":{"allow":["GET"]}}],"collection":[{"href":"https:\/\/uj.adatbank.ro\/lexikon\/wp-json\/wp\/v2\/product"}],"about":[{"href":"https:\/\/uj.adatbank.ro\/lexikon\/wp-json\/wp\/v2\/types\/product"}],"replies":[{"embeddable":true,"href":"https:\/\/uj.adatbank.ro\/lexikon\/wp-json\/wp\/v2\/comments?post=15785"}],"wp:attachment":[{"href":"https:\/\/uj.adatbank.ro\/lexikon\/wp-json\/wp\/v2\/media?parent=15785"}],"wp:term":[{"taxonomy":"product_brand","embeddable":true,"href":"https:\/\/uj.adatbank.ro\/lexikon\/wp-json\/wp\/v2\/product_brand?post=15785"},{"taxonomy":"product_cat","embeddable":true,"href":"https:\/\/uj.adatbank.ro\/lexikon\/wp-json\/wp\/v2\/product_cat?post=15785"},{"taxonomy":"product_tag","embeddable":true,"href":"https:\/\/uj.adatbank.ro\/lexikon\/wp-json\/wp\/v2\/product_tag?post=15785"}],"curies":[{"name":"wp","href":"https:\/\/api.w.org\/{rel}","templated":true}]}}

MORVAY Pál

<p>Mv., 1914. febr. 12., † Bánffyhunyad, 1990. jan. 22.: tanár, múzeumigazgató, egyházi és néprajzi író. – A mv.-i Ref. Koll.- ban érettségizett (1931), Kv.-on végezte a teológiát (1936), mint ösztöndíjas a berlini teológián tanult tovább (1936–38), a kv.-i BBTE angol-magyar szakán szerzett oklevelet (1966–71). Lelkész Brassóban (1938–40), a Ref. Koll. vallástanára Kv.-on (1940–44), Bánffyhunyadon lelkész és hitoktató (1945–48), majd u.o. a liceum magyar-angol szakos tanára.. A Kalotaszegi Néprajzi Múzeum újraszervezője, amit Ravasz László ref. püspök bánffyhunyadi házában nyitottak meg (1947), koncepciós perben Ravasz Lászlóval való kapcsolatáért a múzeum éléről és az állásából eltávolították. Évekig munkás, majd ismét tanított, magyar-angol szakos tanár. Cikkeit közli az Igazság, A Hét, Református Szemle, Kalotaszeg. Kalotaszeg kulturális életét tanulmányozta, a Református Szemlében Bánffyhunyad (1985/3) és Gyerőmonostor (1987/1) egyházának történetét és templomát mutatta be. A budapesti Tükör hasábjain Bartók és Kodály kalotaszegi nótafájáról írt &#8222;A tőcsérbe énekeljen&#8221; címmel (1988júl. 29). <br /><strong>Irod.:</strong> MMA, RMIL</br></p>

<p>Mv., 1914. febr. 12., † Bánffyhunyad, 1990. jan. 22.: tanár, múzeumigazgató, egyházi és néprajzi író. – A mv.-i Ref. Koll.- ban érettségizett (1931), Kv.-on végezte a teológiát (1936), mint ösztöndíjas a berlini teológián tanult tovább (1936–38), a kv.-i BBTE angol-magyar szakán szerzett oklevelet (1966–71). Lelkész Brassóban (1938–40), a Ref. Koll. vallástanára Kv.-on (1940–44), Bánffyhunyadon lelkész [&hellip;]</p>
