{"id":15786,"date":"2025-07-15T13:47:05","date_gmt":"2025-07-15T11:47:05","guid":{"rendered":"https:\/\/uj.adatbank.ro\/lexikon\/termek\/morvay-zoltan-alsodraskoczi\/"},"modified":"2025-07-15T13:47:05","modified_gmt":"2025-07-15T11:47:05","slug":"morvay-zoltan-alsodraskoczi","status":"publish","type":"product","link":"https:\/\/uj.adatbank.ro\/lexikon\/termek\/morvay-zoltan-alsodraskoczi\/","title":{"rendered":"MORVAY Zolt\u00e1n, als\u00f3drask\u00f3czi"},"content":{"rendered":"<p>Debrecen, 1875. nov. 28., \u2020 Si\u00f3fok, 1945. m\u00e1rc. 24.: nyomd\u00e1sz, \u00edr\u00f3, \u00fajs\u00e1g\u00edr\u00f3. \u2013 A debreceni Ref. Koll.-ban 3 gimn. oszt\u00e1lyt v\u00e9gzett, de mivel m. nyelvb\u0151l megbu\u00adkott, apja nyomd\u00e1szta\u00adnul\u00f3nak adta. A debreceni v\u00e1rosi nyomd\u00e1ban szabadult fel, ezut\u00e1n a nyomd\u00e1szegylet seg\u00e9\u00adly\u00e9vel bej\u00e1rta Ausztri\u00e1t, N\u00e9met-, Francia- \u00e9s Olaszo.-ot, valamint Sv\u00e1jcot (1897) \u00e9s v\u00e1ndor\u00fatj\u00e1t le is \u00edrta. Hazat\u00e9r\u00e9se ut\u00e1n a debreceni Csokonai nyomd\u00e1ban v\u00e1llalt munk\u00e1t. Megnyerte az \u00daj Id\u0151k elbesz\u00e9l\u00e9sp\u00e1ly\u00e1zat\u00e1t (1902). Rudny\u00e1nszky Gyula k\u00f6lt\u0151vel a Csokonai Lapok c. foly\u00f3irat szerk (1903\u201306); Bp.-en nyomd\u00e1szseg\u00e9d (1906\u2013); Mv.-en telepedett le, ahol a R\u00e9v\u00e9sz-k\u00f6nyvkeresked\u00e9s nyomd\u00e1j\u00e1nak nyomdavezet\u0151je lett (1908\u201329), feles\u00e9g\u00fcl vette R\u00e9v\u00e9sz B\u00e9la le\u00e1nytestv\u00e9r\u00e9t. A Halad\u00e1s (1912\u2013), majd a T\u00fck\u00f6r c. radik\u00e1lis hetilap szerkeszt\u0151je (1913\u201325), L\u00e9trehozta az Erd\u00e9lyi K\u00f6nyvbar\u00e1tok T\u00e1rsas\u00e1g\u00e1t (1924\u2013), amely az Erd\u00e9lyi sz\u00e9pm\u00edves C\u00e9h megindul\u00e1s\u00e1ig a legjelent\u0151sebb ilyen v\u00e1llalkoz\u00e1s volt, Az Erd\u00e9lyi K\u00f6nyvbar\u00e1tok T\u00e1rsas\u00e1g Kiadv\u00e1nyai c. sorozat szerk. (1924-t\u0151l), a k\u00f6tetek nagy p\u00e9ld\u00e1nysz\u00e1mban jelentek meg. Megv\u00e1lva a nyomd\u00e1t\u00f3l A Ma c. napilapot alap\u00edtott (1925\u201333), v\u00e9gig j\u00f3 bar\u00e1ts\u00e1gban \u00e1llt Bern\u00e1dy Gy\u00f6rggyel. A Marosv\u00e1s\u00e1rhelyi \u00cdr\u00f3k, M\u0171v\u00e9szek Otthona t\u00e1rsalap\u00edt\u00f3ja, aleln\u00f6ke (1920\u2013), a KZST tagja \u00e9s eln\u00f6ke az \u00dajs\u00e1g\u00edr\u00f3 Egyes\u00fcletnek. K\u00e9pvisel\u0151jel\u00f6lt is volt t\u00f6bb \u00edzben. A k\u00f6z\u00f6ns\u00e9g megszervez\u00e9s\u00e9vel biztos\u00edtotta a legnehezebb id\u0151kben a mv.-i magyar sz\u00ednj\u00e1tsz\u00e1s folytonoss\u00e1g\u00e1t. M\u00e1r tanul\u00f3 kor\u00e1ban \u00edrt verseket, t\u00e1rc\u00e1kat a debreceni \u00e9s nagyv\u00e1radi lapokba. A Debrecen-Nagyv\u00e1radi \u00c9rtes\u00edt\u0151be \u00e9s a Reggeli \u00dajs\u00e1gba, a Debreceni Ellen\u0151r politikai napilap munkat\u00e1rsa, majd a Csal\u00e1di K\u00f6rben, D\u00e9lmagyarorsz\u00e1gi K\u00f6zl\u00f6nyben, K\u00e9pes Csal\u00e1di Lapokban, a Nyomd\u00e1sz \u00c9vk\u00f6nyv \u00e9s \u00datikalauzban, az \u00daj Id\u0151kben \u00e9s a Tisz\u00e1nt\u00falban jelentek meg \u00edr\u00e1sai a Munk\u00e1s Otthon \u00c9res\u00edt\u0151je (1908\u2013). Debrecenben novell\u00e1s k\u00f6teteket \u00e9s vigj\u00e1t\u00e9kokat adott ki, Mv.-en k\u00e9t reg\u00e9nyt \u00e9s p\u00e1r v\u00edgj\u00e1t\u00e9kot. K\u00fcl\u00f6n\u00f6sen n\u00e9pszer\u0171 volt a Trubadur c\u00edm\u0171 reg\u00e9nye \u2013 <strong>F. m.:<\/strong> Az angolkisasszony (boh\u00f3zat; Debre\u00adcen, 1902); Egy hatezer kilom\u00e9teres s\u00e9ta t\u00f6rt\u00e9\u00adnete: \u00dati besz\u00e1mol\u00f3 (Mv., 1909); Sz\u00fcrke t\u00f6rt\u00e9netek, I-V. [miniat\u0171r]: (elb.; Mv., 1911); Troubadour \u00e9s t\u00e1rsai : (reg.; Mv., 1913; 1925); Randev\u00fa (v\u00edgj\u00e1t\u00e9k; Mv., 1915, 1923); R\u00f3zsanyil\u00e1skor (sz\u00edn\u00adm\u0171; Mv., 1917); Okt\u00f3beri fellegek (reg.; Mv., 1920); Gyermekvil\u00e1g (verses-mes\u00e9s k\u00e9pes\u00adk\u00f6nyv; Mv., 1922); A maharadzsa kincse (reg.; Mv., 1926); Bab\u00e9rosi Balamb\u00e9r \u00e9s m\u00e1s elbesz\u00e9l\u00e9sek (Mv., 1927); Naple\u00admente (\u00e9letrajz; Mv., 1931); Bo\u00adnyodalmak egy h\u00e1zass\u00e1g k\u00f6r\u00fcl (reg.; Mv., 1932); Dar\u00e1zsz\u00fcmm\u00f6g\u00e9s (versek; Mv., 1935), <strong>szerk.:<\/strong> Kakasy M\u00e1rton: Naplemente (sajt\u00f3 al\u00e1 rendezte, Mv., 1931). <br \/><strong>Irod.:<\/strong> Bern\u00e1dy; Csepreghy 2010; Dank\u00f3 Imre: Molter K\u00e1roly levele nyom\u00e1n M. Z.-r\u00f3l (Somogy, 1987); EM, F\u00fcl\u00f6p\u2013Ferencz; Guly\u00e1s; Gy\u00f6rgy 1926; Gy\u00f6rgy 192; Id\u0151t\u00e1r 2; Id\u0151t\u00e1r 3; Marosi Ildi\u00adk\u00f3: Lynot\u00edpen \u00edrta: M. Z. (Utunk, 1976, A H\u00e9t 1976\/15); Molter 1.; Mv. t\u00f6rt. 2.; Osv\u00e1th; \u00d6kr\u00f6s; RMIL; Sipos; Szinnyei; \u00daM\u00c9L; \u00dcnnepi k\u00f6nyv<\/br><\/p>\n","protected":false},"excerpt":{"rendered":"<p>Debrecen, 1875. nov. 28., \u2020 Si\u00f3fok, 1945. m\u00e1rc. 24.: nyomd\u00e1sz, \u00edr\u00f3, \u00fajs\u00e1g\u00edr\u00f3. \u2013 A debreceni Ref. Koll.-ban 3 gimn. oszt\u00e1lyt v\u00e9gzett, de mivel m. nyelvb\u0151l megbu\u00adkott, apja nyomd\u00e1szta\u00adnul\u00f3nak adta. A debreceni v\u00e1rosi nyomd\u00e1ban szabadult fel, ezut\u00e1n a nyomd\u00e1szegylet seg\u00e9\u00adly\u00e9vel bej\u00e1rta Ausztri\u00e1t, N\u00e9met-, Francia- \u00e9s Olaszo.-ot, valamint Sv\u00e1jcot (1897) \u00e9s v\u00e1ndor\u00fatj\u00e1t le is \u00edrta. Hazat\u00e9r\u00e9se ut\u00e1n [&hellip;]<\/p>\n","protected":false},"featured_media":0,"comment_status":"open","ping_status":"closed","template":"","meta":[],"product_brand":[],"product_cat":[137],"product_tag":[],"class_list":{"0":"post-15786","1":"product","2":"type-product","3":"status-publish","5":"product_cat-maros-megyei-eletrajzi-lexikon","7":"first","8":"instock","9":"shipping-taxable","10":"product-type-simple"},"_links":{"self":[{"href":"https:\/\/uj.adatbank.ro\/lexikon\/wp-json\/wp\/v2\/product\/15786","targetHints":{"allow":["GET"]}}],"collection":[{"href":"https:\/\/uj.adatbank.ro\/lexikon\/wp-json\/wp\/v2\/product"}],"about":[{"href":"https:\/\/uj.adatbank.ro\/lexikon\/wp-json\/wp\/v2\/types\/product"}],"replies":[{"embeddable":true,"href":"https:\/\/uj.adatbank.ro\/lexikon\/wp-json\/wp\/v2\/comments?post=15786"}],"wp:attachment":[{"href":"https:\/\/uj.adatbank.ro\/lexikon\/wp-json\/wp\/v2\/media?parent=15786"}],"wp:term":[{"taxonomy":"product_brand","embeddable":true,"href":"https:\/\/uj.adatbank.ro\/lexikon\/wp-json\/wp\/v2\/product_brand?post=15786"},{"taxonomy":"product_cat","embeddable":true,"href":"https:\/\/uj.adatbank.ro\/lexikon\/wp-json\/wp\/v2\/product_cat?post=15786"},{"taxonomy":"product_tag","embeddable":true,"href":"https:\/\/uj.adatbank.ro\/lexikon\/wp-json\/wp\/v2\/product_tag?post=15786"}],"curies":[{"name":"wp","href":"https:\/\/api.w.org\/{rel}","templated":true}]}}

MORVAY Zoltán, alsódraskóczi

<p>Debrecen, 1875. nov. 28., † Siófok, 1945. márc. 24.: nyomdász, író, újságíró. – A debreceni Ref. Koll.-ban 3 gimn. osztályt végzett, de mivel m. nyelvből megbu­kott, apja nyomdászta­nulónak adta. A debreceni városi nyomdában szabadult fel, ezután a nyomdászegylet segé­lyével bejárta Ausztriát, Német-, Francia- és Olaszo.-ot, valamint Svájcot (1897) és vándorútját le is írta. Hazatérése után a debreceni Csokonai nyomdában vállalt munkát. Megnyerte az Új Idők elbeszéléspályázatát (1902). Rudnyánszky Gyula költővel a Csokonai Lapok c. folyóirat szerk (1903–06); Bp.-en nyomdászsegéd (1906–); Mv.-en telepedett le, ahol a Révész-könyvkereskedés nyomdájának nyomdavezetője lett (1908–29), feleségül vette Révész Béla leánytestvérét. A Haladás (1912–), majd a Tükör c. radikális hetilap szerkesztője (1913–25), Létrehozta az Erdélyi Könyvbarátok Társaságát (1924–), amely az Erdélyi szépmíves Céh megindulásáig a legjelentősebb ilyen vállalkozás volt, Az Erdélyi Könyvbarátok Társaság Kiadványai c. sorozat szerk. (1924-től), a kötetek nagy példányszámban jelentek meg. Megválva a nyomdától A Ma c. napilapot alapított (1925–33), végig jó barátságban állt Bernády Györggyel. A Marosvásárhelyi Írók, Művészek Otthona társalapítója, alelnöke (1920–), a KZST tagja és elnöke az Újságíró Egyesületnek. Képviselőjelölt is volt több ízben. A közönség megszervezésével biztosította a legnehezebb időkben a mv.-i magyar színjátszás folytonosságát. Már tanuló korában írt verseket, tárcákat a debreceni és nagyváradi lapokba. A Debrecen-Nagyváradi Értesítőbe és a Reggeli Újságba, a Debreceni Ellenőr politikai napilap munkatársa, majd a Családi Körben, Délmagyarországi Közlönyben, Képes Családi Lapokban, a Nyomdász Évkönyv és Útikalauzban, az Új Időkben és a Tiszántúlban jelentek meg írásai a Munkás Otthon Éresítője (1908–). Debrecenben novellás köteteket és vigjátékokat adott ki, Mv.-en két regényt és pár vígjátékot. Különösen népszerű volt a Trubadur című regénye – <strong>F. m.:</strong> Az angolkisasszony (bohózat; Debre­cen, 1902); Egy hatezer kilométeres séta törté­nete: Úti beszámoló (Mv., 1909); Szürke történetek, I-V. [miniatűr]: (elb.; Mv., 1911); Troubadour és társai : (reg.; Mv., 1913; 1925); Randevú (vígjáték; Mv., 1915, 1923); Rózsanyiláskor (szín­mű; Mv., 1917); Októberi fellegek (reg.; Mv., 1920); Gyermekvilág (verses-mesés képes­könyv; Mv., 1922); A maharadzsa kincse (reg.; Mv., 1926); Babérosi Balambér és más elbeszélések (Mv., 1927); Naple­mente (életrajz; Mv., 1931); Bo­nyodalmak egy házasság körül (reg.; Mv., 1932); Darázszümmögés (versek; Mv., 1935), <strong>szerk.:</strong> Kakasy Márton: Naplemente (sajtó alá rendezte, Mv., 1931). <br /><strong>Irod.:</strong> Bernády; Csepreghy 2010; Dankó Imre: Molter Károly levele nyomán M. Z.-ról (Somogy, 1987); EM, Fülöp–Ferencz; Gulyás; György 1926; György 192; Időtár 2; Időtár 3; Marosi Ildi­kó: Lynotípen írta: M. Z. (Utunk, 1976, A Hét 1976/15); Molter 1.; Mv. tört. 2.; Osváth; Ökrös; RMIL; Sipos; Szinnyei; ÚMÉL; Ünnepi könyv</br></p>

<p>Debrecen, 1875. nov. 28., † Siófok, 1945. márc. 24.: nyomdász, író, újságíró. – A debreceni Ref. Koll.-ban 3 gimn. osztályt végzett, de mivel m. nyelvből megbu­kott, apja nyomdászta­nulónak adta. A debreceni városi nyomdában szabadult fel, ezután a nyomdászegylet segé­lyével bejárta Ausztriát, Német-, Francia- és Olaszo.-ot, valamint Svájcot (1897) és vándorútját le is írta. Hazatérése után [&hellip;]</p>
